{"id":416,"date":"2018-10-06T12:30:19","date_gmt":"2018-10-06T12:30:19","guid":{"rendered":"https:\/\/knowledgefarm.ch\/strategidea\/?page_id=416"},"modified":"2021-11-02T08:18:57","modified_gmt":"2021-11-02T08:18:57","slug":"analyser-le-micro-environnement","status":"publish","type":"page","link":"https:\/\/agripedia.ch\/strategidea\/lanalyse-strategique-externe\/analyser-le-micro-environnement\/","title":{"rendered":"Analyser le micro-environnement"},"content":{"rendered":"<p><div class=\"fusion-fullwidth fullwidth-box fusion-builder-row-1 nonhundred-percent-fullwidth non-hundred-percent-height-scrolling\" style=\"--awb-border-radius-top-left:0px;--awb-border-radius-top-right:0px;--awb-border-radius-bottom-right:0px;--awb-border-radius-bottom-left:0px;--awb-flex-wrap:wrap;\" ><div class=\"fusion-builder-row fusion-row\"><div class=\"fusion-layout-column fusion_builder_column fusion-builder-column-0 fusion_builder_column_1_1 1_1 fusion-one-full fusion-column-first fusion-column-last\" style=\"--awb-bg-size:cover;--awb-margin-bottom:0px;\"><div class=\"fusion-column-wrapper fusion-flex-column-wrapper-legacy\"><div class=\"fusion-text fusion-text-1\"><h3><img decoding=\"async\" class=\"alignnone wp-image-1494\" src=\"https:\/\/agripedia.ch\/strategidea\/wp-content\/uploads\/sites\/7\/2019\/02\/Index_7_2_Analyse-micro-env.png\" alt=\"\" width=\"50\" height=\"50\" srcset=\"https:\/\/agripedia.ch\/strategidea\/wp-content\/uploads\/sites\/7\/2019\/02\/Index_7_2_Analyse-micro-env-66x66.png 66w, https:\/\/agripedia.ch\/strategidea\/wp-content\/uploads\/sites\/7\/2019\/02\/Index_7_2_Analyse-micro-env-150x150.png 150w, https:\/\/agripedia.ch\/strategidea\/wp-content\/uploads\/sites\/7\/2019\/02\/Index_7_2_Analyse-micro-env-200x200.png 200w, https:\/\/agripedia.ch\/strategidea\/wp-content\/uploads\/sites\/7\/2019\/02\/Index_7_2_Analyse-micro-env-300x300.png 300w, https:\/\/agripedia.ch\/strategidea\/wp-content\/uploads\/sites\/7\/2019\/02\/Index_7_2_Analyse-micro-env.png 347w\" sizes=\"(max-width: 50px) 100vw, 50px\" \/> Analyser le micro-environnement<\/h3>\n<blockquote>\n<p>Le micro-environnement est compos\u00e9 de l\u2019ensemble des acteur-rice-s qui impactent directement les choix strat\u00e9giques de l\u2019entreprise et, r\u00e9ciproquement, sur lesquels l\u2019entreprise peut avoir une influence. Autrement dit, il s\u2019agit du r\u00e9seau de relations proches qui comprend toutes les personnes et institutions avec lesquelles l\u2019entreprise est r\u00e9guli\u00e8rement en contact.<\/p>\n<\/blockquote>\n<p>Le micro-environnement est <strong>sp\u00e9cifique<\/strong> \u00e0 chaque entreprise. Cependant, il est possible de distinguer diff\u00e9rents r\u00e9seaux de relations (partenaires, acteur-rice-s)\u00a0:<\/p>\n<ul>\n<li>Le <strong>r\u00e9seau \u00e9conomique<\/strong>: client-e-s, fournisseurs, bailleurs de fonds, r\u00e9seau de distribution, concurrents, etc.<\/li>\n<li>Le <strong>r\u00e9seau de ressources et de comp\u00e9tences<\/strong> : les proches, les coll\u00e8gues, les conseiller-\u00e8re-s sur qui le chef-fe d\u2019entreprise peut s\u2019appuyer ou avec lesquel-le-s il collabore, etc.<\/li>\n<li>Le <strong>r\u00e9seau de <\/strong><strong>partenaires institutionnels<\/strong> : administrations, fiduciaires, assurances, organisations et groupements professionnels, etc.<\/li>\n<\/ul>\n<p>L\u2019entreprise est li\u00e9e \u00e0 ces diff\u00e9rents acteur-rice-s par des d\u00e9cisions \u00ab\u00a0contractuelles\u00a0\u00bb, c\u2019est-\u00e0-dire volontaires (orales ou \u00e9crites) qui lui donnent des droits et des devoirs \u00e0 leur \u00e9gard.<\/p>\n<p>En ce qui concerne les relations \u00e9conomiques, la distinction entre le macro-environnement et micro-environnement est particuli\u00e8rement claire\u00a0: les march\u00e9s sur lesquels l\u2019entreprise vend ses produits correspondent aux conditions cadres (macro-environnement); les contrats entre les acteurs \u00e9conomiques concernent le r\u00e9seau de relations proches (micro-environnement).<\/p>\n<p>Les r\u00e9seaux de relations doivent \u00eatre abord\u00e9s en se demandant pour chaque partenaire si le \u00ab\u00a0contrat\u00a0\u00bb est r\u00e9ellement int\u00e9ressant ou si, au contraire, il est maintenu par habitude ou par obligation en d\u00e9pit de ses d\u00e9fauts. Les possibilit\u00e9s d\u2019\u00e9volution, d\u2019am\u00e9lioration ou d\u2019adaptation envisag\u00e9es doivent aussi \u00eatre mises en \u00e9vidence.<\/p>\n<\/div><div class=\"fusion-clearfix\"><\/div><\/div><\/div><div class=\"fusion-layout-column fusion_builder_column fusion-builder-column-1 fusion_builder_column_1_2 1_2 fusion-one-half fusion-column-first\" style=\"--awb-bg-size:cover;width:50%;width:calc(50% - ( ( 4% ) * 0.5 ) );margin-right: 4%;\"><div class=\"fusion-column-wrapper fusion-flex-column-wrapper-legacy\"><div class=\"fusion-clearfix\"><\/div><\/div><\/div><div class=\"fusion-layout-column fusion_builder_column fusion-builder-column-2 fusion_builder_column_1_2 1_2 fusion-one-half fusion-column-last\" style=\"--awb-bg-size:cover;width:50%;width:calc(50% - ( ( 4% ) * 0.5 ) );\"><div class=\"fusion-column-wrapper fusion-flex-column-wrapper-legacy\"><div class=\"fusion-clearfix\"><\/div><\/div><\/div><div class=\"fusion-layout-column fusion_builder_column fusion-builder-column-3 fusion_builder_column_1_1 1_1 fusion-one-full fusion-column-first fusion-column-last\" style=\"--awb-bg-size:cover;\"><div class=\"fusion-column-wrapper fusion-flex-column-wrapper-legacy\"><div class=\"fusion-section-separator section-separator clouds fusion-section-separator-1\" style=\"--awb-spacer-height:99px;--awb-svg-margin-left:0;--awb-svg-margin-right:0;--awb-divider-height:99px;--awb-spacer-padding-top:inherit;--awb-sep-padding:0;--awb-svg-padding:0;\"><div class=\"fusion-section-separator-svg\"><svg class=\"fusion-clouds-candy\" xmlns=\"http:\/\/www.w3.org\/2000\/svg\" version=\"1.1\" width=\"100%\" height=\"100\" viewBox=\"0 0 100 100\" preserveAspectRatio=\"none\" fill=\"rgba(246,246,246,1)\"><path d=\"M-5 100 Q 0 20 5 100 Z\"><\/path>\n\t\t\t\t\t\t\t\t<path d=\"M0 100 Q 5 0 10 100\"><\/path>\n\t\t\t\t\t\t\t\t<path d=\"M5 100 Q 10 30 15 100\"><\/path>\n\t\t\t\t\t\t\t\t<path d=\"M10 100 Q 15 10 20 100\"><\/path>\n\t\t\t\t\t\t\t\t<path d=\"M15 100 Q 20 30 25 100\"><\/path>\n\t\t\t\t\t\t\t\t<path d=\"M20 100 Q 25 -10 30 100\"><\/path>\n\t\t\t\t\t\t\t\t<path d=\"M25 100 Q 30 10 35 100\"><\/path>\n\t\t\t\t\t\t\t\t<path d=\"M30 100 Q 35 30 40 100\"><\/path>\n\t\t\t\t\t\t\t\t<path d=\"M35 100 Q 40 10 45 100\"><\/path>\n\t\t\t\t\t\t\t\t<path d=\"M40 100 Q 45 50 50 100\"><\/path>\n\t\t\t\t\t\t\t\t<path d=\"M45 100 Q 50 20 55 100\"><\/path>\n\t\t\t\t\t\t\t\t<path d=\"M50 100 Q 55 40 60 100\"><\/path>\n\t\t\t\t\t\t\t\t<path d=\"M55 100 Q 60 60 65 100\"><\/path>\n\t\t\t\t\t\t\t\t<path d=\"M60 100 Q 65 50 70 100\"><\/path>\n\t\t\t\t\t\t\t\t<path d=\"M65 100 Q 70 20 75 100\"><\/path>\n\t\t\t\t\t\t\t\t<path d=\"M70 100 Q 75 45 80 100\"><\/path>\n\t\t\t\t\t\t\t\t<path d=\"M75 100 Q 80 30 85 100\"><\/path>\n\t\t\t\t\t\t\t\t<path d=\"M80 100 Q 85 20 90 100\"><\/path>\n\t\t\t\t\t\t\t\t<path d=\"M85 100 Q 90 50 95 100\"><\/path>\n\t\t\t\t\t\t\t\t<path d=\"M90 100 Q 95 25 100 100\"><\/path>\n\t\t\t\t\t\t\t\t<path d=\"M95 100 Q 100 15 105 100 Z\"><\/path><\/svg><\/div><div class=\"fusion-section-separator-spacer\"><div class=\"fusion-section-separator-spacer-height\"><\/div><\/div><\/div><div class=\"fusion-clearfix\"><\/div><\/div><\/div><\/div><\/div><div class=\"fusion-fullwidth fullwidth-box fusion-builder-row-2 nonhundred-percent-fullwidth non-hundred-percent-height-scrolling\" style=\"--awb-border-radius-top-left:0px;--awb-border-radius-top-right:0px;--awb-border-radius-bottom-right:0px;--awb-border-radius-bottom-left:0px;--awb-flex-wrap:wrap;\" ><div class=\"fusion-builder-row fusion-row\"><div class=\"fusion-layout-column fusion_builder_column fusion-builder-column-4 fusion_builder_column_1_1 1_1 fusion-one-full fusion-column-first fusion-column-last\" style=\"--awb-bg-size:cover;\"><div class=\"fusion-column-wrapper fusion-flex-column-wrapper-legacy\"><div class=\"fusion-menu-anchor\" id=\"Boite\"><\/div><div class=\"fusion-text fusion-text-2\"><h3><img decoding=\"async\" class=\"alignnone wp-image-1494\" src=\"https:\/\/agripedia.ch\/strategidea\/wp-content\/uploads\/sites\/7\/2019\/02\/Index_7_2_Analyse-micro-env.png\" alt=\"\" width=\"50\" height=\"50\" srcset=\"https:\/\/agripedia.ch\/strategidea\/wp-content\/uploads\/sites\/7\/2019\/02\/Index_7_2_Analyse-micro-env-66x66.png 66w, https:\/\/agripedia.ch\/strategidea\/wp-content\/uploads\/sites\/7\/2019\/02\/Index_7_2_Analyse-micro-env-150x150.png 150w, https:\/\/agripedia.ch\/strategidea\/wp-content\/uploads\/sites\/7\/2019\/02\/Index_7_2_Analyse-micro-env-200x200.png 200w, https:\/\/agripedia.ch\/strategidea\/wp-content\/uploads\/sites\/7\/2019\/02\/Index_7_2_Analyse-micro-env-300x300.png 300w, https:\/\/agripedia.ch\/strategidea\/wp-content\/uploads\/sites\/7\/2019\/02\/Index_7_2_Analyse-micro-env.png 347w\" sizes=\"(max-width: 50px) 100vw, 50px\" \/>\u00a0<strong>Boite \u00e0 outils<\/strong><\/h3>\n<\/div><div class=\"fusion-clearfix\"><\/div><\/div><\/div><div class=\"fusion-layout-column fusion_builder_column fusion-builder-column-5 fusion_builder_column_1_3 1_3 fusion-one-third fusion-column-first\" style=\"--awb-bg-size:cover;width:33.333333333333%;width:calc(33.333333333333% - ( ( 4% + 4% ) * 0.33333333333333 ) );margin-right: 4%;\"><div class=\"fusion-column-wrapper fusion-flex-column-wrapper-legacy\"><div class=\"fusion-text fusion-text-3\"><div class=\"textbox exercises\">\n<h4>Cartographier les partenaires<\/h4>\n<p>Voir les outils du chapitre\u00a0<a href=\"https:\/\/agripedia.ch\/strategidea\/les-investigations-prealables\/les-parties-prenantes\/\" target=\"_blank\" rel=\"noopener noreferrer\">des parties prenantes<\/a><\/p>\n<\/div>\n<\/div><div class=\"fusion-text fusion-text-4\"><div class=\"textbox exercises\">\n<h4>Guider un entretien semi-directif sur les r\u00e9seaux de relations<\/h4>\n<ul>\n<li><a href=\"https:\/\/agripedia.ch\/strategidea?leaky-paywall-media-download=1408\" target=\"_blank\" rel=\"noopener noreferrer\">Guide d\u2019entretien : r\u00e9seau des partenaires \u00e9conomiques<\/a><\/li>\n<li><a href=\"https:\/\/agripedia.ch\/strategidea?leaky-paywall-media-download=1410\" target=\"_blank\" rel=\"noopener noreferrer\">Guide d\u2019entretien : r\u00e9seau de ressources et de comp\u00e9tences<\/a><\/li>\n<li><a href=\"https:\/\/agripedia.ch\/strategidea?leaky-paywall-media-download=1412\" target=\"_blank\" rel=\"noopener noreferrer\">Guide d\u2019entretien : r\u00e9seau des partenaires institutionnels<\/a><\/li>\n<\/ul>\n<\/div>\n<\/div><div class=\"fusion-clearfix\"><\/div><\/div><\/div><div class=\"fusion-layout-column fusion_builder_column fusion-builder-column-6 fusion_builder_column_1_3 1_3 fusion-one-third\" style=\"--awb-bg-size:cover;width:33.333333333333%;width:calc(33.333333333333% - ( ( 4% + 4% ) * 0.33333333333333 ) );margin-right: 4%;\"><div class=\"fusion-column-wrapper fusion-flex-column-wrapper-legacy\"><div class=\"fusion-text fusion-text-5\"><div class=\"textbox exercises\">\n<h4>Analyser les produits vendus par l\u2019exploitation<\/h4>\n<ul>\n<li><a href=\"https:\/\/agripedia.ch\/strategidea?leaky-paywall-media-download=1414\" target=\"_blank\" rel=\"noopener noreferrer\">Guide d\u2019analyse : produits vendus par l\u2019exploitation<\/a><\/li>\n<li><a href=\"https:\/\/agripedia.ch\/strategidea?leaky-paywall-media-download=1416\" target=\"_blank\" rel=\"noopener noreferrer\">Grille d\u2019analyse : produits vendus par l\u2019exploitation<\/a><\/li>\n<\/ul>\n<p>Au pr\u00e9alable, r\u00e9unir l\u2019information sur les caract\u00e9ristiques des march\u00e9s sur lesquels les produits de l\u2019exploitation sont vendus (documentation du chapitre macro-environnement) :<\/p>\n<ul>\n<li>S\u2019informer sur les <a href=\"https:\/\/agripedia.ch\/strategidea\/lanalyse-strategique-externe\/analyser-le-macro-environnement\/\" rel=\"noopener\">caract\u00e9ristiques des march\u00e9s<\/a> des produits vendus.<\/li>\n<li>Acc\u00e8s aux <a href=\"https:\/\/agripedia.ch\/strategidea\/lanalyse-strategique-externe\/analyser-le-macro-environnement\/\" rel=\"noopener\">hypoth\u00e8ses de prix<\/a>.<\/li>\n<\/ul>\n<\/div>\n<\/div><div class=\"fusion-clearfix\"><\/div><\/div><\/div><div class=\"fusion-layout-column fusion_builder_column fusion-builder-column-7 fusion_builder_column_1_3 1_3 fusion-one-third fusion-column-last\" style=\"--awb-bg-size:cover;width:33.333333333333%;width:calc(33.333333333333% - ( ( 4% + 4% ) * 0.33333333333333 ) );\"><div class=\"fusion-column-wrapper fusion-flex-column-wrapper-legacy\"><div class=\"fusion-text fusion-text-6\"><div class=\"textbox exercises\">\n<h4>R\u00e9sumer les pr\u00e9visions d\u2019\u00e9volution<\/h4>\n<ul>\n<li><a href=\"https:\/\/agripedia.ch\/strategidea?leaky-paywall-media-download=1418\" target=\"_blank\" rel=\"noopener noreferrer\">Formulaire : pr\u00e9visions d\u2019\u00e9volution des r\u00e9seaux de partenaires et de relations proches<\/a><\/li>\n<\/ul>\n<\/div>\n<\/div><div class=\"fusion-text fusion-text-7\"><div class=\"textbox exercises\">\n<h4>Pr\u00e9parer la synth\u00e8se SWOT<\/h4>\n<ul>\n<li><a href=\"https:\/\/agripedia.ch\/strategidea?leaky-paywall-media-download=1420\" target=\"_blank\" rel=\"noopener noreferrer\">Formulaire : r\u00e9sum\u00e9 des opportunit\u00e9s et des menaces des r\u00e9seaux de partenaires et de relations proches<\/a><\/li>\n<\/ul>\n<\/div>\n<\/div><div class=\"fusion-clearfix\"><\/div><\/div><\/div><\/div><\/div><\/p>\n","protected":false},"excerpt":{"rendered":"","protected":false},"author":7,"featured_media":0,"parent":376,"menu_order":2,"comment_status":"closed","ping_status":"closed","template":"100-width.php","meta":{"_sb_is_suggestion_mode":false,"_sb_show_suggestion_boards":false,"_sb_show_comment_boards":false,"_sb_suggestion_history":"","_sb_update_block_changes":"","_monsterinsights_skip_tracking":false,"_monsterinsights_sitenote_active":false,"_monsterinsights_sitenote_note":"","_monsterinsights_sitenote_category":0,"footnotes":""},"class_list":["post-416","page","type-page","status-publish","hentry"],"_links":{"self":[{"href":"https:\/\/agripedia.ch\/strategidea\/wp-json\/wp\/v2\/pages\/416","targetHints":{"allow":["GET"]}}],"collection":[{"href":"https:\/\/agripedia.ch\/strategidea\/wp-json\/wp\/v2\/pages"}],"about":[{"href":"https:\/\/agripedia.ch\/strategidea\/wp-json\/wp\/v2\/types\/page"}],"author":[{"embeddable":true,"href":"https:\/\/agripedia.ch\/strategidea\/wp-json\/wp\/v2\/users\/7"}],"replies":[{"embeddable":true,"href":"https:\/\/agripedia.ch\/strategidea\/wp-json\/wp\/v2\/comments?post=416"}],"version-history":[{"count":24,"href":"https:\/\/agripedia.ch\/strategidea\/wp-json\/wp\/v2\/pages\/416\/revisions"}],"predecessor-version":[{"id":4227,"href":"https:\/\/agripedia.ch\/strategidea\/wp-json\/wp\/v2\/pages\/416\/revisions\/4227"}],"up":[{"embeddable":true,"href":"https:\/\/agripedia.ch\/strategidea\/wp-json\/wp\/v2\/pages\/376"}],"wp:attachment":[{"href":"https:\/\/agripedia.ch\/strategidea\/wp-json\/wp\/v2\/media?parent=416"}],"curies":[{"name":"wp","href":"https:\/\/api.w.org\/{rel}","templated":true}]}}