{"id":2,"date":"2018-09-27T12:16:07","date_gmt":"2018-09-27T12:16:07","guid":{"rendered":"https:\/\/knowledgefarm.ch\/strategidea\/?page_id=2"},"modified":"2025-11-07T08:21:24","modified_gmt":"2025-11-07T08:21:24","slug":"sommaire","status":"publish","type":"page","link":"https:\/\/agripedia.ch\/strategidea\/sommaire\/","title":{"rendered":"Strategidea &#8211; Sommaire"},"content":{"rendered":"<div class=\"fusion-fullwidth fullwidth-box fusion-builder-row-1 nonhundred-percent-fullwidth non-hundred-percent-height-scrolling\" style=\"--awb-border-radius-top-left:0px;--awb-border-radius-top-right:0px;--awb-border-radius-bottom-right:0px;--awb-border-radius-bottom-left:0px;--awb-flex-wrap:wrap;\" ><div class=\"fusion-builder-row fusion-row\"><div class=\"fusion-layout-column fusion_builder_column fusion-builder-column-0 fusion_builder_column_1_1 1_1 fusion-one-full fusion-column-first fusion-column-last\" style=\"--awb-bg-blend:overlay;--awb-bg-size:cover;\"><div class=\"fusion-column-wrapper fusion-flex-column-wrapper-legacy\"><div class=\"fusion-text fusion-text-1\"><h4><a href=\"https:\/\/agripedia.ch\/strategidea\/preambule\/\">Pr\u00e9ambule<\/a><\/h4>\n<ul>\n<li><a href=\"https:\/\/agripedia.ch\/strategidea\/preambule\/comment-utiliser-cet-ebook\/\">Comment utiliser cet ebook ?<\/a><\/li>\n<li><a href=\"https:\/\/agripedia.ch\/strategidea\/preambule\/\">Introduction \u00e0 la gestion strat\u00e9gique<\/a>\n<ul>\n<li><a href=\"https:\/\/agripedia.ch\/strategidea\/preambule\/trois-moments-de-la-demarche-strategique\/\">Trois moments de la d\u00e9marche strat\u00e9gique<\/a><\/li>\n<li><a href=\"https:\/\/agripedia.ch\/strategidea\/la-decision-strategique\/\">La d\u00e9cision strat\u00e9gique<\/a><\/li>\n<li><a href=\"https:\/\/agripedia.ch\/strategidea\/la-decision-strategique\/la-hierarchie-des-decisions\/\">La hi\u00e9rarchie des d\u00e9cisions<\/a><\/li>\n<\/ul>\n<\/li>\n<\/ul>\n<\/div><div class=\"fusion-sep-clear\"><\/div><div class=\"fusion-separator fusion-full-width-sep\" style=\"margin-left: auto;margin-right: auto;width:100%;\"><div class=\"fusion-separator-border sep-single sep-solid\" style=\"--awb-height:20px;--awb-amount:20px;border-color:#e0dede;border-top-width:1px;\"><\/div><\/div><div class=\"fusion-sep-clear\"><\/div><div class=\"fusion-clearfix\"><\/div><\/div><\/div><div class=\"fusion-layout-column fusion_builder_column fusion-builder-column-1 fusion_builder_column_1_1 1_1 fusion-one-full fusion-column-first fusion-column-last\" style=\"--awb-bg-blend:overlay;--awb-bg-size:cover;\"><div class=\"fusion-column-wrapper fusion-flex-column-wrapper-legacy\"><div class=\"fusion-text fusion-text-2\"><h4><a href=\"https:\/\/agripedia.ch\/strategidea\/lintuition-strategique\/\">L\u2019intuition strat\u00e9gique<\/a><\/h4>\n<ul class=\"sub-menu\">\n<li id=\"menu-item-951\" class=\"menu-item menu-item-type-post_type menu-item-object-page menu-item-951\"><a href=\"https:\/\/agripedia.ch\/strategidea\/lintuition-strategique\/le-continuum-analyse-intuition\/\">Le continuum analyse-intuition<\/a><\/li>\n<li id=\"menu-item-952\" class=\"menu-item menu-item-type-post_type menu-item-object-page menu-item-952\"><a href=\"https:\/\/agripedia.ch\/strategidea\/lintuition-strategique\/apprehender-la-complexite\/\">Appr\u00e9hender la complexit\u00e9<\/a><\/li>\n<li id=\"menu-item-953\" class=\"menu-item menu-item-type-post_type menu-item-object-page menu-item-953\"><a href=\"https:\/\/agripedia.ch\/strategidea\/lintuition-strategique\/utiliser-les-ressentis-corporels-emotionnels-et-intuitifs\/\">Utiliser les ressentis corporels, \u00e9motionnels et intuitifs<\/a><\/li>\n<li id=\"menu-item-954\" class=\"menu-item menu-item-type-post_type menu-item-object-page menu-item-954\"><a href=\"https:\/\/agripedia.ch\/strategidea\/lintuition-strategique\/saisir-la-nouveaute\/\">Saisir la nouveaut\u00e9<\/a><\/li>\n<li id=\"menu-item-955\" class=\"menu-item menu-item-type-post_type menu-item-object-page menu-item-955\"><a href=\"https:\/\/agripedia.ch\/strategidea\/lintuition-strategique\/lintuition-sapprend-t-elle\/\">L\u2019intuition s\u2019apprend-t-elle ?<\/a><\/li>\n<li id=\"menu-item-955\" class=\"menu-item menu-item-type-post_type menu-item-object-page menu-item-955\"><a href=\"https:\/\/agripedia.ch\/strategidea\/la-decision-strategique\/la-decision-en-situation\/\">Mobiliser l\u2019intuition dans les prises de d\u00e9cision<\/a><\/li>\n<\/ul>\n<\/div><div class=\"fusion-sep-clear\"><\/div><div class=\"fusion-separator fusion-full-width-sep\" style=\"margin-left: auto;margin-right: auto;width:100%;\"><div class=\"fusion-separator-border sep-single sep-solid\" style=\"--awb-height:20px;--awb-amount:20px;border-color:#e0dede;border-top-width:1px;\"><\/div><\/div><div class=\"fusion-sep-clear\"><\/div><div class=\"fusion-clearfix\"><\/div><\/div><\/div><div class=\"fusion-layout-column fusion_builder_column fusion-builder-column-2 fusion_builder_column_1_1 1_1 fusion-one-full fusion-column-first fusion-column-last\" style=\"--awb-bg-blend:overlay;--awb-bg-size:cover;\"><div class=\"fusion-column-wrapper fusion-flex-column-wrapper-legacy\"><div class=\"fusion-text fusion-text-3\"><h3><span style=\"color: #ff0000;\">La r\u00e9flexion Strat\u00e9gique<\/span><\/h3>\n<\/div><div class=\"fusion-clearfix\"><\/div><\/div><\/div><div class=\"fusion-layout-column fusion_builder_column fusion-builder-column-3 fusion_builder_column_1_2 1_2 fusion-one-half fusion-column-first\" style=\"--awb-bg-blend:overlay;--awb-bg-size:cover;--awb-margin-bottom:0px;width:48%; margin-right: 4%;\"><div class=\"fusion-column-wrapper fusion-flex-column-wrapper-legacy\"><div class=\"fusion-text fusion-text-4\"><ul>\n<li><a href=\"https:\/\/agripedia.ch\/strategidea\/preambule\/introduction-a-la-reflexion-strategique\/\">Introduction \u00e0 la r\u00e9flexion strat\u00e9gique<\/a><\/li>\n<\/ul>\n<h4><a href=\"https:\/\/agripedia.ch\/strategidea\/les-investigations-prealables\/\">Les investigations pr\u00e9alables<\/a><\/h4>\n<ul class=\"sub-menu\">\n<li id=\"menu-item-939\" class=\"menu-item menu-item-type-post_type menu-item-object-page menu-item-939\"><a href=\"https:\/\/agripedia.ch\/strategidea\/les-investigations-prealables\/de-la-question-initiale-a-une-problematique-strategique\/\">De la question initiale \u00e0 une probl\u00e9matique strat\u00e9gique<\/a><\/li>\n<li id=\"menu-item-940\" class=\"menu-item menu-item-type-post_type menu-item-object-page menu-item-940\"><a href=\"https:\/\/agripedia.ch\/strategidea\/les-investigations-prealables\/lhistoire-de-lentreprise-et-de-la-famille\/\">L\u2019histoire de l\u2019entreprise et de la famille<\/a><\/li>\n<li id=\"menu-item-941\" class=\"menu-item menu-item-type-post_type menu-item-object-page menu-item-941\"><a href=\"https:\/\/agripedia.ch\/strategidea\/les-investigations-prealables\/les-parties-prenantes\/\">Les parties prenantes<\/a><\/li>\n<li id=\"menu-item-942\" class=\"menu-item menu-item-type-post_type menu-item-object-page menu-item-942\"><a href=\"https:\/\/agripedia.ch\/strategidea\/les-investigations-prealables\/les-systemes\/\">Les syst\u00e8mes<\/a><\/li>\n<\/ul>\n<h4><a href=\"https:\/\/agripedia.ch\/strategidea\/les-composantes-de-la-strategie\/\">Les composantes de la strat\u00e9gie<\/a><\/h4>\n<ul class=\"sub-menu\">\n<li id=\"menu-item-944\" class=\"menu-item menu-item-type-post_type menu-item-object-page menu-item-944\"><a href=\"https:\/\/agripedia.ch\/strategidea\/les-composantes-de-la-strategie\/la-vision\/\">La vision<\/a><\/li>\n<li id=\"menu-item-945\" class=\"menu-item menu-item-type-post_type menu-item-object-page menu-item-945\"><a href=\"https:\/\/agripedia.ch\/strategidea\/les-composantes-de-la-strategie\/la-mission\/\">La mission<\/a><\/li>\n<li id=\"menu-item-946\" class=\"menu-item menu-item-type-post_type menu-item-object-page menu-item-946\"><a href=\"https:\/\/agripedia.ch\/strategidea\/les-composantes-de-la-strategie\/les-valeurs\/\">Les valeurs<\/a><\/li>\n<li id=\"menu-item-947\" class=\"menu-item menu-item-type-post_type menu-item-object-page menu-item-947\"><a href=\"https:\/\/agripedia.ch\/strategidea\/les-composantes-de-la-strategie\/les-buts-strategiques\/\">Les buts strat\u00e9giques<\/a><\/li>\n<li id=\"menu-item-948\" class=\"menu-item menu-item-type-post_type menu-item-object-page menu-item-948\"><a href=\"https:\/\/agripedia.ch\/strategidea\/les-composantes-de-la-strategie\/les-axes-strategiques\/\">Les axes strat\u00e9giques<\/a><\/li>\n<li id=\"menu-item-949\" class=\"menu-item menu-item-type-post_type menu-item-object-page menu-item-949\"><a href=\"https:\/\/agripedia.ch\/strategidea\/les-composantes-de-la-strategie\/les-domaines-strategiques\/\">Les domaines strat\u00e9giques<\/a><\/li>\n<\/ul>\n<\/div><div class=\"fusion-clearfix\"><\/div><\/div><\/div><div class=\"fusion-layout-column fusion_builder_column fusion-builder-column-4 fusion_builder_column_1_2 1_2 fusion-one-half fusion-column-last\" style=\"--awb-bg-blend:overlay;--awb-bg-size:cover;width:48%;\"><div class=\"fusion-column-wrapper fusion-flex-column-wrapper-legacy\"><div class=\"fusion-text fusion-text-5\"><h4 class=\"fusion-responsive-typography-calculated\" style=\"--fontsize: 24; line-height: 1.5; --minfontsize: 24;\" data-fontsize=\"24\" data-lineheight=\"36px\"><a href=\"https:\/\/agripedia.ch\/strategidea\/introduction-a-lanalyse-strategique\/\">L\u2019analyse strat\u00e9gique<\/a><\/h4>\n<ul class=\"sub-menu\">\n<li id=\"menu-item-957\" class=\"menu-item menu-item-type-post_type menu-item-object-page menu-item-has-children menu-item-957\"><a href=\"https:\/\/agripedia.ch\/strategidea\/lanalyse-strategique-interne\/\">L\u2019analyse strat\u00e9gique interne<\/a>\n<ul class=\"sub-menu\">\n<li id=\"menu-item-958\" class=\"menu-item menu-item-type-post_type menu-item-object-page menu-item-958\"><a href=\"https:\/\/agripedia.ch\/strategidea\/lanalyse-strategique-interne\/analyser-les-ressources-de-lentreprise\/\">Analyser les ressources de l\u2019entreprise<\/a><\/li>\n<li class=\"menu-item menu-item-type-post_type menu-item-object-page menu-item-958\"><a href=\"https:\/\/agripedia.ch\/strategidea\/lanalyse-strategique-interne\/analyser-les-ressources-de-lentreprise\/analyser-les-ressources-intangibles\/\">Analyser les moyens de production<\/a><\/li>\n<li class=\"menu-item menu-item-type-post_type menu-item-object-page menu-item-958\"><a href=\"https:\/\/agripedia.ch\/strategidea\/lanalyse-strategique-interne\/analyser-les-ressources-de-lentreprise\/analyser-les-ressources-humaines\/\">Analyser les ressources humaines<\/a><\/li>\n<li id=\"menu-item-961\" class=\"menu-item menu-item-type-post_type menu-item-object-page menu-item-961\"><a href=\"https:\/\/agripedia.ch\/strategidea\/lanalyse-strategique-interne\/analyser-les-ressources-de-lentreprise\/analyser-les-ressources-intangibles\/\">Analyser les ressources intangibles<\/a><\/li>\n<li id=\"menu-item-962\" class=\"menu-item menu-item-type-post_type menu-item-object-page menu-item-962\"><a href=\"https:\/\/agripedia.ch\/strategidea\/lanalyse-strategique-interne\/analyser-les-activites\/\">Analyser les activit\u00e9s<\/a><\/li>\n<li id=\"menu-item-963\" class=\"menu-item menu-item-type-post_type menu-item-object-page menu-item-963\"><a href=\"https:\/\/agripedia.ch\/strategidea\/lanalyse-strategique-interne\/analyser-lorganisation-du-travail\/\">Analyser l\u2019organisation du travail<\/a><\/li>\n<li id=\"menu-item-964\" class=\"menu-item menu-item-type-post_type menu-item-object-page menu-item-964\"><a href=\"https:\/\/agripedia.ch\/strategidea\/lanalyse-strategique-interne\/analyser-la-situation-financiere\/\">Analyser la situation financi\u00e8re<\/a><\/li>\n<li id=\"menu-item-965\" class=\"menu-item menu-item-type-post_type menu-item-object-page menu-item-965\"><a href=\"https:\/\/agripedia.ch\/strategidea\/lanalyse-strategique-interne\/analyser-les-relations-entre-lentreprise-et-la-famille\/\">Analyser les relations entre l\u2019entreprise et la famille<\/a><\/li>\n<\/ul>\n<\/li>\n<\/ul>\n<ul>\n<li><a href=\"https:\/\/agripedia.ch\/strategidea\/lanalyse-strategique-externe\/\">L\u2019analyse strat\u00e9gique externe<\/a>\n<ul class=\"sub-menu\">\n<li id=\"menu-item-967\" class=\"menu-item menu-item-type-post_type menu-item-object-page menu-item-967\"><a href=\"https:\/\/agripedia.ch\/strategidea\/lanalyse-strategique-externe\/analyser-le-macro-environnement\/\">Analyser le macro-environnement<\/a><\/li>\n<li><a href=\"https:\/\/agripedia.ch\/strategidea\/lanalyse-strategique-externe\/analyser-le-micro-environnement\/\">Analyser le micro-environnement<\/a><\/li>\n<\/ul>\n<\/li>\n<\/ul>\n<ul>\n<li><a href=\"https:\/\/agripedia.ch\/strategidea\/la-synthese-de-lanalyse-strategique\/\">La synth\u00e8se de l\u2019analyse strat\u00e9gique<\/a><\/li>\n<\/ul>\n<h4 class=\"fusion-responsive-typography-calculated\" style=\"--fontsize: 24; line-height: 1.5; --minfontsize: 24;\" data-fontsize=\"24\" data-lineheight=\"36px\"><a href=\"https:\/\/agripedia.ch\/strategidea\/les-perspectives-et-la-prospective\/\">Les perspectives et la prospective<\/a><\/h4>\n<ul class=\"sub-menu\">\n<li id=\"menu-item-971\" class=\"menu-item menu-item-type-post_type menu-item-object-page menu-item-971\"><a href=\"https:\/\/agripedia.ch\/strategidea\/les-perspectives-et-la-prospective\/les-marges-de-manoeuvre\/\">Les marges de man\u0153uvre<\/a><\/li>\n<li id=\"menu-item-972\" class=\"menu-item menu-item-type-post_type menu-item-object-page menu-item-972\"><a href=\"https:\/\/agripedia.ch\/strategidea\/les-perspectives-et-la-prospective\/les-scenarios\/\">Les sc\u00e9narios<\/a><\/li>\n<li id=\"menu-item-973\" class=\"menu-item menu-item-type-post_type menu-item-object-page menu-item-973\"><a href=\"https:\/\/agripedia.ch\/strategidea\/les-perspectives-et-la-prospective\/lappreciation-des-risques-strategiques\/\">L\u2019appr\u00e9ciation des risques strat\u00e9giques<\/a><\/li>\n<\/ul>\n<\/div><div class=\"fusion-clearfix\"><\/div><\/div><\/div><div class=\"fusion-layout-column fusion_builder_column fusion-builder-column-5 fusion_builder_column_1_1 1_1 fusion-one-full fusion-column-first fusion-column-last\" style=\"--awb-bg-blend:overlay;--awb-bg-size:cover;\"><div class=\"fusion-column-wrapper fusion-flex-column-wrapper-legacy\"><div class=\"fusion-sep-clear\"><\/div><div class=\"fusion-separator fusion-full-width-sep\" style=\"margin-left: auto;margin-right: auto;width:100%;\"><div class=\"fusion-separator-border sep-single sep-solid\" style=\"--awb-height:20px;--awb-amount:20px;border-color:#e0dede;border-top-width:1px;\"><\/div><\/div><div class=\"fusion-sep-clear\"><\/div><div class=\"fusion-clearfix\"><\/div><\/div><\/div><div class=\"fusion-layout-column fusion_builder_column fusion-builder-column-6 fusion_builder_column_1_1 1_1 fusion-one-full fusion-column-first fusion-column-last\" style=\"--awb-bg-blend:overlay;--awb-bg-size:cover;\"><div class=\"fusion-column-wrapper fusion-flex-column-wrapper-legacy\"><div class=\"fusion-text fusion-text-6\"><h3><span style=\"color: #ff0000;\">Le pilotage strat\u00e9gique <\/span><\/h3>\n<\/div><div class=\"fusion-clearfix\"><\/div><\/div><\/div><div class=\"fusion-layout-column fusion_builder_column fusion-builder-column-7 fusion_builder_column_1_2 1_2 fusion-one-half fusion-column-first\" style=\"--awb-bg-blend:overlay;--awb-bg-size:cover;--awb-margin-bottom:0px;width:48%; margin-right: 4%;\"><div class=\"fusion-column-wrapper fusion-flex-column-wrapper-legacy\"><div class=\"fusion-text fusion-text-7\"><p><a href=\"https:\/\/agripedia.ch\/strategidea\/un-pilotage-strategique-chemin-faisant-bases-conceptuelles\/\">Le pilotage strat\u00e9gique \u00ab\u202fchemin faisant\u202f\u00bb \u2013 introduction<\/a><\/p>\n<ul class=\"sub-menu\">\n<li id=\"menu-item-939\" class=\"menu-item menu-item-type-post_type menu-item-object-page menu-item-939\"><a href=\"https:\/\/agripedia.ch\/strategidea\/lanalyse-strategique-interne\/analyser-les-ressources-de-lentreprise\/trois-types-dapproche-du-pilotage-strategique\/\">Trois types d\u2019approche du pilotage strat\u00e9gique<\/a><\/li>\n<li id=\"menu-item-940\" class=\"menu-item menu-item-type-post_type menu-item-object-page menu-item-940\"><a href=\"https:\/\/agripedia.ch\/strategidea\/lanalyse-strategique-interne\/analyser-les-ressources-de-lentreprise\/caracteristiques-dun-pilotage-strategique-chemin-faisant\/\">Caract\u00e9ristiques d\u2019un pilotage strat\u00e9gique \u00ab\u202fchemin faisant\u202f\u00bb <\/a><\/li>\n<\/ul>\n<\/div><div class=\"fusion-clearfix\"><\/div><\/div><\/div><div class=\"fusion-layout-column fusion_builder_column fusion-builder-column-8 fusion_builder_column_1_2 1_2 fusion-one-half fusion-column-last\" style=\"--awb-bg-blend:overlay;--awb-bg-size:cover;--awb-margin-bottom:0px;width:48%;\"><div class=\"fusion-column-wrapper fusion-flex-column-wrapper-legacy\"><div class=\"fusion-text fusion-text-8\"><h4 class=\"fusion-responsive-typography-calculated\" style=\"--fontsize: 24; line-height: 1.5; --minfontsize: 24;\" data-fontsize=\"24\" data-lineheight=\"36px\"><a href=\"https:\/\/agripedia.ch\/strategidea\/pilotage-strategique-demarche-concrete-et-outils\/\">D\u00e9marche concr\u00e8te et outils <\/a><\/h4>\n<ul class=\"sub-menu\">\n<li id=\"menu-item-944\" class=\"menu-item menu-item-type-post_type menu-item-object-page menu-item-944\"><a href=\"https:\/\/agripedia.ch\/strategidea\/lanalyse-strategique-interne\/analyser-les-ressources-de-lentreprise\/un-cadre-strategique-dynamique\/\">Un cadre strat\u00e9gique dynamique <\/a><\/li>\n<li id=\"menu-item-945\" class=\"menu-item menu-item-type-post_type menu-item-object-page menu-item-945\"><a href=\"https:\/\/agripedia.ch\/strategidea\/lanalyse-strategique-interne\/analyser-les-ressources-de-lentreprise\/allers-retours-entre-reflexion-decision-et-action-strategiques\/\">Allers-retours entre r\u00e9flexion, d\u00e9cision et action strat\u00e9giques<\/a>\n<ul>\n<li id=\"menu-item-945\" class=\"menu-item menu-item-type-post_type menu-item-object-page menu-item-945\"><a href=\"https:\/\/agripedia.ch\/strategidea\/la-decision-strategique\/pratiquer-le-discernement\/\">Le discernement, une alternative au choix par d\u00e9faut pour progresser vers ses finalit\u00e9s<\/a><\/li>\n<\/ul>\n<\/li>\n<li id=\"menu-item-946\" class=\"menu-item menu-item-type-post_type menu-item-object-page menu-item-946\"><a href=\"https:\/\/agripedia.ch\/strategidea\/lanalyse-strategique-interne\/analyser-les-ressources-de-lentreprise\/vigilance-et-apprentissage\/\">Vigilance et apprentissage<\/a><\/li>\n<\/ul>\n<h5 class=\"fusion-responsive-typography-calculated\" style=\"--fontsize: 18; line-height: 1.5; --minfontsize: 18;\" data-fontsize=\"18\" data-lineheight=\"27px\"><\/h5>\n<\/div><div class=\"fusion-clearfix\"><\/div><\/div><\/div><div class=\"fusion-layout-column fusion_builder_column fusion-builder-column-9 fusion_builder_column_1_1 1_1 fusion-one-full fusion-column-first fusion-column-last\" style=\"--awb-bg-blend:overlay;--awb-bg-size:cover;\"><div class=\"fusion-column-wrapper fusion-flex-column-wrapper-legacy\"><div class=\"fusion-sep-clear\"><\/div><div class=\"fusion-separator fusion-full-width-sep\" style=\"margin-left: auto;margin-right: auto;width:100%;\"><div class=\"fusion-separator-border sep-single sep-solid\" style=\"--awb-height:20px;--awb-amount:20px;border-color:#e0dede;border-top-width:1px;\"><\/div><\/div><div class=\"fusion-sep-clear\"><\/div><div class=\"fusion-text fusion-text-9\"><h3><span style=\"color: #ff0000;\">La communication de la strat\u00e9gie<br \/>\n<\/span><\/h3>\n<\/div><div class=\"fusion-clearfix\"><\/div><\/div><\/div><div class=\"fusion-layout-column fusion_builder_column fusion-builder-column-10 fusion_builder_column_1_2 1_2 fusion-one-half fusion-column-first\" style=\"--awb-bg-blend:overlay;--awb-bg-size:cover;--awb-margin-bottom:0px;width:48%; margin-right: 4%;\"><div class=\"fusion-column-wrapper fusion-flex-column-wrapper-legacy\"><div class=\"fusion-text fusion-text-10\"><h4><a href=\"https:\/\/agripedia.ch\/strategidea\/la-communication-de-la-strategie\/\">La communication de la strat\u00e9gie\u00a0<\/a><\/h4>\n<\/div><div class=\"fusion-clearfix\"><\/div><\/div><\/div><div class=\"fusion-layout-column fusion_builder_column fusion-builder-column-11 fusion_builder_column_1_1 1_1 fusion-one-full fusion-column-last\" style=\"--awb-bg-blend:overlay;--awb-bg-size:cover;\"><div class=\"fusion-column-wrapper fusion-flex-column-wrapper-legacy\"><div class=\"fusion-sep-clear\"><\/div><div class=\"fusion-separator fusion-full-width-sep\" style=\"margin-left: auto;margin-right: auto;width:100%;\"><div class=\"fusion-separator-border sep-single sep-solid\" style=\"--awb-height:20px;--awb-amount:20px;border-color:#e0dede;border-top-width:1px;\"><\/div><\/div><div class=\"fusion-sep-clear\"><\/div><div class=\"fusion-text fusion-text-11\"><h5><a href=\"https:\/\/agripedia.ch\/strategidea\/liste-des-outils\/\">Liste des outils<\/a><\/h5>\n<h5><a href=\"https:\/\/agripedia.ch\/strategidea\/glossaire\/\">Glossaire<\/a><\/h5>\n<h5><a href=\"https:\/\/agripedia.ch\/strategidea\/references-bibliographiques\/\">R\u00e9f\u00e9rences bibliographiques<\/a><\/h5>\n<\/div><div class=\"fusion-clearfix\"><\/div><\/div><\/div><\/div><\/div>\n","protected":false},"excerpt":{"rendered":"","protected":false},"author":1,"featured_media":0,"parent":0,"menu_order":0,"comment_status":"closed","ping_status":"open","template":"","meta":{"_sb_is_suggestion_mode":false,"_sb_show_suggestion_boards":false,"_sb_show_comment_boards":false,"_sb_suggestion_history":"","_sb_update_block_changes":"","_monsterinsights_skip_tracking":false,"_monsterinsights_sitenote_active":false,"_monsterinsights_sitenote_note":"","_monsterinsights_sitenote_category":0,"footnotes":""},"class_list":["post-2","page","type-page","status-publish","hentry"],"_links":{"self":[{"href":"https:\/\/agripedia.ch\/strategidea\/wp-json\/wp\/v2\/pages\/2","targetHints":{"allow":["GET"]}}],"collection":[{"href":"https:\/\/agripedia.ch\/strategidea\/wp-json\/wp\/v2\/pages"}],"about":[{"href":"https:\/\/agripedia.ch\/strategidea\/wp-json\/wp\/v2\/types\/page"}],"author":[{"embeddable":true,"href":"https:\/\/agripedia.ch\/strategidea\/wp-json\/wp\/v2\/users\/1"}],"replies":[{"embeddable":true,"href":"https:\/\/agripedia.ch\/strategidea\/wp-json\/wp\/v2\/comments?post=2"}],"version-history":[{"count":50,"href":"https:\/\/agripedia.ch\/strategidea\/wp-json\/wp\/v2\/pages\/2\/revisions"}],"predecessor-version":[{"id":6883,"href":"https:\/\/agripedia.ch\/strategidea\/wp-json\/wp\/v2\/pages\/2\/revisions\/6883"}],"wp:attachment":[{"href":"https:\/\/agripedia.ch\/strategidea\/wp-json\/wp\/v2\/media?parent=2"}],"curies":[{"name":"wp","href":"https:\/\/api.w.org\/{rel}","templated":true}]}}