{"id":197,"date":"2018-10-05T13:56:31","date_gmt":"2018-10-05T13:56:31","guid":{"rendered":"https:\/\/knowledgefarm.ch\/strategidea\/?page_id=197"},"modified":"2021-11-02T08:00:13","modified_gmt":"2021-11-02T08:00:13","slug":"le-continuum-analyse-intuition","status":"publish","type":"page","link":"https:\/\/agripedia.ch\/strategidea\/lintuition-strategique\/le-continuum-analyse-intuition\/","title":{"rendered":"Le continuum analyse-intuition"},"content":{"rendered":"<div class=\"fusion-fullwidth fullwidth-box fusion-builder-row-1 nonhundred-percent-fullwidth non-hundred-percent-height-scrolling\" style=\"--awb-border-radius-top-left:0px;--awb-border-radius-top-right:0px;--awb-border-radius-bottom-right:0px;--awb-border-radius-bottom-left:0px;--awb-flex-wrap:wrap;\" ><div class=\"fusion-builder-row fusion-row\"><div class=\"fusion-layout-column fusion_builder_column fusion-builder-column-0 fusion_builder_column_1_1 1_1 fusion-one-full fusion-column-first fusion-column-last\" style=\"--awb-bg-size:cover;--awb-margin-bottom:0px;\"><div class=\"fusion-column-wrapper fusion-flex-column-wrapper-legacy\"><div class=\"fusion-text fusion-text-1\"><h3><strong><img decoding=\"async\" class=\"alignnone wp-image-263\" src=\"https:\/\/agripedia.ch\/strategidea\/wp-content\/uploads\/sites\/7\/2018\/10\/Screen-Shot-10-05-18-at-03.19-PM-300x300.png\" alt=\"\" width=\"50\" height=\"50\" srcset=\"https:\/\/agripedia.ch\/strategidea\/wp-content\/uploads\/sites\/7\/2018\/10\/Screen-Shot-10-05-18-at-03.19-PM-66x66.png 66w, https:\/\/agripedia.ch\/strategidea\/wp-content\/uploads\/sites\/7\/2018\/10\/Screen-Shot-10-05-18-at-03.19-PM-150x150.png 150w, https:\/\/agripedia.ch\/strategidea\/wp-content\/uploads\/sites\/7\/2018\/10\/Screen-Shot-10-05-18-at-03.19-PM-200x200.png 200w, https:\/\/agripedia.ch\/strategidea\/wp-content\/uploads\/sites\/7\/2018\/10\/Screen-Shot-10-05-18-at-03.19-PM-300x300.png 300w, https:\/\/agripedia.ch\/strategidea\/wp-content\/uploads\/sites\/7\/2018\/10\/Screen-Shot-10-05-18-at-03.19-PM-400x400.png 400w, https:\/\/agripedia.ch\/strategidea\/wp-content\/uploads\/sites\/7\/2018\/10\/Screen-Shot-10-05-18-at-03.19-PM.png 532w\" sizes=\"(max-width: 50px) 100vw, 50px\" \/>\u00a0 Le continuum analyse-intuition<br \/>\n<\/strong><\/h3>\n<blockquote>\n<p>Le raisonnement analytique et l\u2019intuition sont des p\u00f4les oppos\u00e9s des m\u00eames dimensions.<\/p>\n<\/blockquote>\n<p>Leurs caract\u00e9ristiques ont tendance \u00e0 s\u2019exclure mutuellement (voir tableau ci-apr\u00e8s). L\u2019analyse est logique et d\u00e9ductive, elle requiert une forte <strong>attention<\/strong> de la conscience sur le probl\u00e8me pos\u00e9. Au contraire, le retrait de l\u2019attention, la <strong>relaxation<\/strong> mentale et, comme le dit l\u2019adage populaire, le fait de \u00abdormir sur le probl\u00e8me\u00bb favorisent les flashes intuitifs (Duggan & Mason, 2013). Pour caricaturer en utilisant des termes anglophones, l\u2019analyse est une r\u00e9solution de probl\u00e8me \u00abone-line\u00bb alors que l\u2019intuition est une r\u00e9solution de probl\u00e8me \u00aboff-line\u00bb.<\/p>\n<p>L\u2019enjeu n\u2019est pas d\u2019exclure un fonctionnement au profit de l\u2019autre mais de prendre conscience que ces deux syst\u00e8mes de connaissance interagissent et s\u2019enrichissent mutuellement (mais ne peuvent fonctionner en m\u00eame temps). Les deux fonctionnements ne sont pas ind\u00e9pendants l\u2019un de l\u2019autre car ils requi\u00e8rent tous les deux la m\u00e9moire, c\u2019est-\u00e0-dire le r\u00e9sultat des <strong>apprentissages<\/strong> qu\u2019ils soient conscients ou implicites (Duggan & Mason, 2013). Les apprentissages implicites en majorit\u00e9 consolid\u00e9s pendant le sommeil affectent le jugement analytique. Les apprentissages explicites issus du raisonnement analytique sont des inputs pour le jugement intuitif (Shapiro & Spence, 1997).<\/p>\n<blockquote>\n<p>Certaines m\u00e9thodes de gestion strat\u00e9gique favorisent en premier le raisonnement analytique, ou au contraire, d\u2019autres m\u00e9thodes favorisent d\u2019abord l\u2019expression spontan\u00e9e. Cette question de la primaut\u00e9 de l\u2019intuition sur le raisonnement analytique ou du raisonnement analytique sur l\u2019intuition dans la d\u00e9marche strat\u00e9gique n\u2019a pas de r\u00e9ponse g\u00e9n\u00e9rale unique mais des r\u00e9ponses particuli\u00e8res.<\/p>\n<\/blockquote>\n<p><strong>Le niveau d\u2019expertise et la charge \u00e9motionnelle de la personne, la complexit\u00e9 et la structure des probl\u00e8mes qui se posent lors de la r\u00e9flexion strat\u00e9gique influencent l\u2019usage privil\u00e9gi\u00e9 de l\u2019un ou l\u2019autre (Shapiro & Spence, 1997; Coget, 2013).<\/strong><\/p>\n<p><span style=\"color: #ffffff\">_<\/span><\/p>\n<\/div><div class=\"fusion-clearfix\"><\/div><\/div><\/div><div class=\"fusion-layout-column fusion_builder_column fusion-builder-column-1 fusion_builder_column_1_3 1_3 fusion-one-third fusion-column-first\" style=\"--awb-bg-size:cover;width:33.333333333333%;width:calc(33.333333333333% - ( ( 4% ) * 0.33333333333333 ) );margin-right: 4%;\"><div class=\"fusion-column-wrapper fusion-flex-column-wrapper-legacy\"><div class=\"fusion-text fusion-text-2\"><p>Pour la r\u00e9flexion strat\u00e9gique, nous avons relev\u00e9 deux dimensions du continuum analyse-intuition int\u00e9ressantes en termes de m\u00e9thodologie :<\/p>\n<ul>\n<li>Le <strong>continuum s\u00e9quentiel \u2013 global<\/strong>: un p\u00f4le correspond \u00e0 la capacit\u00e9 d\u2019avoir une d\u00e9marche strat\u00e9gique s\u00e9quentielle (d\u00e9crite dans l\u2019analyse strat\u00e9gique ci-apr\u00e8s)\u00a0; l\u2019autre p\u00f4le correspond \u00e0 la capacit\u00e9 d\u2019avoir une vue d\u2019ensemble globale et parall\u00e8le (associations holistiques). La combinaison des deux fa\u00e7ons de proc\u00e9der est ce que nous avons appel\u00e9 le processus it\u00e9ratif et non-lin\u00e9aire.<\/li>\n<li>Le <strong>continuum affectif<\/strong>: un p\u00f4le qui correspond la capacit\u00e9 dans la r\u00e9flexion strat\u00e9gique de conduire une analyse \u00ab\u00a0froide\u00a0\u00bb c\u2019est-\u00e0-dire relativement d\u00e9nu\u00e9e de charge \u00e9motionnelle\u00a0; le p\u00f4le oppos\u00e9 correspond \u00e0 la capacit\u00e9 de mettre en jeu les \u00e9motions et les affects (que certains appelleront l\u2019intelligence \u00e9motionnelle).<\/li>\n<\/ul>\n<\/div><div class=\"fusion-clearfix\"><\/div><\/div><\/div><div class=\"fusion-layout-column fusion_builder_column fusion-builder-column-2 fusion_builder_column_2_3 2_3 fusion-two-third fusion-column-last\" style=\"--awb-bg-size:cover;width:66.666666666667%;width:calc(66.666666666667% - ( ( 4% ) * 0.66666666666667 ) );\"><div class=\"fusion-column-wrapper fusion-flex-column-wrapper-legacy\"><div class=\"fusion-text fusion-text-3\"><h5 style=\"text-align: center\">LES DIMENSIONS DU CONTINUUM ANALYSE-INTUITION<\/h5>\n<h5 style=\"text-align: center\">D\u2019apr\u00e8s (Dane & Pratt, 2007; Epstein, 2013)<\/h5>\n<p><img decoding=\"async\" class=\"alignnone wp-image-272 size-600 aligncenter\" src=\"https:\/\/agripedia.ch\/strategidea\/wp-content\/uploads\/sites\/7\/2018\/10\/Index4_LES-DIMENSIONS-DU-CONTINUUM-ANALYSE-INTUITION-600x564.png\" alt=\"\" width=\"600\" height=\"564\" srcset=\"https:\/\/agripedia.ch\/strategidea\/wp-content\/uploads\/sites\/7\/2018\/10\/Index4_LES-DIMENSIONS-DU-CONTINUUM-ANALYSE-INTUITION-200x188.png 200w, https:\/\/agripedia.ch\/strategidea\/wp-content\/uploads\/sites\/7\/2018\/10\/Index4_LES-DIMENSIONS-DU-CONTINUUM-ANALYSE-INTUITION-300x282.png 300w, https:\/\/agripedia.ch\/strategidea\/wp-content\/uploads\/sites\/7\/2018\/10\/Index4_LES-DIMENSIONS-DU-CONTINUUM-ANALYSE-INTUITION-400x376.png 400w, https:\/\/agripedia.ch\/strategidea\/wp-content\/uploads\/sites\/7\/2018\/10\/Index4_LES-DIMENSIONS-DU-CONTINUUM-ANALYSE-INTUITION-600x564.png 600w, https:\/\/agripedia.ch\/strategidea\/wp-content\/uploads\/sites\/7\/2018\/10\/Index4_LES-DIMENSIONS-DU-CONTINUUM-ANALYSE-INTUITION-768x721.png 768w, https:\/\/agripedia.ch\/strategidea\/wp-content\/uploads\/sites\/7\/2018\/10\/Index4_LES-DIMENSIONS-DU-CONTINUUM-ANALYSE-INTUITION.png 792w\" sizes=\"(max-width: 600px) 100vw, 600px\" \/><\/p>\n<\/div><div class=\"fusion-clearfix\"><\/div><\/div><\/div><\/div><\/div>\n","protected":false},"excerpt":{"rendered":"","protected":false},"author":7,"featured_media":0,"parent":195,"menu_order":1,"comment_status":"closed","ping_status":"closed","template":"100-width.php","meta":{"_sb_is_suggestion_mode":false,"_sb_show_suggestion_boards":false,"_sb_show_comment_boards":false,"_sb_suggestion_history":"","_sb_update_block_changes":"","_monsterinsights_skip_tracking":false,"_monsterinsights_sitenote_active":false,"_monsterinsights_sitenote_note":"","_monsterinsights_sitenote_category":0,"footnotes":""},"class_list":["post-197","page","type-page","status-publish","hentry"],"_links":{"self":[{"href":"https:\/\/agripedia.ch\/strategidea\/wp-json\/wp\/v2\/pages\/197","targetHints":{"allow":["GET"]}}],"collection":[{"href":"https:\/\/agripedia.ch\/strategidea\/wp-json\/wp\/v2\/pages"}],"about":[{"href":"https:\/\/agripedia.ch\/strategidea\/wp-json\/wp\/v2\/types\/page"}],"author":[{"embeddable":true,"href":"https:\/\/agripedia.ch\/strategidea\/wp-json\/wp\/v2\/users\/7"}],"replies":[{"embeddable":true,"href":"https:\/\/agripedia.ch\/strategidea\/wp-json\/wp\/v2\/comments?post=197"}],"version-history":[{"count":32,"href":"https:\/\/agripedia.ch\/strategidea\/wp-json\/wp\/v2\/pages\/197\/revisions"}],"predecessor-version":[{"id":4211,"href":"https:\/\/agripedia.ch\/strategidea\/wp-json\/wp\/v2\/pages\/197\/revisions\/4211"}],"up":[{"embeddable":true,"href":"https:\/\/agripedia.ch\/strategidea\/wp-json\/wp\/v2\/pages\/195"}],"wp:attachment":[{"href":"https:\/\/agripedia.ch\/strategidea\/wp-json\/wp\/v2\/media?parent=197"}],"curies":[{"name":"wp","href":"https:\/\/api.w.org\/{rel}","templated":true}]}}