{"id":1435,"date":"2023-07-12T09:54:11","date_gmt":"2023-07-12T07:54:11","guid":{"rendered":"https:\/\/agripedia.ch\/schwein\/?page_id=1435"},"modified":"2025-04-04T11:10:35","modified_gmt":"2025-04-04T09:10:35","slug":"begriffsdefinitionen","status":"publish","type":"page","link":"https:\/\/agripedia.ch\/schwein\/begriffsdefinitionen\/","title":{"rendered":"Begriffsdefinitionen"},"content":{"rendered":"<div class=\"fusion-fullwidth fullwidth-box fusion-builder-row-1 fusion-flex-container has-pattern-background has-mask-background nonhundred-percent-fullwidth non-hundred-percent-height-scrolling\" style=\"--awb-border-radius-top-left:0px;--awb-border-radius-top-right:0px;--awb-border-radius-bottom-right:0px;--awb-border-radius-bottom-left:0px;--awb-flex-wrap:wrap;\" ><div class=\"fusion-builder-row fusion-row fusion-flex-align-items-flex-start fusion-flex-content-wrap\" style=\"max-width:1144px;margin-left: calc(-4% \/ 2 );margin-right: calc(-4% \/ 2 );\"><div class=\"fusion-layout-column fusion_builder_column fusion-builder-column-0 fusion_builder_column_2_5 2_5 fusion-flex-column\" style=\"--awb-bg-size:cover;--awb-width-large:40%;--awb-margin-top-large:0px;--awb-spacing-right-large:4.8%;--awb-margin-bottom-large:20px;--awb-spacing-left-large:4.8%;--awb-width-medium:100%;--awb-order-medium:0;--awb-spacing-right-medium:1.92%;--awb-spacing-left-medium:1.92%;--awb-width-small:100%;--awb-order-small:0;--awb-spacing-right-small:1.92%;--awb-spacing-left-small:1.92%;\"><div class=\"fusion-column-wrapper fusion-column-has-shadow fusion-flex-justify-content-flex-start fusion-content-layout-column\"><div class=\"accordian fusion-accordian\" style=\"--awb-border-size:0px;--awb-icon-size:20px;--awb-content-font-size:18px;--awb-icon-alignment:left;--awb-hover-color:#f9f9f9;--awb-border-color:#cccccc;--awb-background-color:#f7e2e8;--awb-divider-color:#f7e2e8;--awb-divider-hover-color:#e0dede;--awb-icon-color:#6d6d6d;--awb-title-color:#f44336;--awb-content-color:#0f0f0f;--awb-icon-box-color:#7a7a7a;--awb-toggle-hover-accent-color:#000000;--awb-title-font-family:&quot;Roboto&quot;;--awb-title-font-weight:700;--awb-title-font-style:normal;--awb-title-font-size:20px;--awb-content-font-family:&quot;Roboto&quot;;--awb-content-font-style:normal;--awb-content-font-weight:300;\"><div class=\"panel-group fusion-toggle-icon-unboxed\" id=\"accordion-1435-1\"><div class=\"fusion-panel panel-default panel-aa31081ce571a838b fusion-toggle-no-divider fusion-toggle-boxed-mode\" style=\"--awb-title-color:#f44336;--awb-content-color:#0f0f0f;\"><div class=\"panel-heading\"><h4 class=\"panel-title toggle\" id=\"toggle_aa31081ce571a838b\"><a aria-expanded=\"false\" aria-controls=\"aa31081ce571a838b\" role=\"button\" data-toggle=\"collapse\" data-parent=\"#accordion-1435-1\" data-target=\"#aa31081ce571a838b\" href=\"#aa31081ce571a838b\"><span class=\"fusion-toggle-icon-wrapper\" aria-hidden=\"true\"><i class=\"fa-fusion-box active-icon awb-icon-minus\" aria-hidden=\"true\"><\/i><i class=\"fa-fusion-box inactive-icon fa-list fas\" aria-hidden=\"true\"><\/i><\/span><span class=\"fusion-toggle-heading\">Inhalt<\/span><\/a><\/h4><\/div><div id=\"aa31081ce571a838b\" class=\"panel-collapse collapse \" aria-labelledby=\"toggle_aa31081ce571a838b\"><div class=\"panel-body toggle-content fusion-clearfix\">\n<ul>\n<li><a href=\"#fuetterung\">F\u00fctterung<\/a><\/li>\n<li><a href=\"#reproduktion\/zucht\">Reproduktion\/Zucht<\/a><\/li>\n<li><a href=\"#haltung\/produktion\/vermarktung\">Haltung\/Produktion\/Vermarktung<\/a><\/li>\n<li><a href=\"#branchenverzeichnis\">Branchenverzeichnis<\/a><\/li>\n<\/ul>\n<\/div><\/div><\/div><\/div><\/div><\/div><\/div><div class=\"fusion-layout-column fusion_builder_column fusion-builder-column-1 fusion_builder_column_1_1 1_1 fusion-flex-column\" style=\"--awb-bg-size:cover;--awb-width-large:100%;--awb-margin-top-large:0px;--awb-spacing-right-large:1.92%;--awb-margin-bottom-large:20px;--awb-spacing-left-large:1.92%;--awb-width-medium:100%;--awb-order-medium:0;--awb-spacing-right-medium:1.92%;--awb-spacing-left-medium:1.92%;--awb-width-small:100%;--awb-order-small:0;--awb-spacing-right-small:1.92%;--awb-spacing-left-small:1.92%;\"><div class=\"fusion-column-wrapper fusion-column-has-shadow fusion-flex-justify-content-flex-start fusion-content-layout-column\"><div class=\"fusion-text fusion-text-1\" id=\"fuetterung\"><h2><strong>F\u00fctterung<\/strong><\/h2>\n<p><strong>Aminos\u00e4uren = <\/strong>Bausteine der Proteine<\/p>\n<p><strong>Rohprotein<\/strong> = Im Futter enthaltenes Eiweiss<\/p>\n<p><strong>Schotte<\/strong> = Molke; Nebenprodukt der K\u00e4seherstellung, dass nach Entnahme der K\u00e4semasse \u00fcbrig bleibt; Wertigkeit \u00e4hnlich der von Vollmilch; S\u00fcss- oder Sauerschotte (Sauerschotte:: Ph 4.5 \u2013 4.7; S\u00fcssschotte: pH 6.2\u20136.6ehr Infos z. B. <a href=\"https:\/\/www.agroscope.admin.ch\/agroscope\/fr\/home\/publications\/recherche-publications\/series-jusqu-2013\/alp-aktuell\/_jcr_content\/par\/externalcontent.bitexternalcontent.exturl.pdf\/aHR0cHM6Ly9pcmEuYWdyb3Njb3BlLmNoL2RlLUNIL0FqYXgvRW\/luemVscHVibGlrYXRpb24vRG93bmxvYWQ_ZWluemVscHVibGlr\/YXRpb25JZD0yMTUyMg==.pdf\" target=\"_blank\" rel=\"noopener\">hier<\/a>)<\/p>\n<p><strong>Stickstoff<\/strong> = N; Bestandteil von Aminos\u00e4uren, aus denen Proteine gebildet werden; N-angepasste F\u00fctterung anstreben, da zu hohe Zufuhr zu N-Emissionen f\u00fchrt<\/p>\n<\/div><div class=\"fusion-text fusion-text-2\" id=\"reproduktion\/zucht\"><h2><strong>Reproduktion\/Zucht<\/strong><\/h2>\n<p><strong>Abferkeln<\/strong> = Geb\u00e4ren<\/p>\n<p><strong>Absetzen<\/strong> = Trennung der Ferkel von der Sau<\/p>\n<p><strong>Belegen<\/strong> = Besamen<\/p>\n<p><strong>Biestmilch<\/strong> (=Kolostrum) = Muttermilch in den ersten Tagen nach der Geburt<\/p>\n<p><strong>Brunst<\/strong> = Zeitpunkt zu dem die Sau belegungsbereit ist<\/p>\n<p><strong>Galtzeit<\/strong> = Zeitraum zwischen Abferkeln und n\u00e4chster Besamung (\u201eleere Sau\u201c)<\/p>\n<p><strong>Heterosiseffekt<\/strong> = Sorgt f\u00fcr eine besonders ausgepr\u00e4gte Leistungsf\u00e4higkeit bei Hybriden (Mischlingen)<\/p>\n<p><strong>Hybrid<\/strong> = Tier, das aus zwei oder mehreren Rassen gekreuzt<\/p>\n<p><strong>Jager<\/strong> = Ferkel in der Lebensphase zwischen dem Absetzen und dem Mastbeginn mit ca. 25 kg Lebendgewicht<\/p>\n<p><strong>Jungsau<\/strong> = weibliches Zuchtschwein ab der Geschlechtsreife bis zum ersten Wurf<\/p>\n<p><strong>Mast<\/strong> = Fleischproduktion<\/p>\n<p><strong>Natursprung<\/strong> = Nat\u00fcrliche Besamung durch den Eber<\/p>\n<p><strong>Rausche<\/strong> = Brunst; umfasst \u00fcber die Duldungsphase hinaus die Phase der Vorbrunst (Pro\u00f6strus) und der Nachbrunst (Met\u00f6strus) (Phase vom 18. Zyklustag bis zum 6. Tag des folgenden Zyklus)<\/p>\n<p><strong>S\u00e4ugezeit<\/strong> = Zeit, w\u00e4hrend der die Sau die Ferkel s\u00e4ugt<\/p>\n<p><strong>Tr\u00e4chtigkeit<\/strong> = Zeit ab der Befruchtung bis zur Geburt<\/p>\n<p><strong>Tr\u00e4chtigkeitsdauer<\/strong> = Herdebuchschnitt 116.3 (2022)<\/p>\n<p><strong>Wurf<\/strong> = Ferkel, die bei der Geburt einer Sau geboren werden<\/p>\n<p><strong>Vorbereitungsphase<\/strong> = Phase zur Vorbereitung auf die Geburt; beginnt bereits einige Tage vorher; Anzeichen: Nestbauverhalten, Ges\u00e4ugebildung, Milcheinschuss, Unruhe<\/p>\n<p><strong>Er\u00f6ffnungs-\/Austreibungsphas<\/strong>e = Start der tats\u00e4chlichen Geburt, Austreibungsphase beginnt mit Blasensprung; Anzeichen: ge\u00f6ffneter Muttermund, Er\u00f6ffnungs-\/Austreibungswehen, Dauer der Geburt ca. 2\u20136 h; Abstand zwischen den Ferkeln ca. 15\u201330 Min.<\/p>\n<p><strong>Nachgeburtsphase<\/strong> = Abgang der Nachgeburt (entweder nach jedem Ferkel oder mehrere auf einmal); sp\u00e4testens 1\u00a0h nach Geburt des letzten Ferkels sollten die Nachgeburten abgegangen sein<\/p>\n<\/div><div class=\"fusion-text fusion-text-3\" id=\"haltung\/produktion\/vermarktung\"><h2><strong>Haltung\/Produktion\/Vermarktung<\/strong><\/h2>\n<p><strong>BTS<\/strong> = <a href=\"https:\/\/www.blw.admin.ch\/de\/produktionssystembeitraege#Tierhaltung\" target=\"_blank\" rel=\"noopener\">Besonders tierfreundliche Stallhaltungssysteme<\/a><\/p>\n<p><strong>\u00d6LN<\/strong> = <a href=\"https:\/\/www.blw.admin.ch\/blw\/de\/home\/instrumente\/direktzahlungen\/oekologischer-leistungsnachweis.html\" target=\"_blank\" rel=\"noopener\">\u00f6kologischer Leistungsnachweis<\/a><\/p>\n<p><strong>QM<\/strong> = Qualit\u00e4tsmanagement Schweizer Fleisch; bildet den \u201eStandard\u201c; gilt f\u00fcr 65 % der Schweine; Hauptanforderung erf\u00fcllen des \u00f6kologischen Leistungsnachweises (\u00d6LN); <a href=\"https:\/\/www.qm-schweizerfleisch.ch\/images\/richtlinien\/deutsch\/qm-richtlinie-2025_dt.pdf\" target=\"_blank\" rel=\"noopener\">QM-Richtlinien<\/a><\/p>\n<p><strong>RAUS<\/strong> = <a href=\"https:\/\/www.blw.admin.ch\/de\/produktionssystembeitraege#Tierhaltung\" target=\"_blank\" rel=\"noopener\">Regelm\u00e4ssiger Auslauf im Freien<\/a><\/p>\n<p><strong>Label(-fleisch)<\/strong> = Produktionsform, die z. B. nach den Richtlinien von IP Suisse, Naturafarm, Weidebeef oder anderen Tierwohl-Labels Fleisch produzieren; Anforderungen gehen \u00fcber das Tierschutzgesetz hinaus (siehe auch <a href=\"https:\/\/agripedia.ch\/schwein\/markt-und-vermarktung\/\">Kapitel Markt und Vermarktung<\/a>)<\/p>\n<\/div><\/div><\/div><div class=\"fusion-layout-column fusion_builder_column fusion-builder-column-2 fusion_builder_column_1_1 1_1 fusion-flex-column\" style=\"--awb-bg-size:cover;--awb-width-large:100%;--awb-margin-top-large:0px;--awb-spacing-right-large:1.92%;--awb-margin-bottom-large:20px;--awb-spacing-left-large:1.92%;--awb-width-medium:100%;--awb-order-medium:0;--awb-spacing-right-medium:1.92%;--awb-spacing-left-medium:1.92%;--awb-width-small:100%;--awb-order-small:0;--awb-spacing-right-small:1.92%;--awb-spacing-left-small:1.92%;\"><div class=\"fusion-column-wrapper fusion-column-has-shadow fusion-flex-justify-content-flex-start fusion-content-layout-column\">\n<div class=\"table-1\" id=\"branchenverzeichnis\">\n<h2><strong>Branchenverzeichnis<\/strong><\/h2>\n<table width=\"100%\">\n<thead>\n<tr>\n<td><strong>Institution<\/strong><\/td>\n<td><strong>Kurzbeschrieb<\/strong><\/td>\n<td><strong>Kontakt<\/strong><\/td>\n<\/tr>\n<\/thead>\n<tbody>\n<tr>\n<td><a href=\"https:\/\/www.proviande.ch\/de\" target=\"_blank\" rel=\"noopener\">Proviande<\/a><\/td>\n<td>\u201eProviande ist die Branchenorganisation der Schweizer Fleischwirtschaft. Als Bindeglied entlang der ganzen Wertsch\u00f6pfungskette Fleisch setzt sich die Genossenschaft f\u00fcr hochwertige Produkte aus nachhaltiger Landwirtschaft und artgerechter Tierhaltung sowie aus sicherer Verarbeitung ein.\u201c<\/td>\n<td>Brunnhofweg 37<\/p>\n<p>Postfach<\/p>\n<p>3001 Bern<\/p>\n<p>Tel. +41 31 309 41 11<\/p>\n<p><a href=\"mailto:info@proviande.ch\">info@proviande.ch<\/a><\/td>\n<\/tr>\n<tr>\n<td><a href=\"https:\/\/profera.ch\/\" target=\"_blank\" rel=\"noopener\">Profera<\/a><\/td>\n<td>\u00abAls echte Produzentenorganisation, im Besitz unserer Schweinez\u00fcchter und -M\u00e4ster, setzen wir uns f\u00fcr die Unabh\u00e4ngigkeit in der gesamten Wertsch\u00f6pfungskette ein. Diese Unabh\u00e4ngigkeit, kombiniert mit der genossenschaftlichen Philosophie nach Fairtrade, macht uns zum echten Marktpartner. Gemeinsam sind wir stark \u2013 f\u00fcr Ihren Erfolg!\u00bb<\/td>\n<td>Wahligenstrasse 1c<\/p>\n<p>6023 Rothenburg<\/p>\n<p><strong>ODER<\/strong><\/p>\n<p>Herbergstrasse 11<\/p>\n<p>9524 Zuzwil<\/p>\n<p>Tel. +41 58 991 73 00<\/p>\n<p><a href=\"mailto:info@profera.ch\">info@profera.ch<\/a><\/td>\n<\/tr>\n<tr>\n<td><a href=\"https:\/\/www.suisag.ch\/sgd-schweinegesundheitsdienst\" target=\"_blank\" rel=\"noopener\">Schweine Gesundheitsdienst (SGD)<\/a><\/td>\n<td>\u201eDer Schweinegesundheitsdienst SGD\u00ae unterst\u00fctzt eine tiergerechte Haltung sowie die qualit\u00e4tsgesicherte Lebensmittelproduktion. Der SGD wurde 1965 gegr\u00fcndet und 2005 in die SUISAG eingegliedert, um verschiedene Synergien zu nutzen.\u201c<\/td>\n<td><strong>Sempach-West<\/strong><\/p>\n<p>Allmend 10<\/p>\n<p>Tel. +41 41 462 65 50<\/p>\n<p><a href=\"mailto:sgd.sempach@suisag.ch\">sgd.sempach@suisag.ch<\/a><\/p>\n<p><strong>Z\u00fcrich-Ost<\/strong><\/p>\n<p>Winterthurerstrasse 260<\/p>\n<p>CH-8057 Z\u00fcrich<\/p>\n<p>Tel. +41 41 462 65 64<\/p>\n<p><a href=\"mailto:sgd.zuerich@suisag.ch\">sgd.zuerich@suisag.ch<\/a><\/td>\n<\/tr>\n<tr>\n<td><a href=\"https:\/\/www.suisag.ch\/\" target=\"_blank\" rel=\"noopener\">Suisag<\/a><\/td>\n<td>\u201eDie SUISAG ist das innovative und wertorientierte Unternehmen f\u00fcr die Schweizer Schweineproduzenten und internationalen Genetik-Kunden.\u201c<\/td>\n<td>Allmend 10<\/p>\n<p>CH-6204 Sempach<\/p>\n<p>Tel. +41 41 462 65 50<\/p>\n<p><a href=\"mailto:info@suisag.ch\">info@suisag.ch<\/a><\/td>\n<\/tr>\n<tr>\n<td><a href=\"https:\/\/www.saugut.swiss\/de-ch\/\" target=\"_blank\" rel=\"noopener\">Suisseporcs<\/a><\/td>\n<td>\u201eDie Suisseporcs ist der Schweizerische Schweinezucht- und Schweineproduzentenverband. Der Produzentenverband ist regional in vier Sektionen aufgeteilt. Der Sitz des Verbandes ist in Sempach, Luzern.\u201c<\/td>\n<td>Allmend 10<\/p>\n<p>CH-6204 Sempach<\/p>\n<p>Tel. +41 462 65 90<\/p>\n<p><a href=\"mailto:info@suisseporcs.ch\">info@suisseporcs.ch<\/a><\/td>\n<\/tr>\n<\/tbody>\n<\/table>\n<\/div>\n\n<div class=\"table-1\" id=\"branchenverzeichnis\">\n<h2><\/h2>\n<table width=\"100%\">\n<thead>\n<tr>\n<td width=\"23%\"><strong>Stallbauer<\/strong><\/td>\n<td width=\"49%\"><strong>Kurzbeschrieb<\/strong><\/td>\n<td width=\"25%\"><strong>Kontakt<\/strong><\/td>\n<\/tr>\n<tr>\n<td width=\"23%\"><a href=\"https:\/\/www.atx-suisse.ch\/\" target=\"_blank\" rel=\"noopener\">ATX<sup>\u00ae<\/sup> SUISSE GmbH<\/a><\/td>\n<td width=\"49%\">\u00abSeit der Firmengr\u00fcndung 2001 entwickeln wir aus \u00dcberzeugung Stalleinrichtungen, die tiergerecht und energieeffizient sind. Wir verwenden modernste, f\u00fcr die Landwirtschaft geeignete Materialien. Unsere Produkte sind langlebig und entsprechen den hohen Anforderungen. Wir arbeiten st\u00e4ndig daran, unser Sortiment zu erweitern. Im Mittelpunkt steht das Ferkel und somit ein perfekt funktionierendes Ferkelnest. Die Ferkel brauchen ideale Platzverh\u00e4ltnisse, Hygiene und W\u00e4rme, um sich optimal zu entwickeln. Genau dies garantiert das ATX\u00ae Thermonest. Es steigert das Tierwohl und damit den Erfolg im Stall.\u00bb<\/td>\n<td width=\"25%\">ATX<sup>\u00ae<\/sup> SUISSE GmbH<\/p>\n<p>Hitzkircherstrasse 4<\/p>\n<p>6294 Ermensee<\/p>\n<p>Tel.: +41 41 917 42 53<\/p>\n<p><a href=\"mailto:info@atx-suisse.ch\">info@atx-suisse.ch<\/a><\/td>\n<\/tr>\n<tr>\n<td width=\"23%\"><a href=\"https:\/\/www.globogal.ch\/\" target=\"_blank\" rel=\"noopener\">Globogal AG<\/a><\/td>\n<td width=\"49%\">\u00abWir bieten die Kombination von innovativen Produkten und langj\u00e4hriger Erfahrung. Das optimale, massgeschneiderte Konzept f\u00fcr Ihre Anspr\u00fcche zu finden ist unser unerm\u00fcdliches Ziel. Tiergerechte Einrichtungen, effiziente Nutzung und nachhaltige \u00d6kologie: Wir bringen es auf einen \u00f6konomischen Nenner. Damit der Nutzen stimmt und die Freude an der Tierhaltung bleibt.\u00bb<\/td>\n<td width=\"25%\">Globogal AG<\/p>\n<p>Tannlihag 1<\/p>\n<p>5703 Seon<\/p>\n<p>Tel.: +41 62 769 69 69<\/p>\n<p><a href=\"mailto:info@globogal.ch\">info@globogal.ch<\/a><\/td>\n<\/tr>\n<\/thead>\n<tbody>\n<tr>\n<td width=\"23%\"><a href=\"https:\/\/www.huber-kontech.ch\/home\" target=\"_blank\" rel=\"noopener\">Huber Kontech<\/a><\/td>\n<td width=\"49%\">\u00abHuber Kontech ist die \u00e4lteste und heute f\u00fchrende Stallbaufirma der Schweiz. Seit 1962 sind wir spezialisiert auf die Planung und Herstellung von modernen Stalleinrichtungen und Stallbauten f\u00fcr Schweine. Wir bieten Ihnen s\u00e4mtliche Dienstleistungen im Bereich Stallbau, die wir ganz auf Ihre Bed\u00fcrfnisse und Anforderungen ausrichten. Denn wir wissen: jeder Betrieb hat seine eigenen Gegebenheiten.\u00bb<\/td>\n<td width=\"25%\">Huber Kontech AG<\/p>\n<p>Eglisberg 2<\/p>\n<p>6018 Buttisholz<\/p>\n<p>Tel.:\u00a0<a href=\"tel:0419295929\">+41 41 929 59 29<\/a><\/p>\n<p><a href=\"mailto:info@huber-kontech.ch\">info@huber-kontech.ch<\/a><\/td>\n<\/tr>\n<tr>\n<td width=\"23%\"><a href=\"https:\/\/www.krieger-ag.ch\/de\/\" target=\"_blank\" rel=\"noopener\">Krieger AG<\/a><\/td>\n<td width=\"49%\">\u00abUnser Ziel sind massgeschneiderte, herausragende und tierfreundliche L\u00f6sungen. Nicht nur f\u00fcr Ihren Landwirtschaftsbetrieb, sondern auch f\u00fcr die Umwelt und \u00adGesellschaft. Dank unserer jahrelangen Erfahrung und unseren Kompetenzen sind wir der ideale Partner an Ihrer Seite und bieten Ihnen folgende Dienstleistungen: Schweinezucht, Schweinemast, Ferkel- und Jagernester\u00bb<\/td>\n<td width=\"25%\">Krieger AG<\/p>\n<p>Hauptsitz Zentralschweiz<\/p>\n<p>R\u00fctmattstrasse 6<\/p>\n<p>6017 Ruswil<\/p>\n<p>Tel.: +41 41 496 95 95<\/p>\n<p><a href=\"mailto:ruswil@krieger-ag.ch\">ruswil@krieger-ag.ch<\/a><\/td>\n<\/tr>\n<tr>\n<td width=\"23%\"><a href=\"https:\/\/www.schauer.ch\/\" target=\"_blank\" rel=\"noopener\">Schauer<sup>\u00ae<\/sup><\/a><\/td>\n<td width=\"49%\">\u00abDie Schauer Agrotronic AG hat das n\u00f6tige Know-how f\u00fcr die erfolgreiche Planung und Umsetzung Ihres Schweinestallprojekts &#8211; egal ob Neubau, Umbau oder Zubau. Wir sorgen daf\u00fcr, dass der Stall funktional und \u00e4sthetisch ansprechend wird. Vertrauen Sie auf unser erfahrenes Team.\u00bb<\/td>\n<td width=\"25%\">Schauer Agrotronic AG<\/p>\n<p>Sentmatte 4<\/p>\n<p>6247 Sch\u00f6tz<\/p>\n<p>Tel.: +41 41 926 80 00<\/p>\n<p><a href=\"mailto:info@schauer.ch\">info@schauer.ch<\/a><\/td>\n<\/tr>\n<tr>\n<td width=\"23%\"><a href=\"https:\/\/www.sicotech.ch\/\" target=\"_blank\" rel=\"noopener\">Sicotech Agri GmbH<\/a><\/td>\n<td width=\"49%\">\u00abHeute sind wir der Spezialist und Ansprechpartner f\u00fcr viele treue Kunden in der ganzen Schweiz im Bereich manuelle und vollautomatische F\u00fctterungsanlagen in Schweinest\u00e4llen.\u00bb<\/td>\n<td width=\"25%\">SICOTECH Agri GmbH<\/p>\n<p>Gibelfl\u00fchstrasse 3<\/p>\n<p>6275 Ballwil<\/p>\n<p>Tel.: +41 41 449 50 90<\/p>\n<p><a class=\"email emailaddress__email\" href=\"mailto:info(at)sicotech.ch\">info@sicotech.ch<\/a><\/td>\n<\/tr>\n<\/tbody>\n<\/table>\n<\/div>\n<\/div><\/div><\/div><\/div>\n<div class=\"export-buttons\" style=\"text-align:right;margin-top:20px;\"><a href=\"#\" style=\"background:#0073aa;color:#fff;padding:10px 20px;text-decoration:none;border-radius:0;display:inline-flex;align-items:center;\" onclick=\"exportToPDF();return false;\">PDF<span style=\"border-left:1px solid #fff;height:20px;margin:0 10px;\"><\/span>\u2193<\/a><\/div>","protected":false},"excerpt":{"rendered":"<p>PDF\u2193<\/p>\n","protected":false},"author":26,"featured_media":0,"parent":0,"menu_order":0,"comment_status":"closed","ping_status":"closed","template":"","meta":{"_bbp_topic_count":0,"_bbp_reply_count":0,"_bbp_total_topic_count":0,"_bbp_total_reply_count":0,"_bbp_voice_count":0,"_bbp_anonymous_reply_count":0,"_bbp_topic_count_hidden":0,"_bbp_reply_count_hidden":0,"_bbp_forum_subforum_count":0,"_sb_is_suggestion_mode":false,"_sb_show_suggestion_boards":false,"_sb_show_comment_boards":false,"_sb_suggestion_history":"","_sb_update_block_changes":"","inline_featured_image":false,"_monsterinsights_skip_tracking":false,"_monsterinsights_sitenote_active":false,"_monsterinsights_sitenote_note":"","_monsterinsights_sitenote_category":0,"footnotes":""},"class_list":["post-1435","page","type-page","status-publish","hentry"],"_links":{"self":[{"href":"https:\/\/agripedia.ch\/schwein\/wp-json\/wp\/v2\/pages\/1435","targetHints":{"allow":["GET"]}}],"collection":[{"href":"https:\/\/agripedia.ch\/schwein\/wp-json\/wp\/v2\/pages"}],"about":[{"href":"https:\/\/agripedia.ch\/schwein\/wp-json\/wp\/v2\/types\/page"}],"author":[{"embeddable":true,"href":"https:\/\/agripedia.ch\/schwein\/wp-json\/wp\/v2\/users\/26"}],"replies":[{"embeddable":true,"href":"https:\/\/agripedia.ch\/schwein\/wp-json\/wp\/v2\/comments?post=1435"}],"version-history":[{"count":11,"href":"https:\/\/agripedia.ch\/schwein\/wp-json\/wp\/v2\/pages\/1435\/revisions"}],"predecessor-version":[{"id":2763,"href":"https:\/\/agripedia.ch\/schwein\/wp-json\/wp\/v2\/pages\/1435\/revisions\/2763"}],"wp:attachment":[{"href":"https:\/\/agripedia.ch\/schwein\/wp-json\/wp\/v2\/media?parent=1435"}],"curies":[{"name":"wp","href":"https:\/\/api.w.org\/{rel}","templated":true}]}}