{"id":3674,"date":"2025-10-06T11:40:41","date_gmt":"2025-10-06T09:40:41","guid":{"rendered":"https:\/\/agripedia.ch\/schwein\/?post_type=tribe_events&#038;p=3674"},"modified":"2025-10-06T11:40:41","modified_gmt":"2025-10-06T09:40:41","slug":"cours-dinsemination-porcine-automne-2025","status":"publish","type":"tribe_events","link":"https:\/\/agripedia.ch\/schwein\/fr\/agenda\/cours-dinsemination-porcine-automne-2025\/","title":{"rendered":"Cours d&rsquo;ins\u00e9mination porcine automne 2025"},"content":{"rendered":"<p>L&rsquo;ins\u00e9mination artificielle est s\u00fbre, \u00e9conomique et b\u00e9n\u00e9fique pour l&rsquo;\u00e9levage. Le cours de deux jours constitue la base pour pouvoir appliquer cette m\u00e9thode de saillie efficace dans l&rsquo;\u00e9levage porcin. Apr\u00e8s avoir r\u00e9ussi l&rsquo;examen final, vous recevrez l&rsquo;autorisation de votre office v\u00e9t\u00e9rinaire cantonal, comme l&rsquo;exige la loi sur les \u00e9pizooties. La formation est instructive et diversifi\u00e9e.<\/p>\n<p>Nous abordons les sujets n\u00e9cessaires \u00e0 la r\u00e9ussite de l&rsquo;ins\u00e9mination du point de vue du porc et de l&rsquo;\u00e9leveur. Nous vous familiarisons \u00e9galement avec les dispositions l\u00e9gales obligatoires.<\/p>\n<p><strong>Sujets de cours :<\/strong><\/p>\n<ul>\n<li>Organisation de l&rsquo;ins\u00e9mination porcine<\/li>\n<li>Bases anatomiques et physiologiques de la reproduction chez le porc<\/li>\n<li>Instruments d&rsquo;ins\u00e9mination &#8211; L&rsquo;ins\u00e9mination dans la pratique<\/li>\n<li>Le verrat, la fertilit\u00e9 masculine<\/li>\n<li>Troubles de la fertilit\u00e9 chez la truie<\/li>\n<li>Bases l\u00e9gales, \u00e9pizooties<\/li>\n<li>Extraction et traitement de la semence de verrat<\/li>\n<li>L&rsquo;ins\u00e9mination artificielle au service de l&rsquo;\u00e9levage porcin<\/li>\n<li>Qualit\u00e9 des verrats d&rsquo;ins\u00e9mination &#8211; Offre et s\u00e9lection<\/li>\n<li>Gestion des commandes et saisie des donn\u00e9es<\/li>\n<li>Une gestion de la fertilit\u00e9 r\u00e9ussie<\/li>\n<\/ul>\n<p><strong>Co\u00fbt du cours<\/strong> (repas d&rsquo;une journ\u00e9e compl\u00e8te et documentation inclus)<strong>:<\/strong><\/p>\n<ul>\n<li>Cours de 2 jours CHF 370.- (pour les membres de Suisseporcs CHF 330.-)<\/li>\n<li>*Cours d&rsquo;un jour CHF 190 (pour les membres de Suisseporcs CHF 170)<\/li>\n<\/ul>\n<p>*Sur pr\u00e9sentation : les participants qui ont suivi le module \u00ab\u00a0\u00c9levage porcin\u00a0\u00bb lors du cours pour \u00e9leveurs de porcs en 2024\/2025 ne doivent suivre le cours d&rsquo;ins\u00e9mination porcine que le 1er jour.<\/p>\n<p><strong>Langue du cours :<\/strong><\/p>\n<ul>\n<li>Allemand<\/li>\n<\/ul>\n<p><strong>Organisation :<\/strong><\/p>\n<ul>\n<li>Envoi de la convocation 14 jours avant le d\u00e9but du cours<\/li>\n<li>Le cours sera factur\u00e9 apr\u00e8s la participation<\/li>\n<li>Les documents de formation sont mis \u00e0 disposition sous forme \u00e9lectronique et peuvent \u00eatre t\u00e9l\u00e9charg\u00e9s gratuitement en ligne.\n<ul>\n<li>Sur demande, les documents de formation peuvent \u00eatre demand\u00e9s sous forme imprim\u00e9e. Pour cela, une participation aux frais de 50 CHF est demand\u00e9e.<\/li>\n<\/ul>\n<\/li>\n<\/ul>\n<div class=\"export-buttons\" style=\"text-align:right;margin-top:20px;\"><a href=\"#\" style=\"background:#0073aa;color:#fff;padding:10px 20px;text-decoration:none;border-radius:0;display:inline-flex;align-items:center;\" onclick=\"exportToPDF();return false;\">PDF<span style=\"border-left:1px solid #fff;height:20px;margin:0 10px;\"><\/span>\u2193<\/a><\/div>","protected":false},"excerpt":{"rendered":"<p>L&rsquo;ins\u00e9mination artificielle est s\u00fbre, \u00e9conomique et b\u00e9n\u00e9fique pour l&rsquo;\u00e9levage. Le cours de deux jours constitue la base pour  [&#8230;]<\/p>\n","protected":false},"author":797,"featured_media":0,"template":"","meta":{"_bbp_topic_count":0,"_bbp_reply_count":0,"_bbp_total_topic_count":0,"_bbp_total_reply_count":0,"_bbp_voice_count":0,"_bbp_anonymous_reply_count":0,"_bbp_topic_count_hidden":0,"_bbp_reply_count_hidden":0,"_bbp_forum_subforum_count":0,"_sb_is_suggestion_mode":false,"_sb_show_suggestion_boards":false,"_sb_show_comment_boards":false,"_sb_suggestion_history":"","_sb_update_block_changes":"","inline_featured_image":false,"_monsterinsights_skip_tracking":false,"_monsterinsights_sitenote_active":false,"_monsterinsights_sitenote_note":"","_monsterinsights_sitenote_category":0,"_tribe_events_status":"","_tribe_events_status_reason":"","footnotes":""},"tags":[],"tribe_events_cat":[],"class_list":["post-3674","tribe_events","type-tribe_events","status-publish","hentry"],"_links":{"self":[{"href":"https:\/\/agripedia.ch\/schwein\/fr\/wp-json\/wp\/v2\/tribe_events\/3674","targetHints":{"allow":["GET"]}}],"collection":[{"href":"https:\/\/agripedia.ch\/schwein\/fr\/wp-json\/wp\/v2\/tribe_events"}],"about":[{"href":"https:\/\/agripedia.ch\/schwein\/fr\/wp-json\/wp\/v2\/types\/tribe_events"}],"author":[{"embeddable":true,"href":"https:\/\/agripedia.ch\/schwein\/fr\/wp-json\/wp\/v2\/users\/797"}],"version-history":[{"count":1,"href":"https:\/\/agripedia.ch\/schwein\/fr\/wp-json\/wp\/v2\/tribe_events\/3674\/revisions"}],"predecessor-version":[{"id":3689,"href":"https:\/\/agripedia.ch\/schwein\/fr\/wp-json\/wp\/v2\/tribe_events\/3674\/revisions\/3689"}],"wp:attachment":[{"href":"https:\/\/agripedia.ch\/schwein\/fr\/wp-json\/wp\/v2\/media?parent=3674"}],"wp:term":[{"taxonomy":"post_tag","embeddable":true,"href":"https:\/\/agripedia.ch\/schwein\/fr\/wp-json\/wp\/v2\/tags?post=3674"},{"taxonomy":"tribe_events_cat","embeddable":true,"href":"https:\/\/agripedia.ch\/schwein\/fr\/wp-json\/wp\/v2\/tribe_events_cat?post=3674"}],"curies":[{"name":"wp","href":"https:\/\/api.w.org\/{rel}","templated":true}]}}

Cours d&rsquo;insémination porcine automne 2025

<p>L&rsquo;insémination artificielle est sûre, économique et bénéfique pour l&rsquo;élevage. Le cours de deux jours constitue la base pour pouvoir appliquer cette méthode de saillie efficace dans l&rsquo;élevage porcin. Après avoir réussi l&rsquo;examen final, vous recevrez l&rsquo;autorisation de votre office vétérinaire cantonal, comme l&rsquo;exige la loi sur les épizooties. La formation est instructive et diversifiée.</p>
<p>Nous abordons les sujets nécessaires à la réussite de l&rsquo;insémination du point de vue du porc et de l&rsquo;éleveur. Nous vous familiarisons également avec les dispositions légales obligatoires.</p>
<p><strong>Sujets de cours :</strong></p>
<ul>
<li>Organisation de l&rsquo;insémination porcine</li>
<li>Bases anatomiques et physiologiques de la reproduction chez le porc</li>
<li>Instruments d&rsquo;insémination &#8211; L&rsquo;insémination dans la pratique</li>
<li>Le verrat, la fertilité masculine</li>
<li>Troubles de la fertilité chez la truie</li>
<li>Bases légales, épizooties</li>
<li>Extraction et traitement de la semence de verrat</li>
<li>L&rsquo;insémination artificielle au service de l&rsquo;élevage porcin</li>
<li>Qualité des verrats d&rsquo;insémination &#8211; Offre et sélection</li>
<li>Gestion des commandes et saisie des données</li>
<li>Une gestion de la fertilité réussie</li>
</ul>
<p><strong>Coût du cours</strong> (repas d&rsquo;une journée complète et documentation inclus)<strong>:</strong></p>
<ul>
<li>Cours de 2 jours CHF 370.- (pour les membres de Suisseporcs CHF 330.-)</li>
<li>*Cours d&rsquo;un jour CHF 190 (pour les membres de Suisseporcs CHF 170)</li>
</ul>
<p>*Sur présentation : les participants qui ont suivi le module « Élevage porcin » lors du cours pour éleveurs de porcs en 2024/2025 ne doivent suivre le cours d&rsquo;insémination porcine que le 1er jour.</p>
<p><strong>Langue du cours :</strong></p>
<ul>
<li>Allemand</li>
</ul>
<p><strong>Organisation :</strong></p>
<ul>
<li>Envoi de la convocation 14 jours avant le début du cours</li>
<li>Le cours sera facturé après la participation</li>
<li>Les documents de formation sont mis à disposition sous forme électronique et peuvent être téléchargés gratuitement en ligne.
<ul>
<li>Sur demande, les documents de formation peuvent être demandés sous forme imprimée. Pour cela, une participation aux frais de 50 CHF est demandée.</li>
</ul>
</li>
</ul>
<div class="export-buttons" style="text-align:right;margin-top:20px;"><a href="#" style="background:#0073aa;color:#fff;padding:10px 20px;text-decoration:none;border-radius:0;display:inline-flex;align-items:center;" onclick="exportToPDF();return false;">PDF<span style="border-left:1px solid #fff;height:20px;margin:0 10px;"></span>↓</a></div>

<p>L&rsquo;insémination artificielle est sûre, économique et bénéfique pour l&rsquo;élevage. Le cours de deux jours constitue la base pour  [&#8230;]</p>
