{"id":41,"date":"2018-06-04T13:39:25","date_gmt":"2018-06-04T13:39:25","guid":{"rendered":"http:\/\/ozzlorvo.preview.infomaniak.website\/pfo\/?page_id=41"},"modified":"2019-02-28T21:51:20","modified_gmt":"2019-02-28T21:51:20","slug":"aufarbeitung-fusionsgeschichte-lbv","status":"publish","type":"page","link":"https:\/\/agripedia.ch\/pfo\/ueberblick-ueber-die-massnahmen\/aufarbeitung-fusionsgeschichte-lbv\/","title":{"rendered":"Fusionsgeschichte LBV"},"content":{"rendered":"<h1><strong>Zusammenschluss von Organisationen als Chance?<\/strong><\/h1>\n<p>Im Jahr 2000 fusionierten die ausschliesslich weibliche Luzerner B\u00e4uerinnenvereinigung und der \u00fcberwiegend m\u00e4nnliche Luzerner Bauernverband zum <em>\u201eLuzerner B\u00e4uerinnen \u2013 und Bauernverband\u201c<\/em>. Im Rahmen des Projekts PFO haben wir die Geschichte dieses in der Schweizer Landwirtschaftsszene einmaligen Zusammenschlusses genauer aufgezeichnet und versucht, ihre Wirkung zu analysieren.<\/p>\n<p>Dazu konnten wir das umfangreiche Archiv des LBV nutzen und haben mit vier ehemaligen und acht aktuellen Protagonistinnen und Protagonisten des Verbandes Leitfadeninterviews zur Fusion und deren Wirkung durchgef\u00fchrt. Die Zusammenarbeit mit dem LBV war sehr offen und konstruktiv, und die aktiven Mandatstr\u00e4gerinnen und Mandatstr\u00e4ger zeigten sich sehr interessiert an der Weiterentwicklung und Vertiefung des Zusammenschlusses im LBV.<\/p>\n<p>Verlauf, Auswirkungen und Beurteilung\u00a0der Fusion des LBV wurden in einem ausf\u00fchrlichen Bericht zusammengefasst. Link zum vollst\u00e4ndigen <a href=\"https:\/\/agripedia.ch\/pfo\/wp-content\/uploads\/sites\/9\/2018\/11\/Bericht-zur-Fusionsgeschichte-und-Wirkungsanalyse-des-LBV_DEFINITIV.pdf\">Bericht zur Fusionsgeschichte des LBV<\/a>.<\/p>\n<p>Eine Kurzfassung dieser Arbeit, die auch ins Franz\u00f6sische \u00fcbersetzt wurde, kann einfacher verteilt und schnell gelesen werden und so Frauen und auch M\u00e4nner dazu motivieren, \u00e4hnliche Fusionsprozesse in ihren Organisationen anzustossen.<br \/>\nLink zum <a href=\"https:\/\/agripedia.ch\/pfo\/wp-content\/uploads\/sites\/9\/2018\/11\/Kompaktbericht-Fusionsgeschichte-LBV_DEFINITIV.pdf\" target=\"_blank\" rel=\"noopener\">Kompaktbericht Fusionsgeschichte LBV<\/a>.<\/p>\n<h3><strong>Die Fusionsgeschichte zum Luzerner B\u00e4uerinnen- und Bauernverband in Zahlen:\u00a0<\/strong><\/h3>\n<ul>\n<li><strong>1972:<\/strong> Fusion der \u201eLuzerner B\u00e4uerinnenvereinigung\u201c mit der Gruppe \u201eLandfrau\u201c des kantonalen katholischen Frauenbundes zum \u201eLuzerner B\u00e4uerinnenverein\u201c<\/li>\n<li><strong>ab 1972:<\/strong> 2 B\u00e4uerinnen als Gastmitglieder ohne Stimmrecht an Vorstandssitzungen des Luzerner Bauernverbandes<\/li>\n<li><strong>ab 1991:<\/strong>\u00a0Der B\u00e4uerinnenverein erh\u00e4lt 20 Stimmrechte (von total 750) bei Delegiertenversammlungen des Bauernverbandes.<\/li>\n<li><strong>ab 1998:<\/strong>\u00a0Eine gemeinsame Arbeitsgruppe erarbeitet Vorschl\u00e4ge zur Integration der B\u00e4uerinnen in den Bauernverband.<\/li>\n<li><strong>1999:<\/strong>\u00a0Der Luzerner B\u00e4uerinnenverein wird an seiner Delegiertenversammlung mit grossem Mehr aufgel\u00f6st.<\/li>\n<li><strong>2000:<\/strong> Vereinbarung zur Einbindung der B\u00e4uerinnen im k\u00fcnftigen LBV (eigene Kommission, Mindestquote Vorstand)<\/li>\n<li><strong>2000:<\/strong>\u00a0Der Bauernverband \u00e4ndert seinen Namen in \u201eLuzerner B\u00e4uerinnen- und Bauernverband\u201c und integriert T\u00e4tigkeiten, Verm\u00f6gen, Mitglieder (via Betriebe) sowie Rechte und Pflichten des ehemaligen B\u00e4uerinnenvereins.<\/li>\n<\/ul>\n<p>\u21d2 Die strukturellen Ver\u00e4nderungen durch die Fusion des LBV sind hier dargestellt:\u00a0<a href=\"https:\/\/agripedia.ch\/pfo\/wp-content\/uploads\/sites\/9\/2018\/11\/LBV-Struktur-Grafik.pdf\" target=\"_blank\" rel=\"noopener\">Grafik Ver\u00e4nderung LBV<\/a><a href=\"https:\/\/agripedia.ch\/pfo\/wp-content\/uploads\/sites\/5\/2018\/11\/LBV-Struktur-Grafik.pdf\">\u00a0<\/a><\/p>\n<h3><strong>Stolpersteine<\/strong><\/h3>\n<ul>\n<li><em>Interessenvertretung<\/em>: Frauenverb\u00e4nde vertreten \u201eB\u00e4uerinnen\u201c und \u201eLandfrauen\u201c, M\u00e4nnerorganisation nur \u201eBauern\u201c: Der Zusammenschluss zum LBV war nur m\u00f6glich, weil beim B\u00e4uerinnenverein zur Zeit der Fusion keine Landfrauen mehr dazugeh\u00f6rten.<\/li>\n<li>Die <em>formelle Fusion<\/em> zieht nicht automatisch die volle gleichberechtigte Integration der Frauen nach sich:<br \/>\nDer Frauenanteil bei Gremien und Delegiertenversammlungen des LBV liegt seit 2000 unver\u00e4ndert unter 25%.<\/li>\n<li>Eine Fusion kann zum <em>Verlust der Selbst\u00e4ndigkeit<\/em> der B\u00e4uerinnen f\u00fchren:\u00a0Die Luzerner B\u00e4uerinnen bef\u00fcrchteten vor der Fusion, von den Bauern abh\u00e4ngig zu werden \u2013 heute nicht mehr.<\/li>\n<li>Die <em>geschlechterunabh\u00e4ngige verbandsinterne Aufgabenteilung<\/em> folgt weiterhin einem traditionellen Muster, das zeigt die Aufgabenverteilung im LBV: B\u00e4uerinnen k\u00fcmmern sich v.a. um Hauswirtschaft und Soziales, M\u00e4nner v.a. um Wirtschaft, Politik, Produktionstechnik.<\/li>\n<li>Als <em>Top-down-Prozess<\/em> erreicht der Zusammenschluss die regionale und kommunale Ebene nicht: Bei einigen regionalen Sektionen des LBV ist die Fusion noch nicht vollzogen und kommt nur langsam voran; insbesondere \u00e4ltere Organisationen definieren die Mitgliedschaft \u00fcber die Bewirtschafter von Landwirtschaftsbetrieben und k\u00f6nnen\/wollen deshalb nur z\u00f6gerlich B\u00e4uerinnen aufnehmen.<\/li>\n<li>Die <em>Koordination der Mandatsaufgaben mit Betrieb, Hauswirtschaft\u00a0und Familie<\/em> ist f\u00fcr die Frauen nicht immer einfach zu regeln:\u00a0Mandatstr\u00e4gerinnen kommen v.a. bei der Sorgearbeit in ihren Familien unter Zeitdruck \u2013 oder lehnen das Amt ab.<\/li>\n<li>Die <em>H\u00f6he der Entsch\u00e4digung<\/em> spielt f\u00fcr die Annahme oder Ablehnung eine Funktion in einer Organisation eine Rolle: Der LBV entsch\u00e4digt auf kantonaler Ebene angemessen, bei regionalen\/kommunalen Organisationen ist\u00a0jedoch die Verbandsarbeit meist\u00a0ehrenamtlich.<\/li>\n<\/ul>\n<h3><strong>Erfolgsfaktoren<\/strong><\/h3>\n<ul>\n<li><em>Angleichung statutarischer Bedingungen<\/em>: Bereits vor der Fusion sollten die Statuten zwischen B\u00e4uerinnen- und Bauernorganisationen aufeinander abgestimmt werden (bzgl. Name, Zweck, Mitgliedschaft, Organe, Entscheidungsprozesse, Aufgabenteilung, Finanzierung etc.), das erleichtert die Fusionsverhandlungen deutlich.<\/li>\n<li><em>Gemeinsame Drehscheibe<\/em>: Mit einer gemeinsamen professionellen Gesch\u00e4ftsstelle kann eine fusionierte Organisation betr\u00e4chtliche Kostensenkungen und einen grossen Effizienzgewinn realisieren. Den B\u00e4uerinnen stehen so ein breiteres Netzwerk, gr\u00f6ssere \u00f6ffentliche Wahrnehmung und mehr Finanzmittel zur Verf\u00fcgung.<\/li>\n<li><em>Gr\u00f6ssere Meinungsvielfalt<\/em>: Bei geschlechtergemischten Organisationen wird eine breitere Palette von Standpunkten diskutiert, werden angemessenere L\u00f6sungen gefunden und Informationen durch ein vielf\u00e4ltigeres Netzwerk ausgetauscht.<\/li>\n<li><em>Selbsterm\u00e4chtigung<\/em>: Mandatstr\u00e4gerinnen werden durch den Zuwachs an Einfluss und Fachkompetenz sowie die soziale Horizonterweiterung motiviert, die sie mit ihrem Engagement erzielen.<\/li>\n<li><em>F\u00f6rderung auf allen Ebenen<\/em>: Wenn schon vor einer Fusion konkrete Massnahmen zur F\u00f6rderung und Rekrutierung weiblicher Kandidatinnen f\u00fcr Mandate auf allen Verbandsebenen eingeleitet werden und man bereits w\u00e4hrend der Vorbereitung auch die regionalen und kommunalen Vereine miteinbezieht, kann die informelle Integration der Frauen schneller und gr\u00fcndlicher erfolgen.<\/li>\n<\/ul>\n","protected":false},"excerpt":{"rendered":"<p>Zusammenschluss von Organisationen als Chance? Im Jahr 2000 fusionierten die ausschliesslich weibliche Luzerner B\u00e4uerinnenvereinigung und der \u00fcberwiegend m\u00e4nnliche Luzerner Bauernverband zum \u201eLuzerner B\u00e4uerinnen \u2013 und Bauernverband\u201c. Im Rahmen des Projekts PFO haben wir die Geschichte dieses in der Schweizer Landwirtschaftsszene einmaligen Zusammenschlusses genauer aufgezeichnet und versucht, ihre Wirkung zu analysieren. Dazu konnten wir das umfangreiche  [&#8230;]<\/p>\n","protected":false},"author":15,"featured_media":0,"parent":26,"menu_order":5,"comment_status":"closed","ping_status":"closed","template":"","meta":{"_sb_is_suggestion_mode":false,"_sb_show_suggestion_boards":false,"_sb_show_comment_boards":false,"_sb_suggestion_history":"","_sb_update_block_changes":"","_monsterinsights_skip_tracking":false,"_monsterinsights_sitenote_active":false,"_monsterinsights_sitenote_note":"","_monsterinsights_sitenote_category":0,"footnotes":""},"class_list":["post-41","page","type-page","status-publish","hentry"],"_links":{"self":[{"href":"https:\/\/agripedia.ch\/pfo\/wp-json\/wp\/v2\/pages\/41","targetHints":{"allow":["GET"]}}],"collection":[{"href":"https:\/\/agripedia.ch\/pfo\/wp-json\/wp\/v2\/pages"}],"about":[{"href":"https:\/\/agripedia.ch\/pfo\/wp-json\/wp\/v2\/types\/page"}],"author":[{"embeddable":true,"href":"https:\/\/agripedia.ch\/pfo\/wp-json\/wp\/v2\/users\/15"}],"replies":[{"embeddable":true,"href":"https:\/\/agripedia.ch\/pfo\/wp-json\/wp\/v2\/comments?post=41"}],"version-history":[{"count":8,"href":"https:\/\/agripedia.ch\/pfo\/wp-json\/wp\/v2\/pages\/41\/revisions"}],"predecessor-version":[{"id":1162,"href":"https:\/\/agripedia.ch\/pfo\/wp-json\/wp\/v2\/pages\/41\/revisions\/1162"}],"up":[{"embeddable":true,"href":"https:\/\/agripedia.ch\/pfo\/wp-json\/wp\/v2\/pages\/26"}],"wp:attachment":[{"href":"https:\/\/agripedia.ch\/pfo\/wp-json\/wp\/v2\/media?parent=41"}],"curies":[{"name":"wp","href":"https:\/\/api.w.org\/{rel}","templated":true}]}}