{"id":1010,"date":"2019-02-26T14:23:38","date_gmt":"2019-02-26T14:23:38","guid":{"rendered":"https:\/\/agripedia.ch\/pfo\/?page_id=1010"},"modified":"2019-02-28T12:16:07","modified_gmt":"2019-02-28T12:16:07","slug":"pourquoi-augmenter-la-participation-des-femmes","status":"publish","type":"page","link":"https:\/\/agripedia.ch\/pfo\/pourquoi-augmenter-la-participation-des-femmes\/?lang=fr","title":{"rendered":"Pourquoi augmenter la participation des femmes?"},"content":{"rendered":"<h1>Pourquoi augmenter la participation des femmes?<\/h1>\n<p>Beaucoup de litt\u00e9rature scientifique et de documentations existent et montrent combien il est important d&#8217;augmenter l&#8217;implication des femmes dans la vie publique. On sait maintenant que le fait de partager les responsabilit\u00e9s entre les femmes et les hommes n&#8217;est pas seulement une question d&#8217;\u00e9galit\u00e9 mais que la soci\u00e9t\u00e9 et l&#8217;\u00e9conomie sont les premi\u00e8res \u00e0 en b\u00e9n\u00e9ficier.<\/p>\n<p>La mixit\u00e9 favorise l&#8217;\u00e9quilibre du d\u00e9bat et l&#8217;\u00e9galit\u00e9 dans les d\u00e9cisions. Quand on travaille ensemble, il est bon de d\u00e9cider ensemble \u00e9galement.<\/p>\n<h3>Pourquoi le monde agricole doit s&#8217;en pr\u00e9occuper?<\/h3>\n<p>Dans les nombreuses organisations professionnelles, la pr\u00e9sence de femmes dans les instances d\u00e9cisionnelles est tr\u00e8s faible voire inexistante dans certains cas. Cette question est encore peu th\u00e9matis\u00e9e et les avantages de la mixit\u00e9 ne sont pas v\u00e9ritablement identifi\u00e9s (<em>Source: Rapport final FARAH<\/em>). Pourtant ce sont autant les organisations dans leur fa\u00e7on de fonctionner que les femmes elles-m\u00eames qui peuvent faire changer les choses.<\/p>\n<blockquote><p><em>L&#8217;\u00e9galit\u00e9 n&#8217;est pas uniquement de la responsabilit\u00e9 des femmes, c&#8217;est notre responsabilit\u00e9 \u00e0 tous, aux hommes comme aux femmes.<\/em><\/p>\n<p><em>Kofi Annan<\/em><\/p><\/blockquote>\n<p>L&#8217;importance du partenariat entre hommes et femmes est essentiel car rien n&#8217;emp\u00eache ou ne limite d\u00e9lib\u00e9r\u00e9ment l&#8217;acc\u00e8s aux femmes \u00e0 la prise de responsabilit\u00e9. Les obstacles sont de nature plus subtile et rel\u00e8vent notamment des freins au niveau des conceptions des r\u00f4les de chacun et de chacune (<em>Source: Rapport final FARAH<\/em>).<\/p>\n<p>De nombreuses \u00e9tudes montrent qu&#8217;il est important de mettre en place des mesures qui peuvent \u00eatre provisoires, mais qui permettent d&#8217;inverser la tendance.<\/p>\n<p>Augmenter la participation des femmes dans les organisations demande \u00e9videmment de leur faire une place. Si l&#8217;on ne trouve pas souvent de r\u00e9els obstacles structurels ou fonctionnels \u00e0 la pr\u00e9sence faible des femmes dans les instances dirigeantes des organisations, il est cependant n\u00e9cessaire de r\u00e9fl\u00e9chir aux raisons qui pourraient motiver une organisation \u00e0 s&#8217;engager activement pour augmenter la pr\u00e9sence des femmes dans ses instances dirigeantes.<\/p>\n<h3>Plus-value pour l&#8217;organisation:<\/h3>\n<ul>\n<li><strong>Un fort potentiel d\u2019innovation et de r\u00e9solution de probl\u00e8mes : <\/strong>les femmes jouent un r\u00f4le essentiel dans les exploitations agricoles familiales en menant de front de multiples t\u00e2ches. Elles sont au carrefour des sph\u00e8res familiales, productives, sociales ; par l\u00e0-m\u00eame, elles am\u00e8nent d\u2019autres pr\u00e9occupations, d\u2019autres visions, d\u2019autres r\u00e9seaux, en termes de qualit\u00e9 de vie, de viabilit\u00e9 et de p\u00e9rennit\u00e9 des exploitations. Enrichir les strat\u00e9gies des organisations agricoles avec cette diversit\u00e9 des points de vue permettrait de d\u00e9velopper des strat\u00e9gies, de nouvelles options et une meilleure comp\u00e9titivit\u00e9.<\/li>\n<li><strong>Une plus grande efficacit\u00e9 et productivit\u00e9 : <\/strong>la mixit\u00e9 et la diversit\u00e9 sont reconnues pour am\u00e9liorer l\u2019efficacit\u00e9 et la performance des entreprises.<\/li>\n<li><strong>Un plus grand potentiel de recrutement : <\/strong>les organisations agricoles connaissent des probl\u00e8mes de recrutement et de rel\u00e8ve, activer le \u00ab r\u00e9servoir f\u00e9minin \u00bb permettrait de r\u00e9pondre, au moins partiellement, \u00e0 cet enjeu.<\/li>\n<li><strong>Une culture d\u2019entreprise ouverte et orient\u00e9e vers l\u2019avenir : <\/strong>une organisation avec des femmes aux postes \u00e0 responsabilit\u00e9 est un signe clair, tant \u00e0 l\u2019interne qu\u2019envers l\u2019externe, d\u2019une organisation ouverte et orient\u00e9e vers l\u2019avenir.<\/li>\n<\/ul>\n<h3>\u00c9l\u00e9ments pour faciliter l&#8217;engagement des femmes:<\/h3>\n<p>Des constations ont \u00e9t\u00e9 faites \u00e0 plusieurs niveaux et dans plusieurs pays concernant l&#8217;\u00e9tat des lieux de l&#8217;engagement f\u00e9minin <em>(voir la page: R\u00e9f\u00e9rences bibliographiques<\/em>). Ces constations permettent de mieux appr\u00e9hender des possibles mesures.<\/p>\n<ul>\n<li>Sortir des st\u00e9r\u00e9otypes notamment li\u00e9s aux comp\u00e9tences qui\u00a0 sont\u00a0 l&#8217;un des obstacles importants \u00e0 l&#8217;engagement des femmes. Il n&#8217;est pas n\u00e9cessaire d&#8217;avoir un CFC en agriculture pour pouvoir comprendre et travailler sur les enjeux de la politique agricole.<\/li>\n<li>Des hommes doivent \u00eatre pr\u00eats \u00e0 laisser leur place.<\/li>\n<li>Une bonne r\u00e9partition des t\u00e2ches sur l&#8217;exploitation et aupr\u00e8s de la famille afin de permettre \u00e0 la femme de s&#8217;\u00e9loigner de la maison.<\/li>\n<li>Les organisations doivent mettre en place des r\u00e8gles claires et les\u00a0 respecter. La multitude d&#8217;organisations et de d\u00e9l\u00e9gations ne favorise pas la place des femmes car ce sont souvent les organisations locales qui proposent des candidats aux organisations nationales qui ont souvent des si\u00e8ges r\u00e9serv\u00e9s pour les repr\u00e9sentants des branches etc. De plus c&#8217;est souvent l&#8217;exploitation qui est membre et donc le chef d&#8217;exploitation qui peut uniquement la repr\u00e9senter. La marge de man\u0153uvres doit donc \u00eatre clarifi\u00e9e par les organisations.<\/li>\n<li>Des organisations de paysannes existent. Elles rassemblent souvent des personnes form\u00e9es et comp\u00e9tentes faisant partie d&#8217;un r\u00e9seau existants. Les organisations peuvent s&#8217;appuyer sur ces r\u00e9seaux pour trouver des femmes motiv\u00e9es \u00e0 participer.<\/li>\n<\/ul>\n<h3>Plus-value pour les femmes:<\/h3>\n<ul>\n<li>S&#8217;enrichir personnellement par la rencontre des autres et les \u00e9changes.<\/li>\n<li>Se sentir soutenue dans ses id\u00e9es et ses valeurs au contact de personnes qui les partagent.<\/li>\n<li>Gagner de la confiance en soi en acqu\u00e9rant des connaissances et de nouvelles comp\u00e9tences.<\/li>\n<\/ul>\n<h3>Contrepartie attendues de la part des femmes:<\/h3>\n<ul>\n<li>Accepter d&#8217;\u00eatre visible, de se mettre en avant et de risquer la critique, notamment dans les m\u00e9dias.<\/li>\n<li>Oser se lancer et se porter candidate de fa\u00e7on volontaire en se sentant l\u00e9gitime et en \u00e9tant consciente des comp\u00e9tences qu&#8217;elles peuvent apporter.<\/li>\n<li>Accepter de quitter l&#8217;exploitation et la maison de fa\u00e7on relativement r\u00e9guli\u00e8re demande de l\u00e2cher prise sur certaines t\u00e2ches.<\/li>\n<li>Faire le pas de se former pour mieux appr\u00e9hender son r\u00f4le de responsable.<\/li>\n<\/ul>\n","protected":false},"excerpt":{"rendered":"<p>Pourquoi augmenter la participation des femmes? Beaucoup de litt\u00e9rature scientifique et de documentations existent et montrent combien il est important d&#8217;augmenter l&#8217;implication des femmes dans la vie publique. On sait maintenant que le fait de partager les responsabilit\u00e9s entre les femmes et les hommes n&#8217;est pas seulement une question d&#8217;\u00e9galit\u00e9 mais que la soci\u00e9t\u00e9 et  [&#8230;]<\/p>\n","protected":false},"author":18,"featured_media":0,"parent":0,"menu_order":1,"comment_status":"closed","ping_status":"closed","template":"","meta":{"_sb_is_suggestion_mode":false,"_sb_show_suggestion_boards":false,"_sb_show_comment_boards":false,"_sb_suggestion_history":"","_sb_update_block_changes":"","_monsterinsights_skip_tracking":false,"_monsterinsights_sitenote_active":false,"_monsterinsights_sitenote_note":"","_monsterinsights_sitenote_category":0,"footnotes":""},"class_list":["post-1010","page","type-page","status-publish","hentry"],"_links":{"self":[{"href":"https:\/\/agripedia.ch\/pfo\/wp-json\/wp\/v2\/pages\/1010","targetHints":{"allow":["GET"]}}],"collection":[{"href":"https:\/\/agripedia.ch\/pfo\/wp-json\/wp\/v2\/pages"}],"about":[{"href":"https:\/\/agripedia.ch\/pfo\/wp-json\/wp\/v2\/types\/page"}],"author":[{"embeddable":true,"href":"https:\/\/agripedia.ch\/pfo\/wp-json\/wp\/v2\/users\/18"}],"replies":[{"embeddable":true,"href":"https:\/\/agripedia.ch\/pfo\/wp-json\/wp\/v2\/comments?post=1010"}],"version-history":[{"count":4,"href":"https:\/\/agripedia.ch\/pfo\/wp-json\/wp\/v2\/pages\/1010\/revisions"}],"predecessor-version":[{"id":1028,"href":"https:\/\/agripedia.ch\/pfo\/wp-json\/wp\/v2\/pages\/1010\/revisions\/1028"}],"wp:attachment":[{"href":"https:\/\/agripedia.ch\/pfo\/wp-json\/wp\/v2\/media?parent=1010"}],"curies":[{"name":"wp","href":"https:\/\/api.w.org\/{rel}","templated":true}]}}