{"id":962,"date":"2025-02-04T17:35:35","date_gmt":"2025-02-04T16:35:35","guid":{"rendered":"https:\/\/agripedia.ch\/pflanzliche-proteine\/?page_id=962"},"modified":"2025-02-26T16:12:42","modified_gmt":"2025-02-26T15:12:42","slug":"biodiversitaet","status":"publish","type":"page","link":"https:\/\/agripedia.ch\/pflanzliche-proteine\/biodiversitaet\/","title":{"rendered":"Biodiversit\u00e4t"},"content":{"rendered":"\n<p>Diese Seite befasst sich mit der Frage, wie mehr Leguminosen auf dem Feld und auf dem Teller zu einer Verbesserung der Biodiversit\u00e4t beitragen k\u00f6nnen.<\/p>\n\n\n\n<p><strong>Die Grundannahme ist, dass eine erh\u00f6hte Produktion und ein erh\u00f6hter Konsum von Leguminosen zu einer Verbesserung der Biodiversit\u00e4t und der \u00d6kosystem-Leistungen in der Schweiz und im Ausland f\u00fchren w\u00fcrde.<\/strong><\/p>\n\n\n\n<p>Im Rahmen eines kleinen vom SNF gef\u00f6rderten Projektes haben wir eine Stakeholderanalyse zu diesem Thema gemacht. Diese Seite pr\u00e4sentiert das Ergebnis, mit dem Zweck, unsere Ergebnisse in einer verst\u00e4ndlichen und f\u00fcr alle offenen Weise zu ver\u00f6ffentlichen. Gleichzeitig m\u00f6chten wir Informationen von interessierten Parteien, seien es Fachleute oder Verbraucher, \u00fcber ihre Ansichten und auch Vorschl\u00e4ge erhalten.<\/p>\n\n\n\n<p> Die Inhalte sind das Ergebnis des Konsortiums, das aus <a href=\"https:\/\/www.agroscope.admin.ch\/agroscope\/de\/home.html\" target=\"_blank\" rel=\"noreferrer noopener\"><strong>Agroscope<\/strong><\/a>, <a href=\"https:\/\/ifu.ethz.ch\/\" target=\"_blank\" rel=\"noreferrer noopener\"><strong>ETH<\/strong><\/a>, <a href=\"https:\/\/www.strickhof.ch\/\" data-type=\"link\" data-id=\"https:\/\/www.strickhof.ch\/\" target=\"_blank\" rel=\"noreferrer noopener\"><strong>Strickhof<\/strong> <\/a>und <a href=\"https:\/\/www.agridea.ch\/de\" data-type=\"link\" data-id=\"https:\/\/www.agridea.ch\/de\" target=\"_blank\" rel=\"noreferrer noopener\"><strong>AGRIDEA <\/strong><\/a>zusammen mit den Partner <a href=\"https:\/\/www.catta.ch\/\" target=\"_blank\" rel=\"noreferrer noopener\"><strong>Catta <\/strong><\/a>und <a href=\"https:\/\/www.risiko-dialog.ch\/\" target=\"_blank\" rel=\"noreferrer noopener\"><strong>Risiko-Dialog<\/strong><\/a> besteht. Um unter den Siegerprojekten ausgew\u00e4hlt zu werden, hatten wir die M\u00f6glichkeit, an einer Vorbereitungsphase zu arbeiten, und diese Seite ist das Ergebnis dieser Phase. Finanziert wurde das Projekt durch NFP82.<\/p>\n\n\n\n<figure class=\"wp-block-image size-full is-style-default\"><a href=\"https:\/\/www.nfp82.ch\/de\" target=\"_blank\" rel=\"noreferrer noopener\"><img loading=\"lazy\" decoding=\"async\" width=\"300\" height=\"44\" src=\"https:\/\/agripedia.ch\/pflanzliche-proteine\/wp-content\/uploads\/sites\/49\/2025\/02\/image.png\" alt=\"\" class=\"wp-image-1005\"\/><\/a><\/figure>\n\n\n\n<p>Die Ergebnisse sind unten zu sehen.<\/p>\n\n\n\n<div class=\"wp-block-getwid-toggle has-icon-left\">\n<div class=\"wp-block-getwid-toggle__row\"><div class=\"wp-block-getwid-toggle__header-wrapper\"><span class=\"wp-block-getwid-toggle__header\"><a href=\"#\"><span class=\"wp-block-getwid-toggle__header-title\">Konsumentenumfrage<\/span><span class=\"wp-block-getwid-toggle__icon is-active\"><i class=\"fas fa-plus\"><\/i><\/span><span class=\"wp-block-getwid-toggle__icon is-passive\"><i class=\"fas fa-minus\"><\/i><\/span><\/a><\/span><\/div><div class=\"wp-block-getwid-toggle__content-wrapper\"><div class=\"wp-block-getwid-toggle__content\">\n<p>Catta f\u00fchrte eine Umfrage unter Konsumenten in Form einer Strassenumfrage vor Lebensmittelgesch\u00e4ften und online durch. Um verschiedene Schweizer Konsumenten zu repr\u00e4sentieren, wurde die Umfrage in den drei Sprachregionen und vor Gesch\u00e4ften durchgef\u00fchrt, die unterschiedliche Verbraucher anziehen, wie Aldi\/Lidl, Migros\/Coop und ein kleiner lokaler Laden. Die Umfrage sollte Aufschluss \u00fcber die Bereitschaft der Verbraucher geben, den Verzehr von H\u00fclsenfr\u00fcchten zu f\u00f6rdern oder zu behindern.<\/p>\n\n\n\n<blockquote class=\"wp-block-quote is-layout-flow wp-block-quote-is-layout-flow\">\n<p><mark style=\"background-color:rgba(0, 0, 0, 0)\" class=\"has-inline-color has-agripedia-red-color\"><strong>Disclaimer<\/strong>: Die Ergebnisse bieten keine wissenschaftliche Grundlage, da die geringe Teilnehmerzahl keine aussagekr\u00e4ftige statistische Analyse zul\u00e4sst. Die Umfrage gibt uns jedoch eine Diskussionsgrundlage und einen Einblick in die aktuelle Situation.<\/mark><\/p>\n<\/blockquote>\n\n\n\n<p>In den beiden folgenden Bildern ist ein \u00dcberblick \u00fcber die befragten Verbraucher zu sehen.<\/p>\n\n\n\n<figure class=\"wp-block-image size-large\"><img loading=\"lazy\" decoding=\"async\" width=\"1024\" height=\"576\" src=\"https:\/\/agripedia.ch\/pflanzliche-proteine\/wp-content\/uploads\/sites\/49\/2024\/12\/241129_ProteinPowerTagung_Konsumentenumfrage_catta-1-1024x576.jpg\" alt=\"\" class=\"wp-image-976\" srcset=\"https:\/\/agripedia.ch\/pflanzliche-proteine\/wp-content\/uploads\/sites\/49\/2024\/12\/241129_ProteinPowerTagung_Konsumentenumfrage_catta-1-1024x576.jpg 1024w, https:\/\/agripedia.ch\/pflanzliche-proteine\/wp-content\/uploads\/sites\/49\/2024\/12\/241129_ProteinPowerTagung_Konsumentenumfrage_catta-1-300x169.jpg 300w, https:\/\/agripedia.ch\/pflanzliche-proteine\/wp-content\/uploads\/sites\/49\/2024\/12\/241129_ProteinPowerTagung_Konsumentenumfrage_catta-1-768x432.jpg 768w, https:\/\/agripedia.ch\/pflanzliche-proteine\/wp-content\/uploads\/sites\/49\/2024\/12\/241129_ProteinPowerTagung_Konsumentenumfrage_catta-1-1200x675.jpg 1200w, https:\/\/agripedia.ch\/pflanzliche-proteine\/wp-content\/uploads\/sites\/49\/2024\/12\/241129_ProteinPowerTagung_Konsumentenumfrage_catta-1.jpg 1280w\" sizes=\"auto, (max-width: 1024px) 100vw, 1024px\" \/><figcaption class=\"wp-element-caption\">Quelle: Catta<\/figcaption><\/figure>\n\n\n\n<figure class=\"wp-block-image size-large\"><img loading=\"lazy\" decoding=\"async\" width=\"1024\" height=\"576\" src=\"https:\/\/agripedia.ch\/pflanzliche-proteine\/wp-content\/uploads\/sites\/49\/2024\/12\/haufigkeit-Einkauf_catta-1024x576.jpg\" alt=\"\" class=\"wp-image-974\" srcset=\"https:\/\/agripedia.ch\/pflanzliche-proteine\/wp-content\/uploads\/sites\/49\/2024\/12\/haufigkeit-Einkauf_catta-1024x576.jpg 1024w, https:\/\/agripedia.ch\/pflanzliche-proteine\/wp-content\/uploads\/sites\/49\/2024\/12\/haufigkeit-Einkauf_catta-300x169.jpg 300w, https:\/\/agripedia.ch\/pflanzliche-proteine\/wp-content\/uploads\/sites\/49\/2024\/12\/haufigkeit-Einkauf_catta-768x432.jpg 768w, https:\/\/agripedia.ch\/pflanzliche-proteine\/wp-content\/uploads\/sites\/49\/2024\/12\/haufigkeit-Einkauf_catta-1200x675.jpg 1200w, https:\/\/agripedia.ch\/pflanzliche-proteine\/wp-content\/uploads\/sites\/49\/2024\/12\/haufigkeit-Einkauf_catta.jpg 1280w\" sizes=\"auto, (max-width: 1024px) 100vw, 1024px\" \/><figcaption class=\"wp-element-caption\">Quelle: Catta<\/figcaption><\/figure>\n\n\n\n<p><strong>RESULTATE<\/strong><\/p>\n\n\n\n<p>Der <strong>Geschmack <\/strong>wurde sowohl als hinderlicher als auch als f\u00f6rdernder Faktor genannt. Unverarbeitete H\u00fclsenfr\u00fcchte wurden als gute Proteinquellen wahrgenommen, aber es wurden mehr Ideen oder Rezepte gew\u00fcnscht, um zu wissen, was man mit ihnen machen kann. In Bezug auf die <strong>Gesundheit <\/strong>wurden unverarbeitete H\u00fclsenfr\u00fcchte als gesund wahrgenommen; die Verarbeitung wurde als eher gesundheitssch\u00e4dlich angesehen. Die Auswirkungen von Lebensmitteln auf H\u00fclsenfruchtbasis auf die <strong>Umwelt <\/strong>wurden nur selten als Faktor genannt, und auch hier nur als hinderlicher Faktor, da verarbeitete Produkte auf H\u00fclsenfruchtbasis als nicht umweltfreundlich angesehen wurden; insbesondere wurden die negativen Auswirkungen des Sojaanbaus und der Energieverbrauch bei der Verarbeitung erw\u00e4hnt. Verarbeitete Produkte als Fleischersatz wurden eher als hinderlicher Faktor angesehen. Was die <strong>Herkunft <\/strong>der Rohstoffe betrifft, w\u00fcrden die Verbraucher Schweizer oder lokale Produkte bevorzugen. Eine Mehrheit der Teilnehmer gab an, dass sie mehr Produkte auf H\u00fclsenfruchtbasis kaufen w\u00fcrden, wenn diese gut f\u00fcr die Umwelt w\u00e4ren.<\/p>\n\n\n\n<figure class=\"wp-block-image size-large\"><img loading=\"lazy\" decoding=\"async\" width=\"1024\" height=\"576\" src=\"https:\/\/agripedia.ch\/pflanzliche-proteine\/wp-content\/uploads\/sites\/49\/2024\/12\/Resultate_catta-1024x576.jpg\" alt=\"\" class=\"wp-image-978\" srcset=\"https:\/\/agripedia.ch\/pflanzliche-proteine\/wp-content\/uploads\/sites\/49\/2024\/12\/Resultate_catta-1024x576.jpg 1024w, https:\/\/agripedia.ch\/pflanzliche-proteine\/wp-content\/uploads\/sites\/49\/2024\/12\/Resultate_catta-300x169.jpg 300w, https:\/\/agripedia.ch\/pflanzliche-proteine\/wp-content\/uploads\/sites\/49\/2024\/12\/Resultate_catta-768x432.jpg 768w, https:\/\/agripedia.ch\/pflanzliche-proteine\/wp-content\/uploads\/sites\/49\/2024\/12\/Resultate_catta-1200x675.jpg 1200w, https:\/\/agripedia.ch\/pflanzliche-proteine\/wp-content\/uploads\/sites\/49\/2024\/12\/Resultate_catta.jpg 1280w\" sizes=\"auto, (max-width: 1024px) 100vw, 1024px\" \/><figcaption class=\"wp-element-caption\">Quelle: Catta<\/figcaption><\/figure>\n\n\n\n<figure class=\"wp-block-image size-large\"><img loading=\"lazy\" decoding=\"async\" width=\"1024\" height=\"576\" src=\"https:\/\/agripedia.ch\/pflanzliche-proteine\/wp-content\/uploads\/sites\/49\/2024\/12\/Resultate-Unverarbeit_catta-1024x576.jpg\" alt=\"\" class=\"wp-image-980\" srcset=\"https:\/\/agripedia.ch\/pflanzliche-proteine\/wp-content\/uploads\/sites\/49\/2024\/12\/Resultate-Unverarbeit_catta-1024x576.jpg 1024w, https:\/\/agripedia.ch\/pflanzliche-proteine\/wp-content\/uploads\/sites\/49\/2024\/12\/Resultate-Unverarbeit_catta-300x169.jpg 300w, https:\/\/agripedia.ch\/pflanzliche-proteine\/wp-content\/uploads\/sites\/49\/2024\/12\/Resultate-Unverarbeit_catta-768x432.jpg 768w, https:\/\/agripedia.ch\/pflanzliche-proteine\/wp-content\/uploads\/sites\/49\/2024\/12\/Resultate-Unverarbeit_catta-1200x675.jpg 1200w, https:\/\/agripedia.ch\/pflanzliche-proteine\/wp-content\/uploads\/sites\/49\/2024\/12\/Resultate-Unverarbeit_catta.jpg 1280w\" sizes=\"auto, (max-width: 1024px) 100vw, 1024px\" \/><figcaption class=\"wp-element-caption\">Quelle: Catta<\/figcaption><\/figure>\n\n\n\n<p>Zu einigen Faktoren wurden folgende Erkl\u00e4rungen sichtbar:<\/p>\n\n\n\n<ul class=\"wp-block-list\">\n<li><strong>Beziehungen<\/strong>: Kinder oder Familienmitglieder wurden als einschr\u00e4nkende Faktoren genannt<\/li>\n\n\n\n<li><strong>Bequemlichkeit\/Zeit<\/strong>: Lebensmittel m\u00fcssen einfach zuzubereiten sein, schnell und unkompliziert. Der Wunsch nach hochwertigen vorgekochten Produkten wurde ge\u00e4u\u00dfert. Die Zeit f\u00fcr die Zubereitung von H\u00fclsenfr\u00fcchten wurde als hinderlicher Faktor angesehen.<\/li>\n\n\n\n<li><strong>Bequemlichkeit\/verarbeitete Produkte<\/strong>: Tofu und Hummus werden nicht als verarbeitete Lebensmittel wahrgenommen.<\/li>\n\n\n\n<li><strong>Verpackung<\/strong>: Konservendosen wurden als ungesund und geschmacklich schlecht empfunden; zu viel Plastikverpackung bei Fertigprodukten wurde als negativ angesehen.<\/li>\n\n\n\n<li><strong>Preis<\/strong>: Konservendosen wurden als ungesund und geschmacklich schlecht empfunden; zu viel Plastikverpackung bei Fertigprodukten wurde als negativ angesehen.<\/li>\n\n\n\n<li><strong>Gesundheit<\/strong>: Verarbeitete Lebensmittel werden als ungesund wahrgenommen, unverarbeitete H\u00fclsenfr\u00fcchte als gesund. Die Verdaulichkeit von H\u00fclsenfr\u00fcchten wurde jedoch als hinderlicher Faktor genannt<\/li>\n<\/ul>\n\n\n\n<p><strong>FAZIT<\/strong><\/p>\n\n\n\n<p><strong>Im Moment v.a. Gesundheitsaspekte<\/strong> wahrgenommen. <\/p>\n\n\n\n<p>Unverarbeiteten H\u00fclsenfr\u00fcchten = gesund<\/p>\n\n\n\n<p>Verarbeitete Produkte = eher ungesund (wegen Verarbeitungsgrad)<\/p>\n\n\n\n<p>Potential f\u00fcr Schweizer Produktion:<\/p>\n\n\n\n<p>Lokale Produktion scheint wichtig zu sein, aber (noch) keine Priorit\u00e4t im Vergleich<\/p>\n\n\n\n<p>Umweltaspekte wurden zwar erw\u00e4hnt, aber nur selten<\/p>\n\n\n\n<p>Viele Vorurteile, mit denen man aufr\u00e4umen kann<\/p>\n\n\n\n<figure class=\"wp-block-image size-large\"><img loading=\"lazy\" decoding=\"async\" width=\"1024\" height=\"576\" src=\"https:\/\/agripedia.ch\/pflanzliche-proteine\/wp-content\/uploads\/sites\/49\/2024\/12\/Umfrage-fuer-die-Natur_catta-1024x576.jpg\" alt=\"\" class=\"wp-image-982\" srcset=\"https:\/\/agripedia.ch\/pflanzliche-proteine\/wp-content\/uploads\/sites\/49\/2024\/12\/Umfrage-fuer-die-Natur_catta-1024x576.jpg 1024w, https:\/\/agripedia.ch\/pflanzliche-proteine\/wp-content\/uploads\/sites\/49\/2024\/12\/Umfrage-fuer-die-Natur_catta-300x169.jpg 300w, https:\/\/agripedia.ch\/pflanzliche-proteine\/wp-content\/uploads\/sites\/49\/2024\/12\/Umfrage-fuer-die-Natur_catta-768x432.jpg 768w, https:\/\/agripedia.ch\/pflanzliche-proteine\/wp-content\/uploads\/sites\/49\/2024\/12\/Umfrage-fuer-die-Natur_catta-1200x675.jpg 1200w, https:\/\/agripedia.ch\/pflanzliche-proteine\/wp-content\/uploads\/sites\/49\/2024\/12\/Umfrage-fuer-die-Natur_catta.jpg 1280w\" sizes=\"auto, (max-width: 1024px) 100vw, 1024px\" \/><figcaption class=\"wp-element-caption\">Quelle: Catta<\/figcaption><\/figure>\n\n\n\n<p><strong>Potential, wenn gezielte Kommunikation! (Natur, Proteinquelle, lokale Produktion)<\/strong><\/p>\n<\/div><\/div><\/div>\n\n\n\n<div class=\"wp-block-getwid-toggle__row\"><div class=\"wp-block-getwid-toggle__header-wrapper\"><span class=\"wp-block-getwid-toggle__header\"><a href=\"#\"><span class=\"wp-block-getwid-toggle__header-title\">Stakeholder Mapping<\/span><span class=\"wp-block-getwid-toggle__icon is-active\"><i class=\"fas fa-plus\"><\/i><\/span><span class=\"wp-block-getwid-toggle__icon is-passive\"><i class=\"fas fa-minus\"><\/i><\/span><\/a><\/span><\/div><div class=\"wp-block-getwid-toggle__content-wrapper\"><div class=\"wp-block-getwid-toggle__content\">\n<p>Das Stakeholder-Mapping war notwendig, um bei der Vielzahl von Fachleuten zu verstehen, welche von ihnen einen wichtigen Einfluss im Bereich \u00abBiodiversit\u00e4tsf\u00f6rderung durch mehr Leguminosen auf dem Feld und auf dem Teller\u00bb haben. Die Erstellung der Stakeholderkarte erfolgte in vier Phasen:<\/p>\n\n\n\n<p>In der <strong>ersten Phase<\/strong> f\u00fchrten wir ein Brainstorming mit allen m\u00f6glichen Unternehmen, Institutionen, Organisationen usw. durch, die einen positiven oder negativen und mehr oder weniger starken Einfluss auf die die H\u00fclsenfr\u00fcchteproduktion und -konsumation haben k\u00f6nnten. In der <strong>zweiten Phase<\/strong> diskutierten wir intern \u00fcber all diese Institutionen, wie gross ihr Einfluss war und wie gross ihr Interesse war. In der <strong>dritten Phase<\/strong> f\u00fchrten wir Interviews ausgew\u00e4hlten Organisationen \/ Gruppen, fragten sie nach ihrer Einsch\u00e4tzung und passten die Grafik auf der Grundlage ihrer Antworten an. In der <strong>vierten und letzten Phase<\/strong> haben wir die Tabelle konsolidiert und die Stakeholder in Gruppen zusammengefasst .<\/p>\n\n\n\n<p>Das Ergebnis ist ein Diagramm, in dem alle Interessengruppen, die in irgendeiner Weise mit H\u00fclsenfr\u00fcchten zu tun haben, dargestellt werden, unterteilt nach ihrer Funktion und verteilt nach ihrem Interesse an der Thematik und ihrem Einfluss, den sie auf eine Neuausrichtung der landwirtschaftlichen Produktion und des Konsums nehmen k\u00f6nnten. F\u00fcr unser Projekt werden in erster Linie Interessengruppen mit besonderem Einfluss und Interesse ber\u00fccksichtigt.<\/p>\n\n\n\n<blockquote class=\"wp-block-quote is-layout-flow wp-block-quote-is-layout-flow\">\n<p><mark style=\"background-color:rgba(0, 0, 0, 0)\" class=\"has-inline-color has-agripedia-red-color\"><strong>Disclaimer<\/strong>: Das Ergebnis des Diagramms ist nicht endg\u00fcltig, sondern entwickelt sich st\u00e4ndig weiter. Das Ziel ist nicht, bestimmte Stakeholder zu bewerten, sondern ihre aktuelle Position gegen\u00fcber dem Thema \u00abBiodiversit\u00e4tsf\u00f6rderung durch mehr Leguminosen auf dem Feld und auf dem Teller\u00bb einzuordnen. Sie sind herzlich eingeladen, zu kommentieren, wenn Sie eine andere Meinung haben oder wenn Sie weitere wichtige Stakeholder sehen.<\/mark><\/p>\n<\/blockquote>\n\n\n\n<figure class=\"wp-block-image alignfull size-large\"><img loading=\"lazy\" decoding=\"async\" width=\"1024\" height=\"576\" src=\"https:\/\/agripedia.ch\/pflanzliche-proteine\/wp-content\/uploads\/sites\/49\/2025\/02\/Stakeholder-Map_BiodiversityField2Fork_final_page-0001-1024x576.jpg\" alt=\"\" class=\"wp-image-1001\" srcset=\"https:\/\/agripedia.ch\/pflanzliche-proteine\/wp-content\/uploads\/sites\/49\/2025\/02\/Stakeholder-Map_BiodiversityField2Fork_final_page-0001-1024x576.jpg 1024w, https:\/\/agripedia.ch\/pflanzliche-proteine\/wp-content\/uploads\/sites\/49\/2025\/02\/Stakeholder-Map_BiodiversityField2Fork_final_page-0001-300x169.jpg 300w, https:\/\/agripedia.ch\/pflanzliche-proteine\/wp-content\/uploads\/sites\/49\/2025\/02\/Stakeholder-Map_BiodiversityField2Fork_final_page-0001-768x432.jpg 768w, https:\/\/agripedia.ch\/pflanzliche-proteine\/wp-content\/uploads\/sites\/49\/2025\/02\/Stakeholder-Map_BiodiversityField2Fork_final_page-0001-1536x864.jpg 1536w, https:\/\/agripedia.ch\/pflanzliche-proteine\/wp-content\/uploads\/sites\/49\/2025\/02\/Stakeholder-Map_BiodiversityField2Fork_final_page-0001-1200x675.jpg 1200w, https:\/\/agripedia.ch\/pflanzliche-proteine\/wp-content\/uploads\/sites\/49\/2025\/02\/Stakeholder-Map_BiodiversityField2Fork_final_page-0001-1980x1114.jpg 1980w, https:\/\/agripedia.ch\/pflanzliche-proteine\/wp-content\/uploads\/sites\/49\/2025\/02\/Stakeholder-Map_BiodiversityField2Fork_final_page-0001.jpg 2000w\" sizes=\"auto, (max-width: 1024px) 100vw, 1024px\" \/><figcaption class=\"wp-element-caption\">Quelle: Intern<\/figcaption><\/figure>\n<\/div><\/div><\/div>\n\n\n\n<div class=\"wp-block-getwid-toggle__row\"><div class=\"wp-block-getwid-toggle__header-wrapper\"><span class=\"wp-block-getwid-toggle__header\"><a href=\"#\"><span class=\"wp-block-getwid-toggle__header-title\">Stakeholder Workshop<\/span><span class=\"wp-block-getwid-toggle__icon is-active\"><i class=\"fas fa-plus\"><\/i><\/span><span class=\"wp-block-getwid-toggle__icon is-passive\"><i class=\"fas fa-minus\"><\/i><\/span><\/a><\/span><\/div><div class=\"wp-block-getwid-toggle__content-wrapper\"><div class=\"wp-block-getwid-toggle__content\">\n<p>Der Workshop fand im Rahmen der vom Strickhof j\u00e4hrlich durchgef\u00fchrten Tagung des \u201eNetzwerk Protein Power\u201c statt, an der 120 Personen teilnahmen. Ausgew\u00e4hlte Personen aus der Stakeholder-Karte konnten w\u00e4hrend des Seminars am Workshop teilnehmen. Anwesend waren 13 Stakeholder: 3 Landwirte, 3 Stv. der Industrien, 1 kantonale Beraterin, 5 stv. der Produzentenorganisationen und 1 Sammelstelle.<\/p>\n\n\n\n<p>Der Workshop war in zwei Phasen unterteilt. In der ersten Phase von 30 Minuten wurden der Grund f\u00fcr diesen Workshop, das Ziel des Projekts und die Ergebnisse des Tests mit den Verbrauchern erl\u00e4utert. In der zweiten Phase von 60 Minuten wurden die Teilnehmer in zwei Gruppen aufgeteilt und jede Gruppe musste drei Themen bearbeiten in Bezug zum Nutzen und den Grenzen einer weiteren Vertiefung des Themas \u00abBiodiversit\u00e4t durch mehr Leguminosen auf dem Feld und auf dem Teller\u00bb.<\/p>\n\n\n\n<p>In der unterstehende Tabelle werden die Resultate aufgezeigt.<\/p>\n\n\n\n<figure class=\"wp-block-image alignwide size-large\"><img loading=\"lazy\" decoding=\"async\" width=\"1024\" height=\"575\" src=\"https:\/\/agripedia.ch\/pflanzliche-proteine\/wp-content\/uploads\/sites\/49\/2025\/02\/image-1-1024x575.png\" alt=\"\" class=\"wp-image-1033\" srcset=\"https:\/\/agripedia.ch\/pflanzliche-proteine\/wp-content\/uploads\/sites\/49\/2025\/02\/image-1-1024x575.png 1024w, https:\/\/agripedia.ch\/pflanzliche-proteine\/wp-content\/uploads\/sites\/49\/2025\/02\/image-1-300x168.png 300w, https:\/\/agripedia.ch\/pflanzliche-proteine\/wp-content\/uploads\/sites\/49\/2025\/02\/image-1-768x431.png 768w, https:\/\/agripedia.ch\/pflanzliche-proteine\/wp-content\/uploads\/sites\/49\/2025\/02\/image-1.png 1063w\" sizes=\"auto, (max-width: 1024px) 100vw, 1024px\" \/><figcaption class=\"wp-element-caption\">Quelle: Intern<\/figcaption><\/figure>\n\n\n\n<h2 class=\"wp-block-heading\">Zusammenfassung<\/h2>\n\n\n\n<p>Die Meinungen der Teilnehmer waren unterschiedlich.<\/p>\n\n\n\n<p>Aus agronomischer Sicht wird als wichtigstes Kriterium genannt, dass die Biodiversit\u00e4t nur dann zunimmt, wenn Leguminosen in Kombination mit anderen Kulturen angebaut werden, da es sonst nur mehr Monokulturen g\u00e4be. Positiv wurde festgehalten, dass mehr Leguminosen den Selbstversorgungsgrad der Schweiz erh\u00f6hen w\u00fcrden.<\/p>\n\n\n\n<p>Gleichzeitig stellten die Teilnehmer fest, dass das Thema Biodiversit\u00e4t derzeit weniger diskutiert wird als andere Themen wie z.B. die CO2-Reduktion und dass Biodiversit\u00e4t ein Begriff ist, der aktuell nicht oft verwendet wird, obwohl die letzte Volksabstimmung diese Ansicht nicht unterst\u00fctzt. Einige Bauernverb\u00e4nde k\u00f6nnten gegen das Projekt sein, wenn die Fleischproduktion zu sehr beeintr\u00e4chtigt wird, und es sollte keine neuen Labels und hohen Produktpreisen entstehen.<\/p>\n\n\n\n<p>Insgesamt l\u00e4sst sich sagen, dass die Haltung der Stakeholder zu einem verst\u00e4rkten Anbau und Konsum von Leguminosen unterschiedlich ist und die unterschiedlichen Bed\u00fcrfnisse im Detail ber\u00fccksichtigt werden m\u00fcssen, um alle wichtigen Akteure mit ins Boot zu holen.<\/p>\n<\/div><\/div><\/div>\n<\/div>\n","protected":false},"excerpt":{"rendered":"<p>Diese Seite befasst sich mit der Frage, wie mehr Leguminosen auf dem Feld und auf dem Teller zu einer Verbesserung der Biodiversit\u00e4t beitragen k\u00f6nnen. Die Grundannahme ist, dass eine erh\u00f6hte Produktion und ein erh\u00f6hter Konsum von Leguminosen zu einer Verbesserung der Biodiversit\u00e4t und der \u00d6kosystem-Leistungen in der Schweiz und im Ausland f\u00fchren w\u00fcrde. Im Rahmen [&hellip;]<\/p>\n","protected":false},"author":456,"featured_media":0,"parent":0,"menu_order":0,"comment_status":"open","ping_status":"closed","template":"","meta":{"_sb_is_suggestion_mode":false,"_sb_show_suggestion_boards":false,"_sb_show_comment_boards":false,"_sb_suggestion_history":"","_sb_update_block_changes":"","_monsterinsights_skip_tracking":false,"_monsterinsights_sitenote_active":false,"_monsterinsights_sitenote_note":"","_monsterinsights_sitenote_category":0,"footnotes":""},"class_list":["post-962","page","type-page","status-publish","hentry"],"_links":{"self":[{"href":"https:\/\/agripedia.ch\/pflanzliche-proteine\/wp-json\/wp\/v2\/pages\/962","targetHints":{"allow":["GET"]}}],"collection":[{"href":"https:\/\/agripedia.ch\/pflanzliche-proteine\/wp-json\/wp\/v2\/pages"}],"about":[{"href":"https:\/\/agripedia.ch\/pflanzliche-proteine\/wp-json\/wp\/v2\/types\/page"}],"author":[{"embeddable":true,"href":"https:\/\/agripedia.ch\/pflanzliche-proteine\/wp-json\/wp\/v2\/users\/456"}],"replies":[{"embeddable":true,"href":"https:\/\/agripedia.ch\/pflanzliche-proteine\/wp-json\/wp\/v2\/comments?post=962"}],"version-history":[{"count":31,"href":"https:\/\/agripedia.ch\/pflanzliche-proteine\/wp-json\/wp\/v2\/pages\/962\/revisions"}],"predecessor-version":[{"id":1056,"href":"https:\/\/agripedia.ch\/pflanzliche-proteine\/wp-json\/wp\/v2\/pages\/962\/revisions\/1056"}],"wp:attachment":[{"href":"https:\/\/agripedia.ch\/pflanzliche-proteine\/wp-json\/wp\/v2\/media?parent=962"}],"curies":[{"name":"wp","href":"https:\/\/api.w.org\/{rel}","templated":true}]}}