{"id":1708,"date":"2025-08-28T06:24:36","date_gmt":"2025-08-28T06:24:36","guid":{"rendered":"https:\/\/agripedia.ch\/per\/?page_id=1708"},"modified":"2025-08-28T06:24:36","modified_gmt":"2025-08-28T06:24:36","slug":"production-de-lait-ou-de-viande-basee-sur-les-herbages-plvh","status":"publish","type":"page","link":"https:\/\/agripedia.ch\/per\/production-de-lait-ou-de-viande-basee-sur-les-herbages-plvh\/","title":{"rendered":"Production de lait ou de viande bas\u00e9e sur les herbages, PLVH"},"content":{"rendered":"<p class=\"bodytext\">Cette mesure fait partie des contributions aux syst\u00e8mes de production.<\/p>\n<ul>\n<li>Fiche d&rsquo;information\u00a0<a href=\"https:\/\/agripedia.ch\/per\/wp-content\/uploads\/sites\/13\/2024\/09\/PER-Site-Maj240828-PLVH-Factsheet.pdf\" target=\"_blank\" rel=\"noopener\">PLVH \u2013 Production de lait et viande bas\u00e9e sur les herbages<\/a><\/li>\n<\/ul>\n<p>Calculateur Bilan fourrager PLVH<\/p>\n<ul>\n<li><a href=\"https:\/\/agripedia.ch\/per\/wp-content\/uploads\/sites\/13\/2025\/01\/2328_1_F_PLVH_Bilan_fourrager110.xlt\" target=\"_blank\" rel=\"noopener\">La version 1.10 du Bilan fourrager PLVH OFAG-AGRIDEA<\/a>\u00a0est valable pour les ann\u00e9es 2025 et 2026<\/li>\n<li><a href=\"https:\/\/agripedia.ch\/per\/wp-content\/uploads\/sites\/13\/2024\/09\/PER-Site-Maj240828-PLVH-Bilan-fourrager_PLVH_OFAGAgridea_1.9-pour2024-2025.xls\" target=\"_blank\" rel=\"noopener\">La version 1.9 du Bilan fourrager PLVH OFAG-AGRIDEA<\/a>\u00a0est valable pour les ann\u00e9es 2024 et 2025<\/li>\n<li><a href=\"https:\/\/agripedia.ch\/per\/wp-content\/uploads\/sites\/13\/2024\/09\/PER-Site-Maj240828-PLVH-Bilan-fourrager-PLVH_OFAGAgridea_1.8-pour2023-2024.xls\" target=\"_blank\" rel=\"noopener\">La version 1.8 du Bilan fourrager PLVH OFAG-AGRIDEA<\/a>\u00a0est valable pour les ann\u00e9es 2023 et 2024<\/li>\n<\/ul>\n<p class=\"bodytext\">Les logiciels pour le calcul \u00e9lectronique du bilan fourrager PLVH doivent \u00eatre autoris\u00e9s par l\u2019OFAG. Voir la liste des programmes autoris\u00e9s:<\/p>\n<ul>\n<li class=\"bodytext\"><a href=\"https:\/\/www.blw.admin.ch\/blw\/fr\/home\/instrumente\/direktzahlungen\/produktionssystembeitraege23\/beitrag-fuer-graslandbasierte-milch--und-fleischproduktion.html#accordion1727482918662\" target=\"_blank\" rel=\"noopener\">Logiciels agr\u00e9\u00e9s pour le bilan fourrager PLVH<\/a> (OFAG)<\/li>\n<\/ul>\n","protected":false},"excerpt":{"rendered":"<p>Cette mesure fait partie des contributions aux syst\u00e8mes de production. Fiche d&rsquo;information\u00a0PLVH \u2013 Production de lait et viande bas\u00e9e sur les herbages Calculateur Bilan fourrager PLVH La version 1.10 du Bilan fourrager PLVH OFAG-AGRIDEA\u00a0est valable pour les ann\u00e9es 2025 et 2026 La version 1.9 du Bilan fourrager PLVH OFAG-AGRIDEA\u00a0est valable pour les ann\u00e9es 2024 et  [&#8230;]<\/p>\n","protected":false},"author":1515,"featured_media":0,"parent":0,"menu_order":0,"comment_status":"closed","ping_status":"closed","template":"","meta":{"_sb_is_suggestion_mode":false,"_sb_show_suggestion_boards":false,"_sb_show_comment_boards":false,"_sb_suggestion_history":"","_sb_update_block_changes":"","_monsterinsights_skip_tracking":false,"_monsterinsights_sitenote_active":false,"_monsterinsights_sitenote_note":"","_monsterinsights_sitenote_category":0,"footnotes":""},"class_list":["post-1708","page","type-page","status-publish","hentry"],"_links":{"self":[{"href":"https:\/\/agripedia.ch\/per\/wp-json\/wp\/v2\/pages\/1708","targetHints":{"allow":["GET"]}}],"collection":[{"href":"https:\/\/agripedia.ch\/per\/wp-json\/wp\/v2\/pages"}],"about":[{"href":"https:\/\/agripedia.ch\/per\/wp-json\/wp\/v2\/types\/page"}],"author":[{"embeddable":true,"href":"https:\/\/agripedia.ch\/per\/wp-json\/wp\/v2\/users\/1515"}],"replies":[{"embeddable":true,"href":"https:\/\/agripedia.ch\/per\/wp-json\/wp\/v2\/comments?post=1708"}],"version-history":[{"count":1,"href":"https:\/\/agripedia.ch\/per\/wp-json\/wp\/v2\/pages\/1708\/revisions"}],"predecessor-version":[{"id":1709,"href":"https:\/\/agripedia.ch\/per\/wp-json\/wp\/v2\/pages\/1708\/revisions\/1709"}],"wp:attachment":[{"href":"https:\/\/agripedia.ch\/per\/wp-json\/wp\/v2\/media?parent=1708"}],"curies":[{"name":"wp","href":"https:\/\/api.w.org\/{rel}","templated":true}]}}