{"id":1397,"date":"2024-10-29T09:14:58","date_gmt":"2024-10-29T08:14:58","guid":{"rendered":"https:\/\/agripedia.ch\/klima\/home\/"},"modified":"2026-04-23T18:06:13","modified_gmt":"2026-04-23T16:06:13","slug":"home","status":"publish","type":"page","link":"https:\/\/agripedia.ch\/klima\/fr\/","title":{"rendered":"Plateforme Climat"},"content":{"rendered":"\n<p>Vous trouverez ici des connaissances sur le changement climatique, ses effets sur l\u2019agriculture ainsi que des pistes d\u2019action concr\u00e8tes. Nous signalons \u00e9galement les acteurs cl\u00e9s et les projets actuels dans le domaine de l\u2019adaptation au climat et de la protection climatique. Nous mettons en r\u00e9seau les savoirs, projets et acteurs du syst\u00e8me de connaissances et de l&rsquo;innovation agricole (SCIA). AGRIDEA d\u00e9veloppe continuellement la plateforme et l\u2019enrichit avec des contenus actuels.<\/p>\n\n\n\n<h2 class=\"wp-block-heading\"><strong>Th\u00e8mes<\/strong><\/h2>\n\n\n\n<div class=\"wp-block-columns is-layout-flex wp-container-core-columns-is-layout-9d6595d7 wp-block-columns-is-layout-flex\">\n<div class=\"wp-block-column is-layout-flow wp-block-column-is-layout-flow\">\n<div class=\"wp-block-group agripedia-vertical-image-box is-layout-flow wp-block-group-is-layout-flow\">\n<figure class=\"wp-block-image size-full agripedia-vertical-image-box-thumbnail\"><a href=\"https:\/\/agripedia.ch\/klima\/fr\/landwirtschaft-und-klimawandel\/?preview=true\"><img decoding=\"async\" src=\"https:\/\/agripedia.ch\/klima\/wp-content\/uploads\/sites\/66\/2025\/05\/20240604_112607-1.jpg\" alt=\"\" class=\"wp-image-1291\" style=\"aspect-ratio:16\/9;object-fit:cover\"\/><\/a><\/figure>\n\n\n\n<div class=\"wp-block-group agripedia-vertical-image-box-content is-layout-constrained wp-block-group-is-layout-constrained\">\n<h4 class=\"wp-block-heading agripedia-vertical-image-box-title\"><a href=\"https:\/\/agripedia.ch\/klima\/fr\/landwirtschaft-und-klimawandel\/?preview=true\" title=\"\"><strong>Agriculture et changement climatique<\/strong><\/a><\/h4>\n<\/div>\n<\/div>\n<\/div>\n\n\n\n<div class=\"wp-block-column is-layout-flow wp-block-column-is-layout-flow\">\n<div class=\"wp-block-group agripedia-vertical-image-box is-layout-flow wp-block-group-is-layout-flow\">\n<figure class=\"wp-block-image size-full agripedia-vertical-image-box-thumbnail\"><a href=\"https:\/\/agripedia.ch\/klima\/fr\/massnahmen-und-strategien\/?preview=true\"><img decoding=\"async\" src=\"https:\/\/agripedia.ch\/klima\/wp-content\/uploads\/sites\/66\/2025\/04\/DJI_0522.jpg\" alt=\"\" class=\"wp-image-1081\" style=\"aspect-ratio:16\/9;object-fit:cover\"\/><\/a><\/figure>\n\n\n\n<div class=\"wp-block-group agripedia-vertical-image-box-content is-layout-constrained wp-block-group-is-layout-constrained\">\n<h4 class=\"wp-block-heading agripedia-vertical-image-box-title\"><a href=\"https:\/\/agripedia.ch\/klima\/fr\/massnahmen-und-strategien\/?preview=true\" title=\"\">Strat\u00e9gies et leviers d\u2019action (mesures)<\/a><\/h4>\n<\/div>\n<\/div>\n<\/div>\n<\/div>\n\n\n\n<div class=\"wp-block-columns is-layout-flex wp-container-core-columns-is-layout-9d6595d7 wp-block-columns-is-layout-flex\">\n<div class=\"wp-block-column is-layout-flow wp-block-column-is-layout-flow\">\n<div class=\"wp-block-group agripedia-vertical-image-box is-layout-flow wp-block-group-is-layout-flow\">\n<figure class=\"wp-block-image size-full agripedia-vertical-image-box-thumbnail\"><a href=\"https:\/\/agripedia.ch\/klima\/fr\/?p=1325&amp;preview=true\"><img decoding=\"async\" src=\"https:\/\/agripedia.ch\/klima\/wp-content\/uploads\/sites\/66\/2025\/04\/Z6D7397-1.jpg\" alt=\"\" class=\"wp-image-1090\" style=\"aspect-ratio:16\/9;object-fit:cover\"\/><\/a><\/figure>\n\n\n\n<div class=\"wp-block-group agripedia-vertical-image-box-content is-layout-constrained wp-block-group-is-layout-constrained\">\n<h4 class=\"wp-block-heading agripedia-vertical-image-box-title\"><a href=\"https:\/\/agripedia.ch\/klima\/fr\/?p=1325&amp;preview=true\" title=\"\"><strong><strong>Projets et programmes cantonaux<\/strong><\/strong><\/a><\/h4>\n<\/div>\n<\/div>\n<\/div>\n\n\n\n<div class=\"wp-block-column is-layout-flow wp-block-column-is-layout-flow\">\n<div class=\"wp-block-group agripedia-vertical-image-box is-layout-flow wp-block-group-is-layout-flow\">\n<figure class=\"wp-block-image size-full agripedia-vertical-image-box-thumbnail\"><a href=\"https:\/\/agridea.abacuscity.ch\/de\/2~310000~Shop\/Kurse\/Klimawandel\" target=\"_blank\" rel=\" noreferrer noopener\"><img loading=\"lazy\" decoding=\"async\" width=\"2560\" height=\"1706\" src=\"https:\/\/agripedia.ch\/klima\/wp-content\/uploads\/sites\/66\/2025\/05\/Kursserie-Klima_breit-edited-scaled.png\" alt=\"\" class=\"wp-image-1285\" style=\"aspect-ratio:16\/9;object-fit:cover\" srcset=\"https:\/\/agripedia.ch\/klima\/wp-content\/uploads\/sites\/66\/2025\/05\/Kursserie-Klima_breit-edited-scaled.png 2560w, https:\/\/agripedia.ch\/klima\/wp-content\/uploads\/sites\/66\/2025\/05\/Kursserie-Klima_breit-edited-300x200.png 300w, https:\/\/agripedia.ch\/klima\/wp-content\/uploads\/sites\/66\/2025\/05\/Kursserie-Klima_breit-edited-1024x683.png 1024w, https:\/\/agripedia.ch\/klima\/wp-content\/uploads\/sites\/66\/2025\/05\/Kursserie-Klima_breit-edited-768x512.png 768w, https:\/\/agripedia.ch\/klima\/wp-content\/uploads\/sites\/66\/2025\/05\/Kursserie-Klima_breit-edited-1536x1024.png 1536w, https:\/\/agripedia.ch\/klima\/wp-content\/uploads\/sites\/66\/2025\/05\/Kursserie-Klima_breit-edited-2048x1365.png 2048w, https:\/\/agripedia.ch\/klima\/wp-content\/uploads\/sites\/66\/2025\/05\/Kursserie-Klima_breit-edited-1200x800.png 1200w, https:\/\/agripedia.ch\/klima\/wp-content\/uploads\/sites\/66\/2025\/05\/Kursserie-Klima_breit-edited-1980x1320.png 1980w\" sizes=\"auto, (max-width: 2560px) 100vw, 2560px\" \/><\/a><\/figure>\n\n\n\n<div class=\"wp-block-group agripedia-vertical-image-box-content is-layout-constrained wp-block-group-is-layout-constrained\">\n<h4 class=\"wp-block-heading agripedia-vertical-image-box-title\"><a href=\"https:\/\/agridea.abacuscity.ch\/de\/2~310000~Shop\/Kurse\/Klimawandel\" target=\"_blank\" rel=\"noopener\" title=\"\"><strong>Cours sur le th\u00e8me <\/strong><\/a><\/h4>\n<\/div>\n<\/div>\n<\/div>\n<\/div>\n\n\n\n<div class=\"wp-block-columns is-layout-flex wp-container-core-columns-is-layout-9d6595d7 wp-block-columns-is-layout-flex\">\n<div class=\"wp-block-column is-layout-flow wp-block-column-is-layout-flow\">\n<div style=\"height:154px\" aria-hidden=\"true\" class=\"wp-block-spacer\"><\/div>\n<\/div>\n<\/div>\n\n\n\n<div class=\"wp-block-columns is-layout-flex wp-container-core-columns-is-layout-9d6595d7 wp-block-columns-is-layout-flex\">\n<div class=\"wp-block-column is-layout-flow wp-block-column-is-layout-flow\"><\/div>\n\n\n\n<div class=\"wp-block-column is-layout-flow wp-block-column-is-layout-flow\"><\/div>\n<\/div>\n\n\n\n<div class=\"wp-block-group agripedia-impressum is-layout-flow wp-block-group-is-layout-flow\">\n<div class=\"wp-block-group agripedia-impressum-header is-layout-flow wp-block-group-is-layout-flow\">\n<h5 class=\"wp-block-heading\" id=\"impressum-801c8307-d480-4a74-8df2-04d60f742d90\">Mentions l\u00e9gales<\/h5>\n<\/div>\n\n\n\n<div class=\"wp-block-group agripedia-impressum-content is-layout-flow wp-block-group-is-layout-flow\">\n<p><strong>Photos:<\/strong> AGRIDEA<\/p>\n\n\n\n<p><strong>Graphiques\/illustrations:<\/strong> Selon la source indiqu\u00e9e<\/p>\n\n\n\n<p><strong>Responsabilit\u00e9 du contenu:<\/strong> AGRIDEA, domaine Climat<\/p>\n\n\n\n<p><strong>R\u00e9alisation Web:<\/strong> Solomon Araya, AGRIDEA<\/p>\n\n\n\n<p><strong>Letzte Aktualisierung:<\/strong> 13.06.2025<\/p>\n\n\n\n<p><strong>Un projet de<\/strong>:<\/p>\n\n\n\n<div class=\"wp-block-columns is-layout-flex wp-container-core-columns-is-layout-9d6595d7 wp-block-columns-is-layout-flex\">\n<div class=\"wp-block-column is-layout-flow wp-block-column-is-layout-flow\">\n<div class=\"wp-block-image\"><figure class=\"wp-block-image aligncenter size-large is-resized\"><a href=\"https:\/\/www.agridea.ch\" target=\"_blank\" rel=\"noopener\"><img loading=\"lazy\" decoding=\"async\" src=\"https:\/\/agripedia.ch\/alpwirtschaft\/wp-content\/uploads\/sites\/46\/2022\/10\/AGRIDEA_4_LANGUES_RGB-1024x210.png\" alt=\"Logo AGRIDEA\" class=\"wp-image-909\" width=\"341\" height=\"70\"><\/a><\/figure><\/div>\n<\/div>\n\n\n\n<div class=\"wp-block-column is-vertically-aligned-center is-layout-flow wp-block-column-is-layout-flow\"><\/div>\n\n\n\n<div class=\"wp-block-column is-vertically-aligned-center is-layout-flow wp-block-column-is-layout-flow\">\n<p><strong>Contact<\/strong>:<\/p>\n\n\n\n<p><a href=\"Melissa.Naef@agridea.ch\">N\u00e4f Melissa  <\/a>, AGRIDEA<\/p>\n\n\n\n<p><\/p>\n<\/div>\n<\/div>\n<\/div>\n<\/div>\n","protected":false},"excerpt":{"rendered":"<p>Vous trouverez ici des connaissances sur le changement climatique, ses effets sur l\u2019agriculture ainsi que des pistes d\u2019action concr\u00e8tes. Nous signalons \u00e9galement les acteurs cl\u00e9s et les projets actuels dans le domaine de l\u2019adaptation au climat et de la protection climatique. Nous mettons en r\u00e9seau les savoirs, projets et acteurs du syst\u00e8me de connaissances et [&hellip;]<\/p>\n","protected":false},"author":101,"featured_media":1386,"parent":0,"menu_order":0,"comment_status":"closed","ping_status":"closed","template":"","meta":{"_bbp_topic_count":0,"_bbp_reply_count":0,"_bbp_total_topic_count":0,"_bbp_total_reply_count":0,"_bbp_voice_count":0,"_bbp_anonymous_reply_count":0,"_bbp_topic_count_hidden":0,"_bbp_reply_count_hidden":0,"_bbp_forum_subforum_count":0,"_sb_is_suggestion_mode":false,"_sb_show_suggestion_boards":false,"_sb_show_comment_boards":false,"_sb_suggestion_history":"","_sb_update_block_changes":"","om_disable_all_campaigns":false,"_monsterinsights_skip_tracking":false,"_monsterinsights_sitenote_active":false,"_monsterinsights_sitenote_note":"","_monsterinsights_sitenote_category":0,"footnotes":""},"class_list":["post-1397","page","type-page","status-publish","has-post-thumbnail","hentry"],"aioseo_notices":[],"_links":{"self":[{"href":"https:\/\/agripedia.ch\/klima\/fr\/wp-json\/wp\/v2\/pages\/1397","targetHints":{"allow":["GET"]}}],"collection":[{"href":"https:\/\/agripedia.ch\/klima\/fr\/wp-json\/wp\/v2\/pages"}],"about":[{"href":"https:\/\/agripedia.ch\/klima\/fr\/wp-json\/wp\/v2\/types\/page"}],"author":[{"embeddable":true,"href":"https:\/\/agripedia.ch\/klima\/fr\/wp-json\/wp\/v2\/users\/101"}],"replies":[{"embeddable":true,"href":"https:\/\/agripedia.ch\/klima\/fr\/wp-json\/wp\/v2\/comments?post=1397"}],"version-history":[{"count":6,"href":"https:\/\/agripedia.ch\/klima\/fr\/wp-json\/wp\/v2\/pages\/1397\/revisions"}],"predecessor-version":[{"id":2167,"href":"https:\/\/agripedia.ch\/klima\/fr\/wp-json\/wp\/v2\/pages\/1397\/revisions\/2167"}],"wp:featuredmedia":[{"embeddable":true,"href":"https:\/\/agripedia.ch\/klima\/fr\/wp-json\/wp\/v2\/media\/1386"}],"wp:attachment":[{"href":"https:\/\/agripedia.ch\/klima\/fr\/wp-json\/wp\/v2\/media?parent=1397"}],"curies":[{"name":"wp","href":"https:\/\/api.w.org\/{rel}","templated":true}]}}

<p>Vous trouverez ici des connaissances sur le changement climatique, ses effets sur l’agriculture ainsi que des pistes d’action concrètes. Nous signalons également les acteurs clés et les projets actuels dans le domaine de l’adaptation au climat et de la protection climatique. Nous mettons en réseau les savoirs, projets et acteurs du système de connaissances et de l&rsquo;innovation agricole (SCIA). AGRIDEA développe continuellement la plateforme et l’enrichit avec des contenus actuels.</p>



<h2 class="wp-block-heading"><strong>Thèmes</strong></h2>



<div class="wp-block-columns is-layout-flex wp-container-core-columns-is-layout-9d6595d7 wp-block-columns-is-layout-flex">
<div class="wp-block-column is-layout-flow wp-block-column-is-layout-flow">
<div class="wp-block-group agripedia-vertical-image-box is-layout-flow wp-block-group-is-layout-flow">
<figure class="wp-block-image size-full agripedia-vertical-image-box-thumbnail"><a href="https://agripedia.ch/klima/fr/landwirtschaft-und-klimawandel/?preview=true"><img decoding="async" src="https://agripedia.ch/klima/wp-content/uploads/sites/66/2025/05/20240604_112607-1.jpg" alt="" class="wp-image-1291" style="aspect-ratio:16/9;object-fit:cover"/></a></figure>



<div class="wp-block-group agripedia-vertical-image-box-content is-layout-constrained wp-block-group-is-layout-constrained">
<h4 class="wp-block-heading agripedia-vertical-image-box-title"><a href="https://agripedia.ch/klima/fr/landwirtschaft-und-klimawandel/?preview=true" title=""><strong>Agriculture et changement climatique</strong></a></h4>
</div>
</div>
</div>



<div class="wp-block-column is-layout-flow wp-block-column-is-layout-flow">
<div class="wp-block-group agripedia-vertical-image-box is-layout-flow wp-block-group-is-layout-flow">
<figure class="wp-block-image size-full agripedia-vertical-image-box-thumbnail"><a href="https://agripedia.ch/klima/fr/massnahmen-und-strategien/?preview=true"><img decoding="async" src="https://agripedia.ch/klima/wp-content/uploads/sites/66/2025/04/DJI_0522.jpg" alt="" class="wp-image-1081" style="aspect-ratio:16/9;object-fit:cover"/></a></figure>



<div class="wp-block-group agripedia-vertical-image-box-content is-layout-constrained wp-block-group-is-layout-constrained">
<h4 class="wp-block-heading agripedia-vertical-image-box-title"><a href="https://agripedia.ch/klima/fr/massnahmen-und-strategien/?preview=true" title="">Stratégies et leviers d’action (mesures)</a></h4>
</div>
</div>
</div>
</div>



<div class="wp-block-columns is-layout-flex wp-container-core-columns-is-layout-9d6595d7 wp-block-columns-is-layout-flex">
<div class="wp-block-column is-layout-flow wp-block-column-is-layout-flow">
<div class="wp-block-group agripedia-vertical-image-box is-layout-flow wp-block-group-is-layout-flow">
<figure class="wp-block-image size-full agripedia-vertical-image-box-thumbnail"><a href="https://agripedia.ch/klima/fr/?p=1325&amp;preview=true"><img decoding="async" src="https://agripedia.ch/klima/wp-content/uploads/sites/66/2025/04/Z6D7397-1.jpg" alt="" class="wp-image-1090" style="aspect-ratio:16/9;object-fit:cover"/></a></figure>



<div class="wp-block-group agripedia-vertical-image-box-content is-layout-constrained wp-block-group-is-layout-constrained">
<h4 class="wp-block-heading agripedia-vertical-image-box-title"><a href="https://agripedia.ch/klima/fr/?p=1325&amp;preview=true" title=""><strong><strong>Projets et programmes cantonaux</strong></strong></a></h4>
</div>
</div>
</div>



<div class="wp-block-column is-layout-flow wp-block-column-is-layout-flow">
<div class="wp-block-group agripedia-vertical-image-box is-layout-flow wp-block-group-is-layout-flow">
<figure class="wp-block-image size-full agripedia-vertical-image-box-thumbnail"><a href="https://agridea.abacuscity.ch/de/2~310000~Shop/Kurse/Klimawandel" target="_blank" rel=" noreferrer noopener"><img loading="lazy" decoding="async" width="2560" height="1706" src="https://agripedia.ch/klima/wp-content/uploads/sites/66/2025/05/Kursserie-Klima_breit-edited-scaled.png" alt="" class="wp-image-1285" style="aspect-ratio:16/9;object-fit:cover" srcset="https://agripedia.ch/klima/wp-content/uploads/sites/66/2025/05/Kursserie-Klima_breit-edited-scaled.png 2560w, https://agripedia.ch/klima/wp-content/uploads/sites/66/2025/05/Kursserie-Klima_breit-edited-300x200.png 300w, https://agripedia.ch/klima/wp-content/uploads/sites/66/2025/05/Kursserie-Klima_breit-edited-1024x683.png 1024w, https://agripedia.ch/klima/wp-content/uploads/sites/66/2025/05/Kursserie-Klima_breit-edited-768x512.png 768w, https://agripedia.ch/klima/wp-content/uploads/sites/66/2025/05/Kursserie-Klima_breit-edited-1536x1024.png 1536w, https://agripedia.ch/klima/wp-content/uploads/sites/66/2025/05/Kursserie-Klima_breit-edited-2048x1365.png 2048w, https://agripedia.ch/klima/wp-content/uploads/sites/66/2025/05/Kursserie-Klima_breit-edited-1200x800.png 1200w, https://agripedia.ch/klima/wp-content/uploads/sites/66/2025/05/Kursserie-Klima_breit-edited-1980x1320.png 1980w" sizes="auto, (max-width: 2560px) 100vw, 2560px" /></a></figure>



<div class="wp-block-group agripedia-vertical-image-box-content is-layout-constrained wp-block-group-is-layout-constrained">
<h4 class="wp-block-heading agripedia-vertical-image-box-title"><a href="https://agridea.abacuscity.ch/de/2~310000~Shop/Kurse/Klimawandel" target="_blank" rel="noopener" title=""><strong>Cours sur le thème </strong></a></h4>
</div>
</div>
</div>
</div>



<div class="wp-block-columns is-layout-flex wp-container-core-columns-is-layout-9d6595d7 wp-block-columns-is-layout-flex">
<div class="wp-block-column is-layout-flow wp-block-column-is-layout-flow">
<div style="height:154px" aria-hidden="true" class="wp-block-spacer"></div>
</div>
</div>



<div class="wp-block-columns is-layout-flex wp-container-core-columns-is-layout-9d6595d7 wp-block-columns-is-layout-flex">
<div class="wp-block-column is-layout-flow wp-block-column-is-layout-flow"></div>



<div class="wp-block-column is-layout-flow wp-block-column-is-layout-flow"></div>
</div>



<div class="wp-block-group agripedia-impressum is-layout-flow wp-block-group-is-layout-flow">
<div class="wp-block-group agripedia-impressum-header is-layout-flow wp-block-group-is-layout-flow">
<h5 class="wp-block-heading" id="impressum-801c8307-d480-4a74-8df2-04d60f742d90">Mentions légales</h5>
</div>



<div class="wp-block-group agripedia-impressum-content is-layout-flow wp-block-group-is-layout-flow">
<p><strong>Photos:</strong> AGRIDEA</p>



<p><strong>Graphiques/illustrations:</strong> Selon la source indiquée</p>



<p><strong>Responsabilité du contenu:</strong> AGRIDEA, domaine Climat</p>



<p><strong>Réalisation Web:</strong> Solomon Araya, AGRIDEA</p>



<p><strong>Letzte Aktualisierung:</strong> 13.06.2025</p>



<p><strong>Un projet de</strong>:</p>



<div class="wp-block-columns is-layout-flex wp-container-core-columns-is-layout-9d6595d7 wp-block-columns-is-layout-flex">
<div class="wp-block-column is-layout-flow wp-block-column-is-layout-flow">
<div class="wp-block-image"><figure class="wp-block-image aligncenter size-large is-resized"><a href="https://www.agridea.ch" target="_blank" rel="noopener"><img loading="lazy" decoding="async" src="https://agripedia.ch/alpwirtschaft/wp-content/uploads/sites/46/2022/10/AGRIDEA_4_LANGUES_RGB-1024x210.png" alt="Logo AGRIDEA" class="wp-image-909" width="341" height="70"></a></figure></div>
</div>



<div class="wp-block-column is-vertically-aligned-center is-layout-flow wp-block-column-is-layout-flow"></div>



<div class="wp-block-column is-vertically-aligned-center is-layout-flow wp-block-column-is-layout-flow">
<p><strong>Contact</strong>:</p>



<p><a href="Melissa.Naef@agridea.ch">Näf Melissa  </a>, AGRIDEA</p>



<p></p>
</div>
</div>
</div>
</div>

<p>Vous trouverez ici des connaissances sur le changement climatique, ses effets sur l’agriculture ainsi que des pistes d’action concrètes. Nous signalons également les acteurs clés et les projets actuels dans le domaine de l’adaptation au climat et de la protection climatique. Nous mettons en réseau les savoirs, projets et acteurs du système de connaissances et [&hellip;]</p>
