{"id":61606,"date":"2025-12-19T19:40:14","date_gmt":"2025-12-19T18:40:14","guid":{"rendered":"https:\/\/agripedia.ch\/forum-wasser-landwirtschaft\/?page_id=61606"},"modified":"2026-03-20T12:50:55","modified_gmt":"2026-03-20T11:50:55","slug":"humusaufbau","status":"publish","type":"page","link":"https:\/\/agripedia.ch\/forum-wasser-landwirtschaft\/humusaufbau\/","title":{"rendered":"Humusaufbau"},"content":{"rendered":"\n<p class=\"has-normal-font-size\">Humus und organische Substanz verbessern Bodenstruktur, Wasser- und N\u00e4hrstoffspeicherung sowie das Bodenleben massgeblich, was die Fruchtbarkeit des Bodens erh\u00f6ht. Sie f\u00f6rdern die Kr\u00fcmelbildung, erh\u00f6hen die Kationenaustauschkapazit\u00e4t (KAK) f\u00fcr N\u00e4hrstoffe wie Stickstoff und Kalium, fungieren als Langzeitd\u00fcnger, beleben Mikroorganismen und binden Kohlenstoff.<\/p>\n\n\n\n<p class=\"has-larger-font-size\"><strong>Projekte<\/strong><\/p>\n\n\n\n<p class=\"has-normal-font-size\">Ebenrain-Zentrum f\u00fcr Landwirtschaft, Natur und Ern\u00e4hrung BL, lawa LU, 2024 &#8211; 2031. \u00ab<a href=\"https:\/\/kanton.baselland.ch\/volkswirtschafts-und-gesundheitsdirektion\/landw-zentrum-ebenrain\/landwirtschaft\/slow-water\" target=\"_blank\" rel=\"noreferrer noopener\">Slow Water<\/a>\u00bb f\u00fcr unsere Kulturlandschaft. <\/p>\n\n\n\n<p class=\"has-normal-font-size\">Kanton Solothurn, 2018 &#8211; 2025. <a href=\"https:\/\/so.ch\/verwaltung\/volkswirtschaftsdepartement\/amt-fuer-landwirtschaft\/boden-und-bodenrecht\/ressourcenprogramm-humus\/\" target=\"_blank\" rel=\"noreferrer noopener\">Ressourcenprogramm Humus<\/a>.<\/p>\n\n\n\n<p class=\"has-normal-font-size\">Ebenrain-Zentrum f\u00fcr Landwirtschaft, Natur und Ern\u00e4hrung, FiBL und BLKB, 2021-  2027. <a href=\"https:\/\/www.baselland.ch\/politik-und-behorden\/direktionen\/volkswirtschafts-und-gesundheitsdirektion\/ebenrain\/landwirtschaft\/klima-und-ressourcen\/klimaschutz-durch-humusaufbau\" target=\"_blank\" rel=\"noreferrer noopener\">Klimaschutz durch Humusaufbau<\/a>.<\/p>\n\n\n\n<p class=\"has-normal-font-size\">EU Soil Mission, 2023. Healthy Municipal Soils. <a href=\"https:\/\/www.humus-project.eu\/\" target=\"_blank\" rel=\"noreferrer noopener\">HuMUS &#8211; Healthy Municipal Soils<\/a><\/p>\n\n\n\n<p class=\"has-normal-font-size\">Kanton Aargau, 2021 &#8211; 2027. <a href=\"https:\/\/www.ag.ch\/de\/themen\/klimawandel\/kanton\/massnahmenplan?dc=5e88a4f7-55f4-49ff-954f-95ec80869a45_de\" target=\"_blank\" rel=\"noreferrer noopener\">Vorprojekt Humusaufbau im Kanton Aargau<\/a>.<\/p>\n\n\n\n<p class=\"has-normal-font-size\">Verein HUMUS+Modell, \u00d6koregion Kaindorf. <a href=\"https:\/\/www.humusplus.at\/\" target=\"_blank\" rel=\"noreferrer noopener\">Humus+ Humusaufbauprojekt der \u00d6koregion Kaindorf<\/a><\/p>\n\n\n\n<p class=\"has-larger-font-size\"><strong>Literatur<\/strong><\/p>\n\n\n\n<p class=\"has-normal-font-size\"><strong>Deutsch<\/strong><\/p>\n\n\n\n<p class=\"has-normal-font-size\">Bodner G, Keiblinger K. Neue Humustheorie als Leitfaden f\u00fcr innovatives Bodenmanagement?. Inform &#8211; Zeitschrift f\u00fcr Pflanzenz\u00fcchtung und Saatgutproduktion (Linz). 2020:2\/2020:15-8<\/p>\n\n\n\n<p class=\"has-normal-font-size\">B\u00f6hler D., J. Niggli J., Schmid T., 2024. Humuswirtschaft. Humus aufbauen \u2013 Bodenfruchtbarkeit erhalten. Merkblatt. Herausgeberin: FiBL. Zugang am 3.10.25: <a href=\"https:\/\/www.fibl.org\/de\/shop\/1314-humuswirtschaft\" target=\"_blank\" rel=\"noreferrer noopener\">https:\/\/www.fibl.org\/de\/shop\/1314-humuswirtschaft<\/a><\/p>\n\n\n\n<p class=\"has-normal-font-size\">Egenolf K. <a href=\"https:\/\/www.landwirtschaftskammer.de\/landwirtschaft\/ackerbau\/boden\/humus\/humustheorie.htm\" target=\"_blank\" rel=\"noreferrer noopener\">Die neue Humustheorie und was wir daraus ableiten k\u00f6nnen<\/a>. Landwirtschaftskammer Nordrhein-Westfalen. Zugang am 3.10.25.<\/p>\n\n\n\n<p class=\"has-normal-font-size\">Kolbe H., Zimmer J., 2016. <a href=\"https:\/\/d-nb.info\/1141604558\/34\" target=\"_blank\" rel=\"noreferrer noopener\">Leitfaden zur Humusversorgung<\/a>. Informationen f\u00fcr Praxis, Beratung und Schulung. Freistaat Th\u00fcringen, Th\u00fcringer Landesanstalt f\u00fcr Landwirtschaft, Berichte 2016: 1. Zugang am 3. Oktober 2025.<\/p>\n\n\n\n<p class=\"has-normal-font-size\">Pfeiffer E., 1961. Verf\u00fcgbarkeit, Wasserl\u00f6slichkeit oder Bevorratung \u2013 Der Humus entscheidet die Verteilung. Aufsatz, erw\u00e4hnt unter: <a href=\"https:\/\/www.bionika.ch\/view\/data\/8383\/Das%20Team_L%C3%BCbke-Hildebrandt.pdf\" target=\"_blank\" rel=\"noreferrer noopener\">Bionika.ch<\/a> <\/p>\n\n\n\n<p class=\"has-normal-font-size\">Pfeiffer E., 1969. Die Fruchtbarkeit der Erde. Ihre Erhaltung und Erneuerung. Rudolph Geering-Verlag \/ Dornach, Schweiz, 5. erweiterte Auflage, S.41-43<\/p>\n\n\n\n<p class=\"has-normal-font-size\">Schmidhauser A., Gobat JM., Dakhel-Robert N., Stand 2021. rKLABS-Bodenbeschreibung im Feld, Version 2. Ein Projekt der BFH-HAFL in Zusammenarbeit mit diversen Partnern. Dauer bis ca. 2030.<\/p>\n\n\n\n<p class=\"has-normal-font-size\">Weisskopf P., 2024. Bodenschutz in der Landwirtschaft und seine Entwicklung \u00fcber die Jahre. <a href=\"https:\/\/www.youtube.com\/watch?v=cyu6ifBtu_0\" target=\"_blank\" rel=\"noreferrer noopener\">Video der Pr\u00e4sentation am Bodentag 2024<\/a>. Zugang am 3.10.25.<\/p>\n\n\n\n<p class=\"has-normal-font-size\">Zihlmann U., Weisskopf P., Chervet A., Seitz B., 2019. <a href=\"https:\/\/shop.agridea.ch\/de\/produkt\/humus-in-ackerboeden-vermehren-statt-verzehren\" target=\"_blank\" rel=\"noreferrer noopener\">Humus in Ackerb\u00f6den \u2013 vermehren statt verzehren. Merkblatt<\/a>. Herausgeberin AGRIDEA. Zugang am 3.10.25.<\/p>\n\n\n\n<p class=\"has-normal-font-size\"><strong>Franz\u00f6sisch<\/strong><\/p>\n\n\n\n<p class=\"has-normal-font-size\">Boivin P., Gondret K., Dupla X., Lema\u00eetre T., 2021. <a href=\"https:\/\/www.vd.ch\/fileadmin\/user_upload\/themes\/environnement\/sol\/fichiers_pdf\/210211_Rapport_Etude_du_deficit_de_Corg_des_sols_vaudois_taux_devolution_et_relation_avec_les_pratiques.pdf\" target=\"_blank\" rel=\"noreferrer noopener\">Etude du deficit de carbone organique des sols vaudois, taux d\u2019\u00e9volution et relation avec les pratiques agricoles<\/a>. Rapport d\u2019\u00e9tude final. HEPIA, Gruppe Boden und Substrate, Genf. Zugang am 3.10.25. <\/p>\n","protected":false},"excerpt":{"rendered":"<p>Humus und organische Substanz verbessern Bodenstruktur, Wasser- und N\u00e4hrstoffspeicherung sowie das Bodenleben massgeblich, was die Fruchtbarkeit des Bodens erh\u00f6ht. Sie f\u00f6rdern die Kr\u00fcmelbildung, erh\u00f6hen die Kationenaustauschkapazit\u00e4t (KAK) f\u00fcr N\u00e4hrstoffe wie Stickstoff und Kalium, fungieren als Langzeitd\u00fcnger, beleben Mikroorganismen und binden Kohlenstoff. Projekte Ebenrain-Zentrum f\u00fcr Landwirtschaft, Natur und Ern\u00e4hrung BL, lawa LU, 2024 &#8211; 2031. \u00abSlow [&hellip;]<\/p>\n","protected":false},"author":234,"featured_media":61964,"parent":0,"menu_order":0,"comment_status":"closed","ping_status":"closed","template":"","meta":{"_sb_is_suggestion_mode":false,"_sb_show_suggestion_boards":false,"_sb_show_comment_boards":false,"_sb_suggestion_history":"","_sb_update_block_changes":"","om_disable_all_campaigns":false,"advgb_blocks_editor_width":"","advgb_blocks_columns_visual_guide":"","_monsterinsights_skip_tracking":false,"_monsterinsights_sitenote_active":false,"_monsterinsights_sitenote_note":"","_monsterinsights_sitenote_category":0,"footnotes":""},"class_list":["post-61606","page","type-page","status-publish","has-post-thumbnail","hentry"],"coauthors":[{"link":"https:\/\/agripedia.ch\/forum-wasser-landwirtschaft\/author\/dal0\/","display_name":"dal0"}],"author_meta":{"author_link":"https:\/\/agripedia.ch\/forum-wasser-landwirtschaft\/author\/dal0\/","display_name":"dal0"},"relative_dates":{"created":"Posted 4\u00a0Monaten ago","modified":"Updated 3\u00a0Wochen ago"},"absolute_dates":{"created":"Posted on Dezember 19, 2025","modified":"Updated on M\u00e4rz 20, 2026"},"absolute_dates_time":{"created":"Posted on Dezember 19, 2025 19:40","modified":"Updated on M\u00e4rz 20, 2026 12:50"},"featured_img_caption":"","featured_img":"https:\/\/agripedia.ch\/forum-wasser-landwirtschaft\/wp-content\/uploads\/sites\/64\/2025\/11\/20250625_Biodiversitaet_Feldrand_jin-1200x800.jpg","series_order":"","_links":{"self":[{"href":"https:\/\/agripedia.ch\/forum-wasser-landwirtschaft\/wp-json\/wp\/v2\/pages\/61606","targetHints":{"allow":["GET"]}}],"collection":[{"href":"https:\/\/agripedia.ch\/forum-wasser-landwirtschaft\/wp-json\/wp\/v2\/pages"}],"about":[{"href":"https:\/\/agripedia.ch\/forum-wasser-landwirtschaft\/wp-json\/wp\/v2\/types\/page"}],"author":[{"embeddable":true,"href":"https:\/\/agripedia.ch\/forum-wasser-landwirtschaft\/wp-json\/wp\/v2\/users\/234"}],"replies":[{"embeddable":true,"href":"https:\/\/agripedia.ch\/forum-wasser-landwirtschaft\/wp-json\/wp\/v2\/comments?post=61606"}],"version-history":[{"count":25,"href":"https:\/\/agripedia.ch\/forum-wasser-landwirtschaft\/wp-json\/wp\/v2\/pages\/61606\/revisions"}],"predecessor-version":[{"id":64053,"href":"https:\/\/agripedia.ch\/forum-wasser-landwirtschaft\/wp-json\/wp\/v2\/pages\/61606\/revisions\/64053"}],"wp:featuredmedia":[{"embeddable":true,"href":"https:\/\/agripedia.ch\/forum-wasser-landwirtschaft\/wp-json\/wp\/v2\/media\/61964"}],"wp:attachment":[{"href":"https:\/\/agripedia.ch\/forum-wasser-landwirtschaft\/wp-json\/wp\/v2\/media?parent=61606"}],"curies":[{"name":"wp","href":"https:\/\/api.w.org\/{rel}","templated":true}]}}