{"id":61528,"date":"2025-10-10T12:28:40","date_gmt":"2025-10-10T10:28:40","guid":{"rendered":"https:\/\/agripedia.ch\/forum-wasser-landwirtschaft\/?page_id=61528"},"modified":"2026-03-19T13:11:51","modified_gmt":"2026-03-19T12:11:51","slug":"wasser-sammeln","status":"publish","type":"page","link":"https:\/\/agripedia.ch\/forum-wasser-landwirtschaft\/wasser-sammeln\/","title":{"rendered":"Wasser: Sammeln, Recycling, Qualit\u00e4t"},"content":{"rendered":"\n<p class=\"has-normal-font-size\">Um Wasserspeicher f\u00fcllen zu k\u00f6nnen, muss das Wasser zuerst gesammelt werden. Idealerweise erg\u00e4nzt man diese Aktivit\u00e4t mit dem effizienten Umgang mit Wasser, indem man Wasser spart und m\u00f6glichst mehrmals einsetzt, bevor es in die Kanalisation gelangt. Wasserrecycling und Wasserqualit\u00e4t erg\u00e4nzen das Wissen zu Wasserthemen rund um Haus, Hof und Garten.<\/p>\n\n\n\n<p class=\"has-larger-font-size\"><strong>Wasser sammeln<\/strong><\/p>\n\n\n\n<p class=\"has-normal-font-size\">Wasser kann aus verschiedenen Quellen gesammelt werden: Regenwasser, Gew\u00e4sser, Leitungswasser, Schnee und Drainagenwasser. Je nach Quelle sind die Rahmenbedingungen (Qualit\u00e4t, Verf\u00fcgbarkeit, Preis, Bewilligungen, Installationen) unterschiedlich.<\/p>\n\n\n\n<p class=\"has-normal-font-size\"><strong>Informationen<\/strong><\/p>\n\n\n\n<p class=\"has-normal-font-size\">Ripalgo AG, 2026. <a href=\"https:\/\/ripalgo.ch\/blog\/detail\/regenwasser-sammeln-verboten-diese-regeln-gelten-in-der-schweiz\" target=\"_blank\" rel=\"noreferrer noopener\">Regenwasser sammeln verboten? Diese Regeln gelten in der Schweiz<\/a>. Darf man das kostenlose und zeitweise in rauen Mengen verf\u00fcgbare Regenwasser als Alternative f\u00fcr Garten, Haus und Betrieb nutzen?<\/p>\n\n\n\n<div style=\"height:21px\" aria-hidden=\"true\" class=\"wp-block-spacer\"><\/div>\n\n\n\n<p class=\"has-larger-font-size\"><strong>Wasserrecycling<\/strong><\/p>\n\n\n\n<p class=\"has-normal-font-size\">Das Thema Wasserwiederverwendung ist bei uns noch relativ neu und wird in L\u00e4ndern, die st\u00e4rker unter Wassermangel leiden, schon l\u00e4nger praktiziert. Zum Einsatz kommen dabei verschiedene Arten von Wasserfiltern und Transportsystemen. <\/p>\n\n\n\n<p class=\"has-normal-font-size\"><strong>Informationen<\/strong><\/p>\n\n\n\n<p class=\"has-normal-font-size\">Eawag, 2023. <a href=\"https:\/\/agripedia.ch\/forum-wasser-landwirtschaft\/wp-content\/uploads\/sites\/64\/2026\/02\/Flyer_Ressourcenorientierte_Sanitaersysteme_Kreislaufwi.pdf\" target=\"_blank\" rel=\"noreferrer noopener\">Ressourcenorientierte Sanit\u00e4rsysteme<\/a>. Kreislaufwirtschaft mit Abwasser. Brosch\u00fcre. <a href=\"https:\/\/www.eawag.ch\/de\/info\/portal\/themen-im-fokus\/dezentrale-ressourengewinnung-aus-abwasser\/\" target=\"_blank\" rel=\"noreferrer noopener\">Dezentrale Ressourengewinnung aus Abwasser<\/a>. Webseite.<\/p>\n\n\n\n<p class=\"has-normal-font-size\">Eawag 2026. <a href=\"https:\/\/www.eawag.ch\/fileadmin\/Domain1\/Beratung\/Beratung_Wissenstransfer\/Publ_Praxis\/Faktenblaetter\/sanitaere_systeme_dez2025_d.pdf\" target=\"_blank\" rel=\"noreferrer noopener\">Entwicklung und Management sanit\u00e4rer Systeme<\/a>. Fact sheet.<\/p>\n\n\n\n<div style=\"height:21px\" aria-hidden=\"true\" class=\"wp-block-spacer\"><\/div>\n\n\n\n<p class=\"has-larger-font-size\"><strong>Wasserqualit\u00e4t<\/strong><\/p>\n\n\n\n<p class=\"has-normal-font-size\">Je nach Einsatzgebiet des Wassers, sei es als Tr\u00e4nkewasser, zur Bew\u00e4sserung, zur Stallreinigung oder im Haushalt, muss auf seine Qualit\u00e4t und die hiesigen Vorschriften geachtet werden.<\/p>\n\n\n\n<p class=\"has-normal-font-size\"><strong>Informationen<\/strong><\/p>\n\n\n\n<p class=\"has-normal-font-size\">Eawag, 2021. <a href=\"https:\/\/www.eawag.ch\/fileadmin\/Domain1\/Beratung\/Beratung_Wissenstransfer\/Publ_Praxis\/Faktenblaetter\/fb_grauwasser_0221.pdf\" target=\"_blank\" rel=\"noreferrer noopener\">Grauwasser<\/a>. fact sheet Februar 2021.<\/p>\n\n\n\n<p class=\"has-normal-font-size\">Knabl M.A., Rist B., Morgenroth E., 2025. <a href=\"https:\/\/www.aquaetgas.ch\/fr\/eau\/eaux-us%C3%A9es\/20250704-ag7-8-r%C3%A9utilisation-des-eaux-us%C3%A9es-en-suisse\/\" target=\"_blank\" rel=\"noreferrer noopener\"><\/a><a href=\"https:\/\/www.aquaetgas.ch\/wasser\/abwasser\/20250704-ag7-8-wiederverwendung-von-abwasser-in-der-schweiz\/\" target=\"_blank\" rel=\"noreferrer noopener\">Wiederverwendung von Wasser \u2013 auch in der Schweiz<\/a>. Aqua &amp; Gas Nr. 7+8 \/ 2025<\/p>\n\n\n\n<hr class=\"wp-block-separator has-alpha-channel-opacity\"\/>\n\n\n\n<p class=\"has-normal-font-size\">Ihre Beitr\u00e4ge, Hinweise, Erg\u00e4nzungen, Anregungen und Kommentare nehmen wir gerne <a href=\"https:\/\/agripedia.ch\/forum-wasser-landwirtschaft\/kontakt\/\" target=\"_blank\" rel=\"noreferrer noopener\">hier <\/a>entgegen.<\/p>\n","protected":false},"excerpt":{"rendered":"<p>Um Wasserspeicher f\u00fcllen zu k\u00f6nnen, muss das Wasser zuerst gesammelt werden. Idealerweise erg\u00e4nzt man diese Aktivit\u00e4t mit dem effizienten Umgang mit Wasser, indem man Wasser spart und m\u00f6glichst mehrmals einsetzt, bevor es in die Kanalisation gelangt. Wasserrecycling und Wasserqualit\u00e4t erg\u00e4nzen das Wissen zu Wasserthemen rund um Haus, Hof und Garten. Wasser sammeln Wasser kann aus [&hellip;]<\/p>\n","protected":false},"author":234,"featured_media":63210,"parent":0,"menu_order":0,"comment_status":"closed","ping_status":"closed","template":"","meta":{"_sb_is_suggestion_mode":false,"_sb_show_suggestion_boards":false,"_sb_show_comment_boards":false,"_sb_suggestion_history":"","_sb_update_block_changes":"","om_disable_all_campaigns":false,"advgb_blocks_editor_width":"","advgb_blocks_columns_visual_guide":"","_monsterinsights_skip_tracking":false,"_monsterinsights_sitenote_active":false,"_monsterinsights_sitenote_note":"","_monsterinsights_sitenote_category":0,"footnotes":""},"class_list":["post-61528","page","type-page","status-publish","has-post-thumbnail","hentry"],"coauthors":[{"link":"https:\/\/agripedia.ch\/forum-wasser-landwirtschaft\/author\/dal0\/","display_name":"dal0"}],"author_meta":{"author_link":"https:\/\/agripedia.ch\/forum-wasser-landwirtschaft\/author\/dal0\/","display_name":"dal0"},"relative_dates":{"created":"Posted 6\u00a0Monaten ago","modified":"Updated 3\u00a0Wochen ago"},"absolute_dates":{"created":"Posted on Oktober 10, 2025","modified":"Updated on M\u00e4rz 19, 2026"},"absolute_dates_time":{"created":"Posted on Oktober 10, 2025 12:28","modified":"Updated on M\u00e4rz 19, 2026 13:11"},"featured_img_caption":"","featured_img":"https:\/\/agripedia.ch\/forum-wasser-landwirtschaft\/wp-content\/uploads\/sites\/64\/2026\/02\/20240926_150519-1200x1600.jpg","series_order":"","_links":{"self":[{"href":"https:\/\/agripedia.ch\/forum-wasser-landwirtschaft\/wp-json\/wp\/v2\/pages\/61528","targetHints":{"allow":["GET"]}}],"collection":[{"href":"https:\/\/agripedia.ch\/forum-wasser-landwirtschaft\/wp-json\/wp\/v2\/pages"}],"about":[{"href":"https:\/\/agripedia.ch\/forum-wasser-landwirtschaft\/wp-json\/wp\/v2\/types\/page"}],"author":[{"embeddable":true,"href":"https:\/\/agripedia.ch\/forum-wasser-landwirtschaft\/wp-json\/wp\/v2\/users\/234"}],"replies":[{"embeddable":true,"href":"https:\/\/agripedia.ch\/forum-wasser-landwirtschaft\/wp-json\/wp\/v2\/comments?post=61528"}],"version-history":[{"count":35,"href":"https:\/\/agripedia.ch\/forum-wasser-landwirtschaft\/wp-json\/wp\/v2\/pages\/61528\/revisions"}],"predecessor-version":[{"id":63868,"href":"https:\/\/agripedia.ch\/forum-wasser-landwirtschaft\/wp-json\/wp\/v2\/pages\/61528\/revisions\/63868"}],"wp:featuredmedia":[{"embeddable":true,"href":"https:\/\/agripedia.ch\/forum-wasser-landwirtschaft\/wp-json\/wp\/v2\/media\/63210"}],"wp:attachment":[{"href":"https:\/\/agripedia.ch\/forum-wasser-landwirtschaft\/wp-json\/wp\/v2\/media?parent=61528"}],"curies":[{"name":"wp","href":"https:\/\/api.w.org\/{rel}","templated":true}]}}