{"id":61417,"date":"2025-10-10T09:10:38","date_gmt":"2025-10-10T07:10:38","guid":{"rendered":"https:\/\/agripedia.ch\/forum-wasser-landwirtschaft\/?page_id=61417"},"modified":"2026-03-26T11:01:05","modified_gmt":"2026-03-26T10:01:05","slug":"bewaesserungstechnik","status":"publish","type":"page","link":"https:\/\/agripedia.ch\/forum-wasser-landwirtschaft\/bewaesserungstechnik\/","title":{"rendered":"Bew\u00e4sserungstechnik"},"content":{"rendered":"\n<p class=\"has-normal-font-size\">Zur Bew\u00e4sserung stehen verschiedene Techniken zur Verf\u00fcgung:<\/p>\n\n\n\n<div class=\"wp-block-getwid-accordion has-icon-left\" data-active-element=\"none\">\n<div class=\"wp-block-getwid-accordion__header-wrapper\"><span class=\"wp-block-getwid-accordion__header\"><a href=\"#\"><span class=\"wp-block-getwid-accordion__header-title\"><strong>Kopfbew\u00e4sserung<\/strong><\/span><span class=\"wp-block-getwid-accordion__icon is-active\"><i class=\"fas fa-plus\"><\/i><\/span><span class=\"wp-block-getwid-accordion__icon is-passive\"><i class=\"fas fa-minus\"><\/i><\/span><\/a><\/span><\/div><div class=\"wp-block-getwid-accordion__content-wrapper\"><div class=\"wp-block-getwid-accordion__content\">\n<p class=\"has-normal-font-size\">Die Kopfbew\u00e4sserung wird in der Landwirtschaft sehr h\u00e4ufig angewendet. Das  Wasser wird von oben \u00fcber die Pflanzen ausgebracht.&nbsp;<\/p>\n\n\n\n<p class=\"has-normal-font-size\">gvz-rossat. <a href=\"https:\/\/www.gvz-rossat.ch\/kopfbewaesserung\/?srsltid=AfmBOooNmonLCaZ2FCNu-lNAxpnkY5Lg7LqsDS-e5TcV9gq3pfabd4vs\" target=\"_blank\" rel=\"noreferrer noopener\">Kopfbew\u00e4sserung<\/a><\/p>\n<\/div><\/div>\n<\/div>\n\n\n\n<div class=\"wp-block-getwid-accordion has-icon-left\" data-active-element=\"none\">\n<div class=\"wp-block-getwid-accordion__header-wrapper\"><span class=\"wp-block-getwid-accordion__header\"><a href=\"#\"><span class=\"wp-block-getwid-accordion__header-title\"><strong>Tr\u00f6pfchenbew\u00e4sserung<\/strong><\/span><span class=\"wp-block-getwid-accordion__icon is-active\"><i class=\"fas fa-plus\"><\/i><\/span><span class=\"wp-block-getwid-accordion__icon is-passive\"><i class=\"fas fa-minus\"><\/i><\/span><\/a><\/span><\/div><div class=\"wp-block-getwid-accordion__content-wrapper\"><div class=\"wp-block-getwid-accordion__content\">\n<p class=\"has-normal-font-size\">Tr\u00f6pfchenbew\u00e4sserung ist ein&nbsp;Bew\u00e4sserungssystem, das Wasser langsam und gezielt direkt an die Wurzeln von Pflanzen abgibt, anstatt es gro\u00dffl\u00e4chig zu verteilen. Dabei kommen Schl\u00e4uche oder Rohre mit kleinen \u00d6ffnungen (Tropfern) zum Einsatz, die Wasser tr\u00f6pfchenweise abgeben und so den Wasserverbrauch durch Verdunstung und Oberfl\u00e4chenabfluss minimieren. Diese Methode ist effizienter als herk\u00f6mmliche Bew\u00e4sserungsmethoden, spart Wasser und N\u00e4hrstoffe und erm\u00f6glicht eine bedarfsgerechte Versorgung der Pflanzen.&nbsp;<\/p>\n\n\n\n<div style=\"height:21px\" aria-hidden=\"true\" class=\"wp-block-spacer\"><\/div>\n\n\n\n<p class=\"has-normal-font-size\"><strong>Bew\u00e4sserung im Weinbau<\/strong><\/p>\n\n\n\n<p class=\"has-normal-font-size\">Berger A., 2025. <a href=\"https:\/\/www.kleinbauern.ch\/wasserersparnis-weinbau-salgesch\/\" target=\"_blank\" rel=\"noreferrer noopener\">Wasserersparnis im Weinbau: Salgesch schreitet voran<\/a>. Agricultura-Ausgabe 4\/2025<\/p>\n<\/div><\/div>\n\n\n\n<div class=\"wp-block-getwid-accordion__header-wrapper\"><span class=\"wp-block-getwid-accordion__header\"><a href=\"#\"><span class=\"wp-block-getwid-accordion__header-title\"><strong>smarte Drainage<\/strong><\/span><span class=\"wp-block-getwid-accordion__icon is-active\"><i class=\"fas fa-plus\"><\/i><\/span><span class=\"wp-block-getwid-accordion__icon is-passive\"><i class=\"fas fa-minus\"><\/i><\/span><\/a><\/span><\/div><div class=\"wp-block-getwid-accordion__content-wrapper\"><div class=\"wp-block-getwid-accordion__content\">\n<p class=\"has-normal-font-size\">Dank smarten Drainagen kann das Wasser in trockenen Perioden bei Bedarf im Boden r\u00fcckgestaut oder vorausschauend nicht vollst\u00e4ndig abgepumpt werden.<\/p>\n\n\n\n<p class=\"has-normal-font-size\"><strong>Studien zu smarte Drainage in Deutschland:<\/strong><\/p>\n\n\n\n<p class=\"has-normal-font-size\">NDR,  Juli 2025: <a href=\"https:\/\/www.ardmediathek.de\/video\/hallo-niedersachsen\/wassermanagement-smarte-drainagen-sollen-felder-retten\/ndr\/Y3JpZDovL25kci5kZS80NjU2NGRhNC1iMDdhLTRmMjgtYWM0NC0yNGMxMmYzM2U2MTI\" target=\"_blank\" rel=\"noreferrer noopener\">Wassermanagement: Smarte Drainagen sollen Felder retten<\/a>. Video verf\u00fcgbar bis 09.07.2027<\/p>\n\n\n\n<div style=\"height:21px\" aria-hidden=\"true\" class=\"wp-block-spacer\"><\/div>\n\n\n\n<div class=\"wp-block-buttons is-content-justification-left is-layout-flex wp-container-core-buttons-is-layout-fdcfc74e wp-block-buttons-is-layout-flex\">\n<div class=\"wp-block-button has-custom-width wp-block-button__width-100\"><a class=\"wp-block-button__link wp-element-button\" href=\"https:\/\/agripedia.ch\/forum-wasser-landwirtschaft\/wp-content\/uploads\/sites\/64\/2025\/10\/BERICH1.pdf\" target=\"_blank\" rel=\"noreferrer noopener\">Potentiale von smarten Drainagesteuerungen im \u00f6kologischen Landbau in Baden-W\u00fcrttemberg, Machbarkeitsstudie, 2025<\/a><\/div>\n<\/div>\n\n\n\n<div class=\"wp-block-buttons alignfull is-content-justification-left is-layout-flex wp-container-core-buttons-is-layout-fdcfc74e wp-block-buttons-is-layout-flex\">\n<div class=\"wp-block-button has-custom-width wp-block-button__width-100 is-style-fill\"><a class=\"wp-block-button__link wp-element-button\" href=\"https:\/\/agripedia.ch\/forum-wasser-landwirtschaft\/wp-content\/uploads\/sites\/64\/2025\/10\/67477b9b6d564cb0b1ec6fe7_Kurzstudie-Entwaesserung-Brandenburg.pdf\" target=\"_blank\" rel=\"noreferrer noopener\">Drainagen, Entw\u00e4sserung und Wasserr\u00fcckhalt in der<br>Brandenburger Landwirtschaft, 2024<\/a><\/div>\n<\/div>\n\n\n\n<p class=\"has-normal-font-size\"><strong>In der Schweiz:<\/strong><\/p>\n\n\n\n<p class=\"has-normal-font-size\">Einsatz von smarten Drainagen in der Nordwestschweiz, Projekt FHNW 2022-2027: <a href=\"https:\/\/so.ch\/fileadmin\/internet\/bjd\/bjd-afu\/01_Aktuell\/4_Vernehmlassungen\/22-12_REP_Oesch\/N6_Smarte_Drainagen_realisieren.pdf\" target=\"_blank\" rel=\"noreferrer noopener\">N6_Smarte_Drainagen_realisieren.pdf<\/a><\/p>\n<\/div><\/div>\n\n\n\n<div class=\"wp-block-getwid-accordion__header-wrapper\"><span class=\"wp-block-getwid-accordion__header\"><a href=\"#\"><span class=\"wp-block-getwid-accordion__header-title\"><strong>Digitale Steuerung<\/strong><\/span><span class=\"wp-block-getwid-accordion__icon is-active\"><i class=\"fas fa-plus\"><\/i><\/span><span class=\"wp-block-getwid-accordion__icon is-passive\"><i class=\"fas fa-minus\"><\/i><\/span><\/a><\/span><\/div><div class=\"wp-block-getwid-accordion__content-wrapper\"><div class=\"wp-block-getwid-accordion__content\">\n<p class=\"has-normal-font-size\">F\u00fcr eine pr\u00e4zise Bew\u00e4sserung k\u00f6nnen digitale Tools zur \u00dcberwachung und Steuerung via GPS eingesetzt werden. Mehr dazu unter: Bauernzeitung vom 7. Juli 2023, <a href=\"https:\/\/www.bauernzeitung.ch\/artikel\/pflanzen\/der-raindancer-ist-eine-revolution-fuer-die-feldbewaesserung-480838\" target=\"_blank\" rel=\"noreferrer noopener\">Der \u00abRaindancer\u00bb ist eine Revolution f\u00fcr die Feldbew\u00e4sserung &#8211; bauernzeitung.ch | BauernZeitung<\/a><\/p>\n\n\n\n<p class=\"has-normal-font-size\">Bericht von Flavio Foiada: Zusammenfassung <a href=\"https:\/\/agripedia.ch\/forum-wasser-landwirtschaft\/wp-content\/uploads\/sites\/64\/2026\/03\/DGL-Bewaesserungstagung-Zusammenfassung-17_18062025.pdf\" target=\"_blank\" rel=\"noreferrer noopener\">DLG-Bew\u00e4sserungstagung D\u00fcren<\/a> vom 17. bis 18.06.2025 mit Fokus auf die Region Nordrhein-Westfalen (NRW)<\/p>\n<\/div><\/div>\n<\/div>\n\n\n\n<div class=\"wp-block-getwid-accordion has-icon-left\" data-active-element=\"none\">\n<div class=\"wp-block-getwid-accordion__header-wrapper\"><span class=\"wp-block-getwid-accordion__header\"><a href=\"#\"><span class=\"wp-block-getwid-accordion__header-title\"><strong>Traditionelle Techniken<\/strong><\/span><span class=\"wp-block-getwid-accordion__icon is-active\"><i class=\"fas fa-plus\"><\/i><\/span><span class=\"wp-block-getwid-accordion__icon is-passive\"><i class=\"fas fa-minus\"><\/i><\/span><\/a><\/span><\/div><div class=\"wp-block-getwid-accordion__content-wrapper\"><div class=\"wp-block-getwid-accordion__content\">\n<p class=\"has-normal-font-size\">Traditionelle Bew\u00e4sserungssysteme sind nicht nur Teil des UNESCO-Kulturerbes, sondern k\u00f6nnten heute dabei helfen, das Wissen im Umgang mit lokalen Ressourcen zu nutzen und zu st\u00e4rken. <\/p>\n\n\n\n<p class=\"has-normal-font-size\"><strong>Suonen<\/strong><\/p>\n\n\n\n<p class=\"has-normal-font-size\">Ein Beispiel sind die <a href=\"https:\/\/zukunftsforumalpen.li\/wp-content\/uploads\/2025\/07\/Session-5-Presentation-Karina-Liechti-1.pdf\" target=\"_blank\" rel=\"noreferrer noopener\">Suonen und die Hangberieselung im Wallis<\/a> (englisch). Traditionelle Techniken sind heute gef\u00e4hrdet, jedoch wichtige Beispiele f\u00fcr die Zusammenarbeit kommunaler Akteurinnen und Akteure.<\/p>\n\n\n\n<p class=\"has-normal-font-size\">Weitere Artikel:<\/p>\n\n\n\n<p class=\"has-normal-font-size\">B\u00e4r R., Liechti K.,  2020. <a href=\"https:\/\/agripedia.ch\/forum-wasser-landwirtschaft\/wp-content\/uploads\/sites\/64\/2026\/02\/2020_LOW_Letter_Traditionelle_Bewaesser.pdf\" target=\"_blank\" rel=\"noreferrer noopener\">Traditionelle Bew\u00e4sserung \u2013 ein Kulturerbe mit Zukunft?<\/a> CDE Universit\u00e4t Bern<\/p>\n\n\n\n<p class=\"has-normal-font-size\">Sch\u00f6nmann A., 2026. <a href=\"https:\/\/www.kleinbauern.ch\/bewaesserung-suonen-wallis\/\" target=\"_blank\" rel=\"noreferrer noopener\">Bew\u00e4sserung mit Suonen im Wallis<\/a>. Agricultura-Ausgabe 4\/2025.<\/p>\n<\/div><\/div>\n<\/div>\n\n\n\n<div class=\"wp-block-getwid-accordion has-icon-left\" data-active-element=\"none\">\n<div class=\"wp-block-getwid-accordion__header-wrapper\"><span class=\"wp-block-getwid-accordion__header\"><a href=\"#\"><span class=\"wp-block-getwid-accordion__header-title\"><strong>Bew\u00e4sserungssysteme im Vergleich<\/strong><\/span><span class=\"wp-block-getwid-accordion__icon is-active\"><i class=\"fas fa-plus\"><\/i><\/span><span class=\"wp-block-getwid-accordion__icon is-passive\"><i class=\"fas fa-minus\"><\/i><\/span><\/a><\/span><\/div><div class=\"wp-block-getwid-accordion__content-wrapper\"><div class=\"wp-block-getwid-accordion__content\">\n<p class=\"has-normal-font-size\">F\u00fcr die Bew\u00e4sserung landwirtschaftlicher Kulturen stehen unterschiedliche Systeme zur Verf\u00fcgung. Diese bringen unterschiedliche Vor- und Nachteile mit sich, insbesondere im Hinblick auf die Kosten, den Arbeitszeitaufwand und die Wassereffizienz (<a href=\"https:\/\/www.ufarevue.ch\/pflanzenbau\/bewaesserungssysteme-im-vergleich\" target=\"_blank\" rel=\"noreferrer noopener\">UFA Revue<\/a>). <\/p>\n\n\n\n<p class=\"has-normal-font-size\">Verband Schweizer Gem\u00fcseproduzenten und Inforama. <a href=\"https:\/\/agripedia.ch\/forum-wasser-landwirtschaft\/wp-content\/uploads\/sites\/64\/2026\/02\/2025_merkblatt-bewaesserungssysteme-g.pdf\" target=\"_blank\" rel=\"noreferrer noopener\">Merkblatt Bew\u00e4sserungssysteme im Gem\u00fcsebau<\/a>.<\/p>\n<\/div><\/div>\n<\/div>\n\n\n\n<div style=\"height:21px\" aria-hidden=\"true\" class=\"wp-block-spacer\"><\/div>\n\n\n\n<div style=\"height:21px\" aria-hidden=\"true\" class=\"wp-block-spacer\"><\/div>\n\n\n\n<p class=\"has-normal-font-size\"><strong>Mitarbeit<\/strong><\/p>\n\n\n\n<p class=\"has-normal-font-size\">Wenn Sie das Thema Bew\u00e4sserungstechnik oder traditionelle Bew\u00e4sserungsmethoden zusammen mit Gleichgesinnten weiterentwickeln m\u00f6chten, machen Sie in der Arbeitsgruppe mit. Mehr dazu auf der <a href=\"https:\/\/agripedia.ch\/forum-wasser-landwirtschaft\/verein\/\" target=\"_blank\" rel=\"noreferrer noopener\">Vereinsseite <\/a>des Forums.<\/p>\n\n\n\n<hr class=\"wp-block-separator has-alpha-channel-opacity\"\/>\n\n\n\n<p class=\"has-normal-font-size\">Ihre Beitr\u00e4ge, Hinweise, Erg\u00e4nzungen, Anregungen und Kommentare nehmen wir gerne <a href=\"https:\/\/agripedia.ch\/forum-wasser-landwirtschaft\/kontakt\/\" data-type=\"page\" data-id=\"1023\">h<\/a><a href=\"https:\/\/agripedia.ch\/forum-wasser-landwirtschaft\/kontakt\/\" data-type=\"page\" data-id=\"1023\" target=\"_blank\" rel=\"noreferrer noopener\">i<\/a><a href=\"https:\/\/agripedia.ch\/forum-wasser-landwirtschaft\/kontakt\/\" data-type=\"page\" data-id=\"1023\">er <\/a>entgegen.<\/p>\n","protected":false},"excerpt":{"rendered":"<p>Zur Bew\u00e4sserung stehen verschiedene Techniken zur Verf\u00fcgung: Mitarbeit Wenn Sie das Thema Bew\u00e4sserungstechnik oder traditionelle Bew\u00e4sserungsmethoden zusammen mit Gleichgesinnten weiterentwickeln m\u00f6chten, machen Sie in der Arbeitsgruppe mit. Mehr dazu auf der Vereinsseite des Forums. Ihre Beitr\u00e4ge, Hinweise, Erg\u00e4nzungen, Anregungen und Kommentare nehmen wir gerne hier entgegen.<\/p>\n","protected":false},"author":234,"featured_media":61503,"parent":0,"menu_order":0,"comment_status":"closed","ping_status":"closed","template":"","meta":{"_sb_is_suggestion_mode":false,"_sb_show_suggestion_boards":false,"_sb_show_comment_boards":false,"_sb_suggestion_history":"","_sb_update_block_changes":"","om_disable_all_campaigns":false,"advgb_blocks_editor_width":"","advgb_blocks_columns_visual_guide":"","_monsterinsights_skip_tracking":false,"_monsterinsights_sitenote_active":false,"_monsterinsights_sitenote_note":"","_monsterinsights_sitenote_category":0,"footnotes":""},"class_list":["post-61417","page","type-page","status-publish","has-post-thumbnail","hentry"],"coauthors":[{"link":"https:\/\/agripedia.ch\/forum-wasser-landwirtschaft\/author\/dal0\/","display_name":"dal0"}],"author_meta":{"author_link":"https:\/\/agripedia.ch\/forum-wasser-landwirtschaft\/author\/dal0\/","display_name":"dal0"},"relative_dates":{"created":"Posted 6\u00a0Monaten ago","modified":"Updated 2\u00a0Wochen ago"},"absolute_dates":{"created":"Posted on Oktober 10, 2025","modified":"Updated on M\u00e4rz 26, 2026"},"absolute_dates_time":{"created":"Posted on Oktober 10, 2025 9:10","modified":"Updated on M\u00e4rz 26, 2026 11:01"},"featured_img_caption":"","featured_img":"https:\/\/agripedia.ch\/forum-wasser-landwirtschaft\/wp-content\/uploads\/sites\/64\/2025\/10\/Rollomat-schmal-1200x566.jpg","series_order":"","_links":{"self":[{"href":"https:\/\/agripedia.ch\/forum-wasser-landwirtschaft\/wp-json\/wp\/v2\/pages\/61417","targetHints":{"allow":["GET"]}}],"collection":[{"href":"https:\/\/agripedia.ch\/forum-wasser-landwirtschaft\/wp-json\/wp\/v2\/pages"}],"about":[{"href":"https:\/\/agripedia.ch\/forum-wasser-landwirtschaft\/wp-json\/wp\/v2\/types\/page"}],"author":[{"embeddable":true,"href":"https:\/\/agripedia.ch\/forum-wasser-landwirtschaft\/wp-json\/wp\/v2\/users\/234"}],"replies":[{"embeddable":true,"href":"https:\/\/agripedia.ch\/forum-wasser-landwirtschaft\/wp-json\/wp\/v2\/comments?post=61417"}],"version-history":[{"count":58,"href":"https:\/\/agripedia.ch\/forum-wasser-landwirtschaft\/wp-json\/wp\/v2\/pages\/61417\/revisions"}],"predecessor-version":[{"id":64083,"href":"https:\/\/agripedia.ch\/forum-wasser-landwirtschaft\/wp-json\/wp\/v2\/pages\/61417\/revisions\/64083"}],"wp:featuredmedia":[{"embeddable":true,"href":"https:\/\/agripedia.ch\/forum-wasser-landwirtschaft\/wp-json\/wp\/v2\/media\/61503"}],"wp:attachment":[{"href":"https:\/\/agripedia.ch\/forum-wasser-landwirtschaft\/wp-json\/wp\/v2\/media?parent=61417"}],"curies":[{"name":"wp","href":"https:\/\/api.w.org\/{rel}","templated":true}]}}