{"id":353,"date":"2020-02-28T09:32:27","date_gmt":"2020-02-28T09:32:27","guid":{"rendered":"https:\/\/agripedia.ch\/erosion\/?page_id=353"},"modified":"2020-05-28T14:37:20","modified_gmt":"2020-05-28T14:37:20","slug":"semis-dun-cordon-de-cereales-dautomne-en-bandes","status":"publish","type":"page","link":"https:\/\/agripedia.ch\/erosion\/semis-dun-cordon-de-cereales-dautomne-en-bandes\/","title":{"rendered":"Semis d\u2019un cordon de c\u00e9r\u00e9ales d\u2019automne en bandes"},"content":{"rendered":"<p><div class=\"fusion-fullwidth fullwidth-box fusion-builder-row-1 agri-erosion-container nonhundred-percent-fullwidth non-hundred-percent-height-scrolling\" style=\"--awb-border-radius-top-left:0px;--awb-border-radius-top-right:0px;--awb-border-radius-bottom-right:0px;--awb-border-radius-bottom-left:0px;--awb-flex-wrap:wrap;\" ><div class=\"fusion-builder-row fusion-row\"><div class=\"fusion-layout-column fusion_builder_column fusion-builder-column-0 fusion_builder_column_1_1 1_1 fusion-one-full fusion-column-first fusion-column-last agri-erosion-column\" style=\"--awb-bg-size:cover;\"><div class=\"fusion-column-wrapper fusion-flex-column-wrapper-legacy\"><div class=\"fusion-title title fusion-title-1 fusion-sep-none fusion-title-center fusion-title-text fusion-title-size-three agri-erosion-boxtitle\"><h3 class=\"fusion-title-heading title-heading-center fusion-responsive-typography-calculated\" style=\"margin:0;--fontSize:30;line-height:1.5;\">Description<\/h3><\/div><div class=\"fusion-text fusion-text-1 agri-erosion-boxtext\"><p>Cordons \u00e9troits de c\u00e9r\u00e9ales perpendiculaires \u00e0 la pente sem\u00e9s le plus souvent dans les grandes parcelles de ma\u00efs ou dans d\u2019autres sarcl\u00e9es. Briser l\u2019\u00e9nergie des eaux de ruissellement. Cette mesure peut se faire sur de grandes surfaces sem\u00e9es en ma\u00efs ou dans des cultures sarcl\u00e9es.<\/p>\n<p>Principe<\/p>\n<ul>\n<li>Bandes d\u2019une largeur de 5 \u00e0 10 m. Des bandes plus \u00e9troites sont peu efficaces m\u00eame si elles permettent d\u00e9j\u00e0 de freiner un \u00e9coulement.<\/li>\n<li>\u00c9tablir ce cordon juste apr\u00e8s le semis (notamment pour le ma\u00efs)<\/li>\n<li>Ensemencer les bandes en c\u00e9r\u00e9ales d\u2019automne ou de printemps<\/li>\n<li>Mesure efficace uniquement si elle est combin\u00e9e avec d\u2019autres mesures (travail du sol, semis suivant les courbes de niveau)<\/li>\n<\/ul>\n<\/div><div class=\"fusion-clearfix\"><\/div><\/div><\/div><\/div><\/div><div class=\"fusion-fullwidth fullwidth-box fusion-builder-row-2 agri-erosion-container nonhundred-percent-fullwidth non-hundred-percent-height-scrolling\" style=\"--awb-border-radius-top-left:0px;--awb-border-radius-top-right:0px;--awb-border-radius-bottom-right:0px;--awb-border-radius-bottom-left:0px;--awb-flex-wrap:wrap;\" ><div class=\"fusion-builder-row fusion-row\"><div class=\"fusion-layout-column fusion_builder_column fusion-builder-column-1 fusion_builder_column_1_2 1_2 fusion-one-half fusion-column-first agri-erosion-column\" style=\"--awb-bg-size:cover;width:50%;width:calc(50% - ( ( 4% ) * 0.5 ) );margin-right: 4%;\"><div class=\"fusion-column-wrapper fusion-flex-column-wrapper-legacy\"><div class=\"fusion-title title fusion-title-2 fusion-sep-none fusion-title-center fusion-title-text fusion-title-size-three agri-erosion-boxtitle\"><h3 class=\"fusion-title-heading title-heading-center fusion-responsive-typography-calculated\" style=\"margin:0;--fontSize:30;line-height:1.5;\">Avantages<\/h3><\/div>\n<div class=\"table-1 agri-erosion-table\">\n<table width=\"100%\">\n<tbody>\n<tr>\n<td align=\"left\">Mesure simple \u00e0 mettre en place<\/td>\n<\/tr>\n<tr>\n<td align=\"left\">Freine les \u00e9coulements<\/td>\n<\/tr>\n<tr>\n<td align=\"left\">Deux cultures sur une parcelle<\/td>\n<\/tr>\n<\/tbody>\n<\/table>\n<\/div>\n<div class=\"fusion-clearfix\"><\/div><\/div><\/div><div class=\"fusion-layout-column fusion_builder_column fusion-builder-column-2 fusion_builder_column_1_2 1_2 fusion-one-half fusion-column-last agri-erosion-column\" style=\"--awb-bg-size:cover;width:50%;width:calc(50% - ( ( 4% ) * 0.5 ) );\"><div class=\"fusion-column-wrapper fusion-flex-column-wrapper-legacy\"><div class=\"fusion-title title fusion-title-3 fusion-sep-none fusion-title-center fusion-title-text fusion-title-size-three agri-erosion-boxtitle\"><h3 class=\"fusion-title-heading title-heading-center fusion-responsive-typography-calculated\" style=\"margin:0;--fontSize:30;line-height:1.5;\">Risques<\/h3><\/div>\n<div class=\"table-1 agri-erosion-table\">\n<table width=\"100%\">\n<tbody>\n<tr>\n<td align=\"left\">2 r\u00e9coltes, risque de tassement<\/td>\n<\/tr>\n<tr>\n<td align=\"left\">Besoin de deux machines agricoles diff\u00e9rentes pour moissonner ou ramasser la culture principale<\/td>\n<\/tr>\n<tr>\n<td align=\"left\">Manque \u00e0 gagner possible par la r\u00e9duction de surface de la culture principale<\/td>\n<\/tr>\n<\/tbody>\n<\/table>\n<\/div>\n<div class=\"fusion-clearfix\"><\/div><\/div><\/div><\/div><\/div><div class=\"fusion-fullwidth fullwidth-box fusion-builder-row-3 agri-erosion-container nonhundred-percent-fullwidth non-hundred-percent-height-scrolling\" style=\"--awb-border-radius-top-left:0px;--awb-border-radius-top-right:0px;--awb-border-radius-bottom-right:0px;--awb-border-radius-bottom-left:0px;--awb-flex-wrap:wrap;\" ><div class=\"fusion-builder-row fusion-row\"><div class=\"fusion-layout-column fusion_builder_column fusion-builder-column-3 fusion_builder_column_1_2 1_2 fusion-one-half fusion-column-first agri-erosion-column\" style=\"--awb-bg-size:cover;width:50%;width:calc(50% - ( ( 4% ) * 0.5 ) );margin-right: 4%;\"><div class=\"fusion-column-wrapper fusion-flex-column-wrapper-legacy\"><div class=\"fusion-title title fusion-title-4 fusion-sep-none fusion-title-center fusion-title-text fusion-title-size-three agri-erosion-boxtitle\"><h3 class=\"fusion-title-heading title-heading-center fusion-responsive-typography-calculated\" style=\"margin:0;--fontSize:30;line-height:1.5;\">Contributions<\/h3><\/div><div class=\"fusion-text fusion-text-2 agri-erosion-boxtext\"><p>Pas de contributions<\/p>\n<p>(Si strip till 200CHF\/ha et culture principale\u00a0; (<a href=\"https:\/\/agripedia.ch\/erosion\/wp-content\/uploads\/sites\/10\/2020\/02\/Techniques-culturales-pr\u00e9servant-le-sol.pdf\" target=\"_blank\" rel=\"noopener noreferrer\">Techniques culturales pr\u00e9servant le sol<\/a> p\u00e9riode de 2014 \u00e0 2021)<\/p>\n<p>En cas de renoncement \u00e0 l\u2019emploi d\u2019herbicide \u00e0 partir de la r\u00e9colte du pr\u00e9c\u00e9dent cultural jusqu\u2019\u00e0 la r\u00e9colte de la culture principale ayant droit \u00e0 la contribution, un montant suppl\u00e9mentaire de CHF 200 CHF par hectare et culture principale sera vers\u00e9.<\/p>\n<p>Le renoncement aux herbicides ne doit pas \u00eatre forc\u00e9ment fait sur toutes les parcelles sur lesquelles des techniques de travail pr\u00e9servant le sol ont \u00e9t\u00e9 annonc\u00e9es.<\/p>\n<p>Dans le cas du semis sous liti\u00e8re et uniquement dans le cadre des contributions pour le non-recours aux herbicides, l\u2019utilisation de la charrue comme moyen de lutte contre les \u00ab mauvaises herbes \u00bb est tol\u00e9r\u00e9e, \u00e0 condition toutefois de respecter la profondeur de travail de 10 cm au maximum.)<\/p>\n<\/div><div class=\"fusion-clearfix\"><\/div><\/div><\/div><div class=\"fusion-layout-column fusion_builder_column fusion-builder-column-4 fusion_builder_column_1_2 1_2 fusion-one-half fusion-column-last agri-erosion-column\" style=\"--awb-bg-size:cover;width:50%;width:calc(50% - ( ( 4% ) * 0.5 ) );\"><div class=\"fusion-column-wrapper fusion-flex-column-wrapper-legacy\"><div class=\"fusion-title title fusion-title-5 fusion-sep-none fusion-title-center fusion-title-text fusion-title-size-three agri-erosion-boxtitle\"><h3 class=\"fusion-title-heading title-heading-center fusion-responsive-typography-calculated\" style=\"margin:0;--fontSize:30;line-height:1.5;\">Co\u00fbts<\/h3><\/div><div class=\"fusion-text fusion-text-3 agri-erosion-boxtext\"><p>Pas surco\u00fbts mais diminution de la superficie de la culture principale de l\u2019ordre de 5 \u00e0 15%<\/p>\n<p>Co\u00fbts moyens pour une efficacit\u00e9 moyenne<\/p>\n<p>Efficacit\u00e9 moyenne si d\u2019autres mesures accompagnatrices ne sont pas pr\u00e9sente<\/p>\n<\/div><div class=\"fusion-clearfix\"><\/div><\/div><\/div><\/div><\/div><div class=\"fusion-fullwidth fullwidth-box fusion-builder-row-4 agri-erosion-container nonhundred-percent-fullwidth non-hundred-percent-height-scrolling\" style=\"--awb-border-radius-top-left:0px;--awb-border-radius-top-right:0px;--awb-border-radius-bottom-right:0px;--awb-border-radius-bottom-left:0px;--awb-flex-wrap:wrap;\" ><div class=\"fusion-builder-row fusion-row\"><div class=\"fusion-layout-column fusion_builder_column fusion-builder-column-5 fusion_builder_column_1_2 1_2 fusion-one-half fusion-column-first agri-erosion-column\" style=\"--awb-bg-size:cover;width:50%;width:calc(50% - ( ( 4% ) * 0.5 ) );margin-right: 4%;\"><div class=\"fusion-column-wrapper fusion-flex-column-wrapper-legacy\"><div class=\"fusion-button-wrapper\"><a class=\"fusion-button button-flat fusion-button-default-size button-default fusion-button-default button-1 fusion-button-default-span fusion-button-default-type agri-erosion-button-page-back\" target=\"_self\" href=\"https:\/\/agripedia.ch\/erosion\/fr\/?page_id=409&amp;preview=true\"><span class=\"fusion-button-text awb-button__text awb-button__text--default\">Pr\u00e9c\u00e9dent<\/span><\/a><\/div><div class=\"fusion-clearfix\"><\/div><\/div><\/div><div class=\"fusion-layout-column fusion_builder_column fusion-builder-column-6 fusion_builder_column_1_2 1_2 fusion-one-half fusion-column-last agri-erosion-column\" style=\"--awb-bg-size:cover;width:50%;width:calc(50% - ( ( 4% ) * 0.5 ) );\"><div class=\"fusion-column-wrapper fusion-flex-column-wrapper-legacy\"><div class=\"fusion-button-wrapper\"><a class=\"fusion-button button-flat fusion-button-default-size button-default fusion-button-default button-2 fusion-button-default-span fusion-button-default-type agri-erosion-button-page-next\" target=\"_self\" href=\"https:\/\/agripedia.ch\/erosion\/fr\/?page_id=425&amp;preview=true\"><span class=\"fusion-button-text awb-button__text awb-button__text--default\">Suivant<\/span><\/a><\/div><div class=\"fusion-clearfix\"><\/div><\/div><\/div><\/div><\/div><\/p>\n","protected":false},"excerpt":{"rendered":"","protected":false},"author":44,"featured_media":0,"parent":0,"menu_order":0,"comment_status":"closed","ping_status":"closed","template":"","meta":{"_sb_is_suggestion_mode":false,"_sb_show_suggestion_boards":false,"_sb_show_comment_boards":false,"_sb_suggestion_history":"","_sb_update_block_changes":"","_monsterinsights_skip_tracking":false,"_monsterinsights_sitenote_active":false,"_monsterinsights_sitenote_note":"","_monsterinsights_sitenote_category":0,"footnotes":""},"class_list":["post-353","page","type-page","status-publish","hentry"],"_links":{"self":[{"href":"https:\/\/agripedia.ch\/erosion\/wp-json\/wp\/v2\/pages\/353","targetHints":{"allow":["GET"]}}],"collection":[{"href":"https:\/\/agripedia.ch\/erosion\/wp-json\/wp\/v2\/pages"}],"about":[{"href":"https:\/\/agripedia.ch\/erosion\/wp-json\/wp\/v2\/types\/page"}],"author":[{"embeddable":true,"href":"https:\/\/agripedia.ch\/erosion\/wp-json\/wp\/v2\/users\/44"}],"replies":[{"embeddable":true,"href":"https:\/\/agripedia.ch\/erosion\/wp-json\/wp\/v2\/comments?post=353"}],"version-history":[{"count":12,"href":"https:\/\/agripedia.ch\/erosion\/wp-json\/wp\/v2\/pages\/353\/revisions"}],"predecessor-version":[{"id":1300,"href":"https:\/\/agripedia.ch\/erosion\/wp-json\/wp\/v2\/pages\/353\/revisions\/1300"}],"wp:attachment":[{"href":"https:\/\/agripedia.ch\/erosion\/wp-json\/wp\/v2\/media?parent=353"}],"curies":[{"name":"wp","href":"https:\/\/api.w.org\/{rel}","templated":true}]}}