{"id":22,"date":"2023-06-06T06:07:06","date_gmt":"2023-06-06T04:07:06","guid":{"rendered":"https:\/\/agripedia.ch\/buchhaltungsabschluss\/?page_id=22"},"modified":"2023-11-24T08:27:44","modified_gmt":"2023-11-24T07:27:44","slug":"bilanz","status":"publish","type":"page","link":"https:\/\/agripedia.ch\/buchhaltungsabschluss\/grundlagen\/bilanz\/","title":{"rendered":"Bilanz"},"content":{"rendered":"\n<p>Die <strong><a href=\"https:\/\/agripedia.ch\/terminologie\/begriffe\/?term=Bilanz\" target=\"_blank\" rel=\"noopener\" title=\"Bilanz\">Bilanz<\/a><\/strong> beschreibt die finanzielle Situation eines Unternehmens zu einem bestimmten Zeitpunkt. Man kann diese mit einer Fotografie vergleichen, die zu einem bestimmten Zeitpunkt, \u00fcblicherweise am 31. Dezember, aufgenommen wird.<\/p>\n\n\n\n<p>Dieser Bereich des Jahresabschlusses stellt <a href=\"https:\/\/agripedia.ch\/terminologie\/begriffe\/?term=Aktiven\" target=\"_blank\" rel=\"noopener\" title=\"Aktiven \">Aktiven<\/a> und <a href=\"https:\/\/agripedia.ch\/terminologie\/begriffe\/?term=Passiven\" target=\"_blank\" rel=\"noopener\" title=\"Passiven\">Passiven<\/a> einander gegen\u00fcber. Eine Analyse der Aktivkonti zeigt, wie die Mittel verwendet wurden (Fl\u00fcssige Mittel, Vorr\u00e4te, Investitionen, usw.). Die Passivkonti liefern hingegen Informationen \u00fcber die Herkunft der verwendeten Mittel eines Landwirtschaftsbetriebes (Fremd- und Eigenkapital). Die Mindestgliederung der Bilanz wird im Schweizerischen Obligationenrecht festgelegt (Art. 959a).<\/p>\n\n\n\n<p>In Einzelunternehmen gilt zu beachten, dass private Transaktionen der Betriebsleiterfamilie mit dem Unternehmen in den Eigenkapitalkonten verbucht werden. <\/p>\n\n\n\n<h6 class=\"has-text-align-center wp-block-heading\">Grundstruktur Der Bilanz:<\/h6>\n\n\n\n<figure class=\"wp-block-image aligncenter size-large is-resized\"><img loading=\"lazy\" decoding=\"async\" src=\"https:\/\/agripedia.ch\/buchhaltungsabschluss\/wp-content\/uploads\/sites\/53\/2023\/08\/Bilanz-4-1024x953.png\" alt=\"\" class=\"wp-image-1548\" width=\"599\" height=\"558\" srcset=\"https:\/\/agripedia.ch\/buchhaltungsabschluss\/wp-content\/uploads\/sites\/53\/2023\/08\/Bilanz-4-1024x953.png 1024w, https:\/\/agripedia.ch\/buchhaltungsabschluss\/wp-content\/uploads\/sites\/53\/2023\/08\/Bilanz-4-300x279.png 300w, https:\/\/agripedia.ch\/buchhaltungsabschluss\/wp-content\/uploads\/sites\/53\/2023\/08\/Bilanz-4-768x715.png 768w, https:\/\/agripedia.ch\/buchhaltungsabschluss\/wp-content\/uploads\/sites\/53\/2023\/08\/Bilanz-4-1536x1429.png 1536w, https:\/\/agripedia.ch\/buchhaltungsabschluss\/wp-content\/uploads\/sites\/53\/2023\/08\/Bilanz-4-2048x1905.png 2048w, https:\/\/agripedia.ch\/buchhaltungsabschluss\/wp-content\/uploads\/sites\/53\/2023\/08\/Bilanz-4-1200x1116.png 1200w, https:\/\/agripedia.ch\/buchhaltungsabschluss\/wp-content\/uploads\/sites\/53\/2023\/08\/Bilanz-4-1980x1842.png 1980w\" sizes=\"auto, (max-width: 599px) 100vw, 599px\" \/><\/figure>\n\n\n\n<h2 class=\"wp-block-heading\">Welche Fragen zur Bilanz eines Landwirtschaftsbetriebes interessieren Sie?<\/h2>\n\n\n<ul class=\"wp-block-latest-posts__list wp-block-latest-posts\"><li><a class=\"wp-block-latest-posts__post-title\" href=\"https:\/\/agripedia.ch\/buchhaltungsabschluss\/sind-genuegend-fluessige-mittel-vorhanden-um-offene-rechnungen-fristgerecht-zu-bezahlen\/\">Sind gen\u00fcgend fl\u00fcssige Mittel vorhanden, um offene Rechnungen fristgerecht zu bezahlen?<\/a><\/li>\n<li><a class=\"wp-block-latest-posts__post-title\" href=\"https:\/\/agripedia.ch\/buchhaltungsabschluss\/wie-hoch-liegt-die-derzeitige-verschuldung-des-betriebes\/\">Wie hoch liegt die derzeitige Verschuldung des Betriebes?<\/a><\/li>\n<li><a class=\"wp-block-latest-posts__post-title\" href=\"https:\/\/agripedia.ch\/buchhaltungsabschluss\/wie-hoch-liegt-der-privatverbrauch-der-betriebsleiterfamilie\/\">Wie hoch liegt der Privatverbrauch der Betriebsleiterfamilie?<\/a><\/li>\n<li><a class=\"wp-block-latest-posts__post-title\" href=\"https:\/\/agripedia.ch\/buchhaltungsabschluss\/welchen-anteil-weist-das-anlagevermoegen-am-gesamtvermoegen-des-betriebes-auf\/\">Welchen Anteil weist das Anlageverm\u00f6gen am Gesamtverm\u00f6gen des Betriebes auf?<\/a><\/li>\n<\/ul>\n\n\n<div class=\"wp-block-columns is-layout-flex wp-container-core-columns-is-layout-9d6595d7 wp-block-columns-is-layout-flex\">\n<div class=\"wp-block-column is-vertically-aligned-center is-layout-flow wp-block-column-is-layout-flow\">\n<p class=\"has-larger-font-size\"><strong>Ein Projekt von:<\/strong><\/p>\n<\/div>\n\n\n\n<div class=\"wp-block-column is-layout-flow wp-block-column-is-layout-flow\">\n<div class=\"wp-block-image\"><figure class=\"wp-block-image alignleft size-large is-resized\"><a href=\"https:\/\/www.agridea.ch\" target=\"_blank\" rel=\"noopener\"><img loading=\"lazy\" decoding=\"async\" src=\"https:\/\/agripedia.ch\/alpwirtschaft\/wp-content\/uploads\/sites\/46\/2022\/10\/AGRIDEA_4_LANGUES_RGB-1024x210.png\" alt=\"Logo AGRIDEA\" class=\"wp-image-909\" width=\"341\" height=\"100\"><\/a><\/figure><\/div>\n<\/div>\n\n\n\n<div class=\"wp-block-column is-layout-flow wp-block-column-is-layout-flow\">\n<div class=\"wp-block-image\"><figure class=\"wp-block-image alignleft size-large is-resized\"><a href=\"https:\/\/www.bfh.ch\/hafl\/de\/\" target=\"_blank\" rel=\"noopener\"><img loading=\"lazy\" decoding=\"async\" src=\"https:\/\/agripedia.ch\/buchhaltungsabschluss\/wp-content\/uploads\/sites\/53\/2023\/11\/bfh-hafl-logo-neu.png\" alt=\"Logo AGRIDEA\" class=\"wp-image-909\" width=\"341\" height=\"80\"><\/a><\/figure><\/div>\n<\/div>\n<\/div>\n","protected":false},"excerpt":{"rendered":"<p>Die Bilanz beschreibt die finanzielle Situation eines Unternehmens zu einem bestimmten Zeitpunkt. Man kann diese mit einer Fotografie vergleichen, die zu einem bestimmten Zeitpunkt, \u00fcblicherweise am 31. Dezember, aufgenommen wird. Dieser Bereich des Jahresabschlusses stellt Aktiven und Passiven einander gegen\u00fcber. Eine Analyse der Aktivkonti zeigt, wie die Mittel verwendet wurden (Fl\u00fcssige Mittel, Vorr\u00e4te, Investitionen, usw.). [&hellip;]<\/p>\n","protected":false},"author":26,"featured_media":0,"parent":14,"menu_order":10,"comment_status":"closed","ping_status":"closed","template":"","meta":{"_sb_is_suggestion_mode":false,"_sb_show_suggestion_boards":false,"_sb_show_comment_boards":false,"_sb_suggestion_history":"","_sb_update_block_changes":"","_monsterinsights_skip_tracking":false,"_monsterinsights_sitenote_active":false,"_monsterinsights_sitenote_note":"","_monsterinsights_sitenote_category":0,"footnotes":""},"class_list":["post-22","page","type-page","status-publish","hentry"],"_links":{"self":[{"href":"https:\/\/agripedia.ch\/buchhaltungsabschluss\/wp-json\/wp\/v2\/pages\/22","targetHints":{"allow":["GET"]}}],"collection":[{"href":"https:\/\/agripedia.ch\/buchhaltungsabschluss\/wp-json\/wp\/v2\/pages"}],"about":[{"href":"https:\/\/agripedia.ch\/buchhaltungsabschluss\/wp-json\/wp\/v2\/types\/page"}],"author":[{"embeddable":true,"href":"https:\/\/agripedia.ch\/buchhaltungsabschluss\/wp-json\/wp\/v2\/users\/26"}],"replies":[{"embeddable":true,"href":"https:\/\/agripedia.ch\/buchhaltungsabschluss\/wp-json\/wp\/v2\/comments?post=22"}],"version-history":[{"count":22,"href":"https:\/\/agripedia.ch\/buchhaltungsabschluss\/wp-json\/wp\/v2\/pages\/22\/revisions"}],"predecessor-version":[{"id":3042,"href":"https:\/\/agripedia.ch\/buchhaltungsabschluss\/wp-json\/wp\/v2\/pages\/22\/revisions\/3042"}],"up":[{"embeddable":true,"href":"https:\/\/agripedia.ch\/buchhaltungsabschluss\/wp-json\/wp\/v2\/pages\/14"}],"wp:attachment":[{"href":"https:\/\/agripedia.ch\/buchhaltungsabschluss\/wp-json\/wp\/v2\/media?parent=22"}],"curies":[{"name":"wp","href":"https:\/\/api.w.org\/{rel}","templated":true}]}}