{"id":1093,"date":"2019-06-05T16:37:52","date_gmt":"2019-06-05T14:37:52","guid":{"rendered":"https:\/\/agripedia.ch\/betriebsuebergabe\/?page_id=1093"},"modified":"2019-10-03T09:31:36","modified_gmt":"2019-10-03T07:31:36","slug":"kaufpreis-gratis","status":"publish","type":"page","link":"https:\/\/agripedia.ch\/betriebsuebergabe\/kaufpreis-gratis\/","title":{"rendered":"Kaufpreis gratis"},"content":{"rendered":"<p><div class=\"fusion-fullwidth fullwidth-box fusion-builder-row-1 fusion-flex-container nonhundred-percent-fullwidth non-hundred-percent-height-scrolling\" style=\"--awb-border-radius-top-left:0px;--awb-border-radius-top-right:0px;--awb-border-radius-bottom-right:0px;--awb-border-radius-bottom-left:0px;--awb-flex-wrap:wrap;\" ><div class=\"fusion-builder-row fusion-row fusion-flex-align-items-flex-start fusion-flex-content-wrap\" style=\"max-width:calc( 1100px + 0px );margin-left: calc(-0px \/ 2 );margin-right: calc(-0px \/ 2 );\"><div class=\"fusion-layout-column fusion_builder_column fusion-builder-column-0 fusion_builder_column_1_1 1_1 fusion-flex-column\" style=\"--awb-bg-size:cover;--awb-width-large:100%;--awb-margin-top-large:0px;--awb-spacing-right-large:0px;--awb-margin-bottom-large:20px;--awb-spacing-left-large:0px;--awb-width-medium:100%;--awb-spacing-right-medium:0px;--awb-spacing-left-medium:0px;--awb-width-small:100%;--awb-spacing-right-small:0px;--awb-spacing-left-small:0px;\"><div class=\"fusion-column-wrapper fusion-flex-justify-content-flex-start fusion-content-layout-column\"><div class=\"fusion-text fusion-text-1\"><p>Das B\u00e4uerliche Bodenrecht BGBB setzt f\u00fcr die Bestimmung des Anrechnungswerts landwirtschaftlicher Gewerbe und Grundst\u00fccke rechtliche Grunds\u00e4tze und verbindliche Richtlinien fest. Um den Kaufpreis f\u00fcr die \u00dcbergabe in der Familie bestimmen zu k\u00f6nnen, m\u00fcssen folglich die verschiedenen Bestandteile einer landwirtschaftliche Liegenschaft regelkonform bewertet werden.<\/p>\n<h3>Das landwirtschaftliche Gewerbe<\/h3>\n<p>Der selbstbewirtschaftende Erbe hat den gesetzlichen Anspruch, das landwirtschaftliche Gewerbe zum Ertragswert zu \u00fcbernehmen. Der landwirtschaftliche Ertragswert wird nach der eidgen\u00f6ssischen Sch\u00e4tzungsanleitung ermittelt. Deshalb sollte bei Hof\u00fcbergaben immer ein aktueller Ertragswert gem\u00e4ss g\u00fcltiger Sch\u00e4tzungsanleitung bestimmt werden.<\/p>\n<p>Der Ertragswert kann allenfalls erh\u00f6ht werden, wenn ein \u00dcberschuss an Erbschaftspassiven vorliegt oder besondere Umst\u00e4nde dies rechtfertigen (h\u00f6herer Ankaufswert des Gewerbes, erhebliche Investitionen in den letzten zehn Jahren). Verzichtet der Vorg\u00e4nger auf die Erh\u00f6hung des Anrechnungswertes, k\u00f6nnen die anderen Erben nach seinem Ableben eine Korrektur verlangen, falls die Pflichtteile verletzt worden sind.<\/p>\n<h3>Landwirtschaftliche Grundst\u00fccke<\/h3>\n<p>Bei Einzelgrundst\u00fccken, die nicht zu einem Gewerbe geh\u00f6ren, kann ein Erbe die Zuweisung zum doppelten Ertragswert verlangen, sofern er bereits Eigent\u00fcmer eines landwirtschaftlichen Gewerbes ist, das sich im orts\u00fcblichen Bewirtschaftungsbereich befindet. Unter landwirtschaftlichen Grundst\u00fccken versteht man auch \u00fcberbaute Grundst\u00fccke mit Wohn- und \u00d6konomiegeb\u00e4uden, deren Gesamt-SAK-Faktor unter 1.0 SAK liegt. Wohnh\u00e4user auf landw. Grundst\u00fccken m\u00fcssen dabei zum Verkehrswert angerechnet werden.<\/p>\n<h3>Das Inventar<\/h3>\n<p>Das landwirtschaftliche Inventar ist dem selbstbewirtschaftenden \u00dcbernehmer zum Nutzwert zu \u00fcbergeben, der in seinem Wesen dem Ertragswert entspricht. Zwischen der Bewertung des Inventars in der Buchhaltung und gem\u00e4ss Bodenrecht bestehen erhebliche Unterschiede. F\u00fcr die Betriebs\u00fcbergabe hat die Bewertung nach Bodenrecht zu erfolgen, die Buchhaltungswerte sollten nicht einfach \u00fcbernommen werden.<\/p>\n<h3>Nichtlandwirtschaftliche Objekte<\/h3>\n<p>Nichtlandwirtschaftliche Objekte (wie z.B. Handyantennen, vermietete Dachfl\u00e4chen f\u00fcr Solaranlagen oder Geb\u00e4ude, die nichtlandwirtschaftlichen T\u00e4tigkeiten dienen), die zu einem landwirtschaftlichen Gewerbe geh\u00f6ren, sind nicht im landwirtschaftlichen Ertragswert enthalten. Sie sind nach dem zuk\u00fcnftig zu erwartenden Netto-Geldertrag (Barwert) zu sch\u00e4tzen, der sich je nach Objekt unterschiedlich errechnet.<\/p>\n<h3>Bauland<\/h3>\n<p>Grundst\u00fccke und Grundst\u00fccksteile mit landwirtschaftlichen Bauten und Anlagen einschliesslich angemessenem Umschwung, die in einer Bauzone liegen und zu einem landwirtschaftlichen Gewerbe geh\u00f6ren, k\u00f6nnen zum Ertragswert \u00fcbernommen werden. Es d\u00fcrfen nur Fl\u00e4chen angerechnet werden, welche zwingend notwendig sind wie Laufh\u00f6fe zu Anbindest\u00e4llen, nicht aber Weideland. Spezialzonen f\u00fcr die Tierhaltung oder Gew\u00e4chshausanlagen sind ebenfalls dem BGBB unterstellt und gelten nicht als eigentliche Bauzonen.<\/p>\n<h3>Nebengewerbe und Nebenbetriebe<\/h3>\n<p>Bei Bewertung landwirtschaftlicher Gewerbe mit Nebengewerben resp. Nebenbetrieben muss genau abgekl\u00e4rt werden, um welche Nebenaktivit\u00e4t es sich handelt, denn ihre Bewertung ist fundamental verschieden:<\/p>\n<p>Nebengewerbe (Restaurants, Getreidem\u00fchlen, S\u00e4gereien etc.), die schon vor dem 1. September 2000 auf einem landwirtschaftlichen Gewerbe ausgef\u00fchrt wurden und von diesem nicht abgetrennt werden k\u00f6nnen, sind zum Verkehrswert zu bewerten.<\/p>\n<p>Nebenbetriebe sind erst seit September 2000 m\u00f6glich: Es handelt sich dabei um nichtlandwirtschaftliche T\u00e4tigkeiten, die nach Raumplanungsrecht Bestandteile des landwirtschaftlichen Gewerbes bilden und von diesem nicht abgetrennt werden d\u00fcrfen. Sie sind zum nichtlandwirtschaftlichen Ertragswert zu bewerten.<\/p>\n<p><strong>Weitere Details zur Bewertung werden im Kapitel <a href=\"https:\/\/agripedia.ch\/betriebsuebergabe\/der-kaufpreis\/\">Der Kaufpreis<\/a> erkl\u00e4rt.<\/strong><\/p>\n<\/div><\/div><\/div><\/div><\/div><div class=\"fusion-fullwidth fullwidth-box fusion-builder-row-2 fusion-flex-container nonhundred-percent-fullwidth non-hundred-percent-height-scrolling\" style=\"--awb-border-radius-top-left:0px;--awb-border-radius-top-right:0px;--awb-border-radius-bottom-right:0px;--awb-border-radius-bottom-left:0px;--awb-flex-wrap:wrap;\" ><div class=\"fusion-builder-row fusion-row fusion-flex-align-items-flex-start fusion-flex-content-wrap\" style=\"max-width:1144px;margin-left: calc(-4% \/ 2 );margin-right: calc(-4% \/ 2 );\"><div class=\"fusion-layout-column fusion_builder_column fusion-builder-column-1 fusion_builder_column_1_3 1_3 fusion-flex-column\" style=\"--awb-bg-size:cover;--awb-width-large:33.333333333333%;--awb-margin-top-large:0px;--awb-spacing-right-large:5.76%;--awb-margin-bottom-large:20px;--awb-spacing-left-large:5.76%;--awb-width-medium:33.333333333333%;--awb-spacing-right-medium:5.76%;--awb-spacing-left-medium:5.76%;--awb-width-small:100%;--awb-spacing-right-small:1.92%;--awb-spacing-left-small:1.92%;\"><div class=\"fusion-column-wrapper fusion-flex-justify-content-flex-start fusion-content-layout-column\"><div style=\"text-align:left;\"><a class=\"fusion-button button-flat button-large button-custom fusion-button-default button-1 fusion-button-span-yes fusion-button-default-type\" style=\"--button_accent_color:#ffffff;--button_accent_hover_color:#ffffff;--button_border_hover_color:#ffffff;--button-border-radius-top-left:2px;--button-border-radius-top-right:2px;--button-border-radius-bottom-right:2px;--button-border-radius-bottom-left:2px;--button_gradient_top_color:#0278a1;--button_gradient_bottom_color:#0278a1;--button_gradient_top_color_hover:#0278a1;--button_gradient_bottom_color_hover:#0278a1;--button_text_transform:none;\" target=\"_self\" href=\"https:\/\/agripedia.ch\/betriebsuebergabe\/form-der-uebergabe-gratis\/\"><span class=\"fusion-button-icon-divider button-icon-divider-left\"><i class=\"fa-arrow-left fas awb-button__icon awb-button__icon--default\" aria-hidden=\"true\"><\/i><\/span><span class=\"fusion-button-text awb-button__text awb-button__text--default fusion-button-text-left\">FORM DER \u00dcBERGABE<\/span><\/a><\/div><\/div><\/div><div class=\"fusion-layout-column fusion_builder_column fusion-builder-column-2 fusion_builder_column_1_3 1_3 fusion-flex-column\" style=\"--awb-bg-size:cover;--awb-width-large:33.333333333333%;--awb-margin-top-large:0px;--awb-spacing-right-large:5.76%;--awb-margin-bottom-large:20px;--awb-spacing-left-large:5.76%;--awb-width-medium:33.333333333333%;--awb-spacing-right-medium:5.76%;--awb-spacing-left-medium:5.76%;--awb-width-small:100%;--awb-spacing-right-small:1.92%;--awb-spacing-left-small:1.92%;\"><div class=\"fusion-column-wrapper fusion-flex-justify-content-flex-start fusion-content-layout-column\"><div style=\"text-align:center;\"><a class=\"fusion-button button-flat button-large button-custom fusion-button-default button-2 fusion-button-span-yes fusion-button-default-type\" style=\"--button_accent_color:#ffffff;--button_accent_hover_color:#ffffff;--button_border_hover_color:#ffffff;--button-border-radius-top-left:2px;--button-border-radius-top-right:2px;--button-border-radius-bottom-right:2px;--button-border-radius-bottom-left:2px;--button_gradient_top_color:#e80707;--button_gradient_bottom_color:#e80707;--button_gradient_top_color_hover:#e80707;--button_gradient_bottom_color_hover:#e80707;--button_text_transform:none;\" target=\"_self\" href=\"https:\/\/agripedia.ch\/betriebsuebergabe\/inhaltsverzeichnis\/\"><span class=\"fusion-button-icon-divider button-icon-divider-left\"><i class=\"fa-list fas awb-button__icon awb-button__icon--default\" aria-hidden=\"true\"><\/i><\/span><span class=\"fusion-button-text awb-button__text awb-button__text--default fusion-button-text-left\">INHALTSVERZEICHNIS<\/span><\/a><\/div><\/div><\/div><div class=\"fusion-layout-column fusion_builder_column fusion-builder-column-3 fusion_builder_column_1_3 1_3 fusion-flex-column\" style=\"--awb-bg-size:cover;--awb-width-large:33.333333333333%;--awb-margin-top-large:0px;--awb-spacing-right-large:5.76%;--awb-margin-bottom-large:20px;--awb-spacing-left-large:5.76%;--awb-width-medium:33.333333333333%;--awb-spacing-right-medium:5.76%;--awb-spacing-left-medium:5.76%;--awb-width-small:100%;--awb-spacing-right-small:1.92%;--awb-spacing-left-small:1.92%;\"><div class=\"fusion-column-wrapper fusion-flex-justify-content-flex-start fusion-content-layout-column\"><div style=\"text-align:right;\"><a class=\"fusion-button button-flat button-large button-custom fusion-button-default button-3 fusion-button-span-yes fusion-button-default-type\" style=\"--button_accent_color:#ffffff;--button_accent_hover_color:#ffffff;--button_border_hover_color:#ffffff;--button-border-radius-top-left:2px;--button-border-radius-top-right:2px;--button-border-radius-bottom-right:2px;--button-border-radius-bottom-left:2px;--button_gradient_top_color:#a0bd61;--button_gradient_bottom_color:#a0bd61;--button_gradient_top_color_hover:#a0bd61;--button_gradient_bottom_color_hover:#a0bd61;--button_text_transform:none;\" target=\"_self\" href=\"https:\/\/agripedia.ch\/betriebsuebergabe\/situation-des-kaeufers-gratis\/\"><span class=\"fusion-button-text awb-button__text awb-button__text--default fusion-button-text-right\">SITUATION DES K\u00c4UFERS<\/span><span class=\"fusion-button-icon-divider button-icon-divider-right\"><i class=\"fa-arrow-right fas awb-button__icon awb-button__icon--default\" aria-hidden=\"true\"><\/i><\/span><\/a><\/div><\/div><\/div><\/div><\/div><\/p>\n","protected":false},"excerpt":{"rendered":"","protected":false},"author":31,"featured_media":0,"parent":0,"menu_order":0,"comment_status":"closed","ping_status":"closed","template":"","meta":{"_sb_is_suggestion_mode":false,"_sb_show_suggestion_boards":false,"_sb_show_comment_boards":false,"_sb_suggestion_history":"","_sb_update_block_changes":"","_monsterinsights_skip_tracking":false,"_monsterinsights_sitenote_active":false,"_monsterinsights_sitenote_note":"","_monsterinsights_sitenote_category":0,"footnotes":""},"class_list":["post-1093","page","type-page","status-publish","hentry"],"_links":{"self":[{"href":"https:\/\/agripedia.ch\/betriebsuebergabe\/wp-json\/wp\/v2\/pages\/1093","targetHints":{"allow":["GET"]}}],"collection":[{"href":"https:\/\/agripedia.ch\/betriebsuebergabe\/wp-json\/wp\/v2\/pages"}],"about":[{"href":"https:\/\/agripedia.ch\/betriebsuebergabe\/wp-json\/wp\/v2\/types\/page"}],"author":[{"embeddable":true,"href":"https:\/\/agripedia.ch\/betriebsuebergabe\/wp-json\/wp\/v2\/users\/31"}],"replies":[{"embeddable":true,"href":"https:\/\/agripedia.ch\/betriebsuebergabe\/wp-json\/wp\/v2\/comments?post=1093"}],"version-history":[{"count":12,"href":"https:\/\/agripedia.ch\/betriebsuebergabe\/wp-json\/wp\/v2\/pages\/1093\/revisions"}],"predecessor-version":[{"id":2110,"href":"https:\/\/agripedia.ch\/betriebsuebergabe\/wp-json\/wp\/v2\/pages\/1093\/revisions\/2110"}],"wp:attachment":[{"href":"https:\/\/agripedia.ch\/betriebsuebergabe\/wp-json\/wp\/v2\/media?parent=1093"}],"curies":[{"name":"wp","href":"https:\/\/api.w.org\/{rel}","templated":true}]}}